{"id":766,"date":"2016-01-28T09:59:52","date_gmt":"2016-01-28T12:59:52","guid":{"rendered":"https:\/\/www.pipacomunica.com.br\/livrariadapipa\/?post_type=product&#038;p=766"},"modified":"2024-11-10T11:48:25","modified_gmt":"2024-11-10T14:48:25","slug":"2o-caderno-pedagogico-pibid-unifra","status":"publish","type":"product","link":"https:\/\/www.pipacomunica.com.br\/livrariadapipa\/produto\/2o-caderno-pedagogico-pibid-unifra\/","title":{"rendered":"2\u00ba Caderno Pedag\u00f3gico PIBID: Centro Universit\u00e1rio Franciscano"},"content":{"rendered":"<p><strong>2\u00ba Caderno Pedag\u00f3gico PIBID: Centro Universit\u00e1rio Franciscano <\/strong><br \/>\nOrganiza\u00e7\u00e3o Gabriela Quatrin Marzari; Najara Ferrari Pinheiro; Marcos Alexandre Alves<\/p>\n<p>ISBN 978-85-66530-47-6<br \/>\n1\u00aa ed. Pipa Comunica\u00e7\u00e3o, 2015.<br \/>\n140p. : Il., Fig., Quadros.<br \/>\n1. Educa\u00e7\u00e3o. 2. PIBID. 3. Licenciaturas. 4. Cadernos Pedag\u00f3gicos.<\/p>\n<h5>Caderno Pedag\u00f3gico PIBID<\/h5>\n<p>Filosofia, Geografia, Hist\u00f3ria, Letras\/Ingl\u00eas, Letras\/Portugu\u00eas, Pedagogia e Matem\u00e1tica s\u00e3o as \u00e1reas de atua\u00e7\u00e3o do <a href=\"http:\/\/pibid.unifra.br\/\">Programa Institucional de Bolsa de Inicia\u00e7\u00e3o \u00e0 Doc\u00eancia (PIBID) do Centro Universit\u00e1rio Franciscano (Unifra)<\/a>. O programa da institui\u00e7\u00e3o prev\u00ea entre suas a\u00e7\u00f5es a elabora\u00e7\u00e3o de atividades pedag\u00f3gicas diferenciadas, produzidas pelos bolsistas de inicia\u00e7\u00e3o \u00e0 doc\u00eancia e seus supervisores nas escolas parceiras. Essas atividades s\u00e3o orientadas pelos professores coordenadores dos subprojetos vinculados a cada uma das \u00e1reas de atua\u00e7\u00e3o da iniciativa. S\u00e3o essas atividades que est\u00e3o apresentadas no formato do Caderno Pedag\u00f3gico dispon\u00edvel para acesso gratuito.<\/p>\n<p>Capa e Projeto Gr\u00e1fico: <a href=\"https:\/\/karlavidal.com.br\/\" target=\"_blank\" rel=\"noopener\">Karla Vidal<\/a><br \/>\nDiagrama\u00e7\u00e3o: Augusto Noronha e Karla Vidal<br \/>\nRevis\u00e3o: os organizadores<\/p>\n","protected":false},"excerpt":{"rendered":"<p><strong>2\u00ba Caderno Pedag\u00f3gico PIBID: Centro Universit\u00e1rio Franciscano <\/strong><br \/>\nOrganiza\u00e7\u00e3o Gabriela Quatrin Marzari; Najara Ferrari Pinheiro; Marcos Alexandre Alves<\/p>\n<p>ISBN 978-85-66530-47-6<br \/>\n1\u00aa ed. Pipa Comunica\u00e7\u00e3o, 2015.<br \/>\n140p. : Il., Fig., Quadros.<br \/>\n1. Educa\u00e7\u00e3o. 2. PIBID. 3. Licenciaturas. 4. Cadernos Pedag\u00f3gicos.<\/p>\n<p>Filosofia, Geografia, Hist\u00f3ria, Letras\/Ingl\u00eas, Letras\/Portugu\u00eas, Pedagogia e Matem\u00e1tica s\u00e3o as \u00e1reas de atua\u00e7\u00e3o do <a href=\"http:\/\/pibid.unifra.br\/\">Programa Institucional de Bolsa de Inicia\u00e7\u00e3o \u00e0 Doc\u00eancia (PIBID) do Centro Universit\u00e1rio Franciscano (Unifra)<\/a>. O programa da institui\u00e7\u00e3o prev\u00ea entre suas a\u00e7\u00f5es a elabora\u00e7\u00e3o de atividades pedag\u00f3gicas diferenciadas, produzidas pelos bolsistas de inicia\u00e7\u00e3o \u00e0 doc\u00eancia e seus supervisores nas escolas parceiras. Essas atividades s\u00e3o orientadas pelos professores coordenadores dos subprojetos vinculados a cada uma das \u00e1reas de atua\u00e7\u00e3o da iniciativa. S\u00e3o essas atividades que est\u00e3o apresentadas no formato do Caderno Pedag\u00f3gico dispon\u00edvel para acesso gratuito.<\/p>\n<ul>\n<li>Download:<b> <a href=\"https:\/\/goo.gl\/mBp9Oh\">https:\/\/goo.gl\/mBp9Oh<\/a> <\/b>ou via <a href=\"https:\/\/www.dropbox.com\/s\/akvbx44hq5irbnv\/caderno-pedagogico-pibid-unifra.pdf?dl=0\">Dropbox<\/a><\/li>\n<li>Leitura online: <a href=\"http:\/\/issuu.com\/pipacomunica\/docs\/caderno-pedagogico-pibid-unifra\"><b>caderno-pedagogico-pibid-unifra<\/b><\/a><\/li>\n<\/ul>\n","protected":false},"featured_media":769,"comment_status":"open","ping_status":"closed","template":"","meta":{"jetpack_post_was_ever_published":false,"jetpack_publicize_message":"","jetpack_publicize_feature_enabled":true,"jetpack_social_post_already_shared":false,"jetpack_social_options":{"image_generator_settings":{"template":"highway","default_image_id":0,"font":"","enabled":false},"version":2}},"product_brand":[],"product_cat":[34,19,17],"product_tag":[],"class_list":{"0":"post-766","1":"product","2":"type-product","3":"status-publish","4":"has-post-thumbnail","6":"product_cat-sem-categoria","7":"product_cat-livros-digitais","8":"product_cat-gratuitos","10":"first","11":"instock","12":"shipping-taxable","13":"product-type-external"},"yoast_head":"<!-- This site is optimized with the Yoast SEO plugin v27.1.1 - https:\/\/yoast.com\/product\/yoast-seo-wordpress\/ -->\n<title>2\u00ba Caderno Pedag\u00f3gico PIBID UNIFRA<\/title>\n<meta name=\"description\" content=\"2\u00ba Caderno Pedag\u00f3gico PIBID UNIFRA. Organiza\u00e7\u00e3o: Gabriela Quatrin Marzari; Najara Ferrari Pinheiro; Marcos Alexandre Alves.ISBN 978-85-66530-47-6.\" \/>\n<meta name=\"robots\" content=\"index, follow, max-snippet:-1, max-image-preview:large, max-video-preview:-1\" \/>\n<link rel=\"canonical\" href=\"https:\/\/www.pipacomunica.com.br\/livrariadapipa\/produto\/2o-caderno-pedagogico-pibid-unifra\/\" \/>\n<meta property=\"og:locale\" content=\"pt_BR\" \/>\n<meta property=\"og:type\" content=\"article\" \/>\n<meta property=\"og:title\" content=\"2\u00ba Caderno Pedag\u00f3gico PIBID UNIFRA\" \/>\n<meta property=\"og:description\" content=\"2\u00ba Caderno Pedag\u00f3gico PIBID UNIFRA. Organiza\u00e7\u00e3o: Gabriela Quatrin Marzari; Najara Ferrari Pinheiro; Marcos Alexandre Alves.ISBN 978-85-66530-47-6.\" \/>\n<meta property=\"og:url\" content=\"https:\/\/www.pipacomunica.com.br\/livrariadapipa\/produto\/2o-caderno-pedagogico-pibid-unifra\/\" \/>\n<meta property=\"og:site_name\" content=\"Livraria da Pipa Comunica\u00e7\u00e3o\" \/>\n<meta property=\"article:publisher\" content=\"https:\/\/www.facebook.com\/pipacomunica\" \/>\n<meta property=\"article:modified_time\" content=\"2024-11-10T14:48:25+00:00\" \/>\n<meta property=\"og:image\" content=\"https:\/\/www.pipacomunica.com.br\/livrariadapipa\/wp-content\/uploads\/2016\/01\/thumb-pibid-unifra.jpg\" \/>\n\t<meta property=\"og:image:width\" content=\"870\" \/>\n\t<meta property=\"og:image:height\" content=\"453\" \/>\n\t<meta property=\"og:image:type\" content=\"image\/jpeg\" \/>\n<meta name=\"twitter:card\" content=\"summary_large_image\" \/>\n<meta name=\"twitter:title\" content=\"2\u00ba Caderno Pedag\u00f3gico PIBID UNIFRA\" \/>\n<meta name=\"twitter:description\" content=\"2\u00ba Caderno Pedag\u00f3gico PIBID UNIFRA. Organiza\u00e7\u00e3o: Gabriela Quatrin Marzari; Najara Ferrari Pinheiro; Marcos Alexandre Alves.ISBN 978-85-66530-47-6.\" \/>\n<meta name=\"twitter:image\" content=\"https:\/\/i0.wp.com\/www.pipacomunica.com.br\/livrariadapipa\/wp-content\/uploads\/2016\/01\/thumb-pibid-unifra.jpg?fit=870%2C453&ssl=1\" \/>\n<meta name=\"twitter:site\" content=\"@PipaComunica\" \/>\n<meta name=\"twitter:label1\" content=\"Est. tempo de leitura\" \/>\n\t<meta name=\"twitter:data1\" content=\"1 minuto\" \/>\n<script type=\"application\/ld+json\" class=\"yoast-schema-graph\">{\"@context\":\"https:\/\/schema.org\",\"@graph\":[{\"@type\":\"WebPage\",\"@id\":\"https:\/\/www.pipacomunica.com.br\/livrariadapipa\/produto\/2o-caderno-pedagogico-pibid-unifra\/\",\"url\":\"https:\/\/www.pipacomunica.com.br\/livrariadapipa\/produto\/2o-caderno-pedagogico-pibid-unifra\/\",\"name\":\"2\u00ba Caderno Pedag\u00f3gico PIBID UNIFRA\",\"isPartOf\":{\"@id\":\"https:\/\/www.pipacomunica.com.br\/livrariadapipa\/#website\"},\"primaryImageOfPage\":{\"@id\":\"https:\/\/www.pipacomunica.com.br\/livrariadapipa\/produto\/2o-caderno-pedagogico-pibid-unifra\/#primaryimage\"},\"image\":{\"@id\":\"https:\/\/www.pipacomunica.com.br\/livrariadapipa\/produto\/2o-caderno-pedagogico-pibid-unifra\/#primaryimage\"},\"thumbnailUrl\":\"https:\/\/i0.wp.com\/www.pipacomunica.com.br\/livrariadapipa\/wp-content\/uploads\/2016\/01\/segundo-caderno-pibid-unifra.jpg?fit=461%2C595&ssl=1\",\"datePublished\":\"2016-01-28T12:59:52+00:00\",\"dateModified\":\"2024-11-10T14:48:25+00:00\",\"description\":\"2\u00ba Caderno Pedag\u00f3gico PIBID UNIFRA. Organiza\u00e7\u00e3o: Gabriela Quatrin Marzari; Najara Ferrari Pinheiro; Marcos Alexandre Alves.ISBN 978-85-66530-47-6.\",\"breadcrumb\":{\"@id\":\"https:\/\/www.pipacomunica.com.br\/livrariadapipa\/produto\/2o-caderno-pedagogico-pibid-unifra\/#breadcrumb\"},\"inLanguage\":\"pt-BR\",\"potentialAction\":[{\"@type\":\"ReadAction\",\"target\":[\"https:\/\/www.pipacomunica.com.br\/livrariadapipa\/produto\/2o-caderno-pedagogico-pibid-unifra\/\"]}]},{\"@type\":\"ImageObject\",\"inLanguage\":\"pt-BR\",\"@id\":\"https:\/\/www.pipacomunica.com.br\/livrariadapipa\/produto\/2o-caderno-pedagogico-pibid-unifra\/#primaryimage\",\"url\":\"https:\/\/i0.wp.com\/www.pipacomunica.com.br\/livrariadapipa\/wp-content\/uploads\/2016\/01\/segundo-caderno-pibid-unifra.jpg?fit=461%2C595&ssl=1\",\"contentUrl\":\"https:\/\/i0.wp.com\/www.pipacomunica.com.br\/livrariadapipa\/wp-content\/uploads\/2016\/01\/segundo-caderno-pibid-unifra.jpg?fit=461%2C595&ssl=1\",\"width\":461,\"height\":595,\"caption\":\"#ProjetoPipa - 2\u00ba Caderno Pedag\u00f3gico PIBID Unifra\"},{\"@type\":\"BreadcrumbList\",\"@id\":\"https:\/\/www.pipacomunica.com.br\/livrariadapipa\/produto\/2o-caderno-pedagogico-pibid-unifra\/#breadcrumb\",\"itemListElement\":[{\"@type\":\"ListItem\",\"position\":1,\"name\":\"In\u00edcio\",\"item\":\"https:\/\/www.pipacomunica.com.br\/livrariadapipa\/\"},{\"@type\":\"ListItem\",\"position\":2,\"name\":\"Cat\u00e1logo\",\"item\":\"https:\/\/www.pipacomunica.com.br\/livrariadapipa\/vitrine\/\"},{\"@type\":\"ListItem\",\"position\":3,\"name\":\"2\u00ba Caderno Pedag\u00f3gico PIBID: Centro Universit\u00e1rio Franciscano\"}]},{\"@type\":\"WebSite\",\"@id\":\"https:\/\/www.pipacomunica.com.br\/livrariadapipa\/#website\",\"url\":\"https:\/\/www.pipacomunica.com.br\/livrariadapipa\/\",\"name\":\"Livraria da Pipa Comunica\u00e7\u00e3o\",\"description\":\"Livros mais baratos que xerox\",\"publisher\":{\"@id\":\"https:\/\/www.pipacomunica.com.br\/livrariadapipa\/#organization\"},\"potentialAction\":[{\"@type\":\"SearchAction\",\"target\":{\"@type\":\"EntryPoint\",\"urlTemplate\":\"https:\/\/www.pipacomunica.com.br\/livrariadapipa\/?s={search_term_string}\"},\"query-input\":{\"@type\":\"PropertyValueSpecification\",\"valueRequired\":true,\"valueName\":\"search_term_string\"}}],\"inLanguage\":\"pt-BR\"},{\"@type\":\"Organization\",\"@id\":\"https:\/\/www.pipacomunica.com.br\/livrariadapipa\/#organization\",\"name\":\"Livraria da Pipa Comunica\u00e7\u00e3o\",\"url\":\"https:\/\/www.pipacomunica.com.br\/livrariadapipa\/\",\"logo\":{\"@type\":\"ImageObject\",\"inLanguage\":\"pt-BR\",\"@id\":\"https:\/\/www.pipacomunica.com.br\/livrariadapipa\/#\/schema\/logo\/image\/\",\"url\":\"https:\/\/i0.wp.com\/www.pipacomunica.com.br\/livrariadapipa\/wp-content\/uploads\/2018\/09\/marca-livraria-pipa-400px-negativo.png?fit=400%2C80&ssl=1\",\"contentUrl\":\"https:\/\/i0.wp.com\/www.pipacomunica.com.br\/livrariadapipa\/wp-content\/uploads\/2018\/09\/marca-livraria-pipa-400px-negativo.png?fit=400%2C80&ssl=1\",\"width\":400,\"height\":80,\"caption\":\"Livraria da Pipa Comunica\u00e7\u00e3o\"},\"image\":{\"@id\":\"https:\/\/www.pipacomunica.com.br\/livrariadapipa\/#\/schema\/logo\/image\/\"},\"sameAs\":[\"https:\/\/www.facebook.com\/pipacomunica\",\"https:\/\/x.com\/PipaComunica\",\"https:\/\/instagram.com\/pipacomunicacao\",\"http:\/\/www.linkedin.com\/companies\/pipa-comunica-o\",\"https:\/\/br.pinterest.com\/pipacomunicacao\/\",\"http:\/\/il.youtube.com\/user\/pipacomunicacao\"]}]}<\/script>\n<!-- \/ Yoast SEO plugin. -->","yoast_head_json":{"title":"2\u00ba Caderno Pedag\u00f3gico PIBID UNIFRA","description":"2\u00ba Caderno Pedag\u00f3gico PIBID UNIFRA. Organiza\u00e7\u00e3o: Gabriela Quatrin Marzari; Najara Ferrari Pinheiro; Marcos Alexandre Alves.ISBN 978-85-66530-47-6.","robots":{"index":"index","follow":"follow","max-snippet":"max-snippet:-1","max-image-preview":"max-image-preview:large","max-video-preview":"max-video-preview:-1"},"canonical":"https:\/\/www.pipacomunica.com.br\/livrariadapipa\/produto\/2o-caderno-pedagogico-pibid-unifra\/","og_locale":"pt_BR","og_type":"article","og_title":"2\u00ba Caderno Pedag\u00f3gico PIBID UNIFRA","og_description":"2\u00ba Caderno Pedag\u00f3gico PIBID UNIFRA. Organiza\u00e7\u00e3o: Gabriela Quatrin Marzari; Najara Ferrari Pinheiro; Marcos Alexandre Alves.ISBN 978-85-66530-47-6.","og_url":"https:\/\/www.pipacomunica.com.br\/livrariadapipa\/produto\/2o-caderno-pedagogico-pibid-unifra\/","og_site_name":"Livraria da Pipa Comunica\u00e7\u00e3o","article_publisher":"https:\/\/www.facebook.com\/pipacomunica","article_modified_time":"2024-11-10T14:48:25+00:00","og_image":[{"width":870,"height":453,"url":"https:\/\/www.pipacomunica.com.br\/livrariadapipa\/wp-content\/uploads\/2016\/01\/thumb-pibid-unifra.jpg","type":"image\/jpeg"}],"twitter_card":"summary_large_image","twitter_title":"2\u00ba Caderno Pedag\u00f3gico PIBID UNIFRA","twitter_description":"2\u00ba Caderno Pedag\u00f3gico PIBID UNIFRA. Organiza\u00e7\u00e3o: Gabriela Quatrin Marzari; Najara Ferrari Pinheiro; Marcos Alexandre Alves.ISBN 978-85-66530-47-6.","twitter_image":"https:\/\/i0.wp.com\/www.pipacomunica.com.br\/livrariadapipa\/wp-content\/uploads\/2016\/01\/thumb-pibid-unifra.jpg?fit=870%2C453&ssl=1","twitter_site":"@PipaComunica","twitter_misc":{"Est. tempo de leitura":"1 minuto"},"schema":{"@context":"https:\/\/schema.org","@graph":[{"@type":"WebPage","@id":"https:\/\/www.pipacomunica.com.br\/livrariadapipa\/produto\/2o-caderno-pedagogico-pibid-unifra\/","url":"https:\/\/www.pipacomunica.com.br\/livrariadapipa\/produto\/2o-caderno-pedagogico-pibid-unifra\/","name":"2\u00ba Caderno Pedag\u00f3gico PIBID UNIFRA","isPartOf":{"@id":"https:\/\/www.pipacomunica.com.br\/livrariadapipa\/#website"},"primaryImageOfPage":{"@id":"https:\/\/www.pipacomunica.com.br\/livrariadapipa\/produto\/2o-caderno-pedagogico-pibid-unifra\/#primaryimage"},"image":{"@id":"https:\/\/www.pipacomunica.com.br\/livrariadapipa\/produto\/2o-caderno-pedagogico-pibid-unifra\/#primaryimage"},"thumbnailUrl":"https:\/\/i0.wp.com\/www.pipacomunica.com.br\/livrariadapipa\/wp-content\/uploads\/2016\/01\/segundo-caderno-pibid-unifra.jpg?fit=461%2C595&ssl=1","datePublished":"2016-01-28T12:59:52+00:00","dateModified":"2024-11-10T14:48:25+00:00","description":"2\u00ba Caderno Pedag\u00f3gico PIBID UNIFRA. Organiza\u00e7\u00e3o: Gabriela Quatrin Marzari; Najara Ferrari Pinheiro; Marcos Alexandre Alves.ISBN 978-85-66530-47-6.","breadcrumb":{"@id":"https:\/\/www.pipacomunica.com.br\/livrariadapipa\/produto\/2o-caderno-pedagogico-pibid-unifra\/#breadcrumb"},"inLanguage":"pt-BR","potentialAction":[{"@type":"ReadAction","target":["https:\/\/www.pipacomunica.com.br\/livrariadapipa\/produto\/2o-caderno-pedagogico-pibid-unifra\/"]}]},{"@type":"ImageObject","inLanguage":"pt-BR","@id":"https:\/\/www.pipacomunica.com.br\/livrariadapipa\/produto\/2o-caderno-pedagogico-pibid-unifra\/#primaryimage","url":"https:\/\/i0.wp.com\/www.pipacomunica.com.br\/livrariadapipa\/wp-content\/uploads\/2016\/01\/segundo-caderno-pibid-unifra.jpg?fit=461%2C595&ssl=1","contentUrl":"https:\/\/i0.wp.com\/www.pipacomunica.com.br\/livrariadapipa\/wp-content\/uploads\/2016\/01\/segundo-caderno-pibid-unifra.jpg?fit=461%2C595&ssl=1","width":461,"height":595,"caption":"#ProjetoPipa - 2\u00ba Caderno Pedag\u00f3gico PIBID Unifra"},{"@type":"BreadcrumbList","@id":"https:\/\/www.pipacomunica.com.br\/livrariadapipa\/produto\/2o-caderno-pedagogico-pibid-unifra\/#breadcrumb","itemListElement":[{"@type":"ListItem","position":1,"name":"In\u00edcio","item":"https:\/\/www.pipacomunica.com.br\/livrariadapipa\/"},{"@type":"ListItem","position":2,"name":"Cat\u00e1logo","item":"https:\/\/www.pipacomunica.com.br\/livrariadapipa\/vitrine\/"},{"@type":"ListItem","position":3,"name":"2\u00ba Caderno Pedag\u00f3gico PIBID: Centro Universit\u00e1rio Franciscano"}]},{"@type":"WebSite","@id":"https:\/\/www.pipacomunica.com.br\/livrariadapipa\/#website","url":"https:\/\/www.pipacomunica.com.br\/livrariadapipa\/","name":"Livraria da Pipa Comunica\u00e7\u00e3o","description":"Livros mais baratos que xerox","publisher":{"@id":"https:\/\/www.pipacomunica.com.br\/livrariadapipa\/#organization"},"potentialAction":[{"@type":"SearchAction","target":{"@type":"EntryPoint","urlTemplate":"https:\/\/www.pipacomunica.com.br\/livrariadapipa\/?s={search_term_string}"},"query-input":{"@type":"PropertyValueSpecification","valueRequired":true,"valueName":"search_term_string"}}],"inLanguage":"pt-BR"},{"@type":"Organization","@id":"https:\/\/www.pipacomunica.com.br\/livrariadapipa\/#organization","name":"Livraria da Pipa Comunica\u00e7\u00e3o","url":"https:\/\/www.pipacomunica.com.br\/livrariadapipa\/","logo":{"@type":"ImageObject","inLanguage":"pt-BR","@id":"https:\/\/www.pipacomunica.com.br\/livrariadapipa\/#\/schema\/logo\/image\/","url":"https:\/\/i0.wp.com\/www.pipacomunica.com.br\/livrariadapipa\/wp-content\/uploads\/2018\/09\/marca-livraria-pipa-400px-negativo.png?fit=400%2C80&ssl=1","contentUrl":"https:\/\/i0.wp.com\/www.pipacomunica.com.br\/livrariadapipa\/wp-content\/uploads\/2018\/09\/marca-livraria-pipa-400px-negativo.png?fit=400%2C80&ssl=1","width":400,"height":80,"caption":"Livraria da Pipa Comunica\u00e7\u00e3o"},"image":{"@id":"https:\/\/www.pipacomunica.com.br\/livrariadapipa\/#\/schema\/logo\/image\/"},"sameAs":["https:\/\/www.facebook.com\/pipacomunica","https:\/\/x.com\/PipaComunica","https:\/\/instagram.com\/pipacomunicacao","http:\/\/www.linkedin.com\/companies\/pipa-comunica-o","https:\/\/br.pinterest.com\/pipacomunicacao\/","http:\/\/il.youtube.com\/user\/pipacomunicacao"]}]}},"jetpack_publicize_connections":[],"jetpack_sharing_enabled":true,"_links":{"self":[{"href":"https:\/\/www.pipacomunica.com.br\/livrariadapipa\/wp-json\/wp\/v2\/product\/766","targetHints":{"allow":["GET"]}}],"collection":[{"href":"https:\/\/www.pipacomunica.com.br\/livrariadapipa\/wp-json\/wp\/v2\/product"}],"about":[{"href":"https:\/\/www.pipacomunica.com.br\/livrariadapipa\/wp-json\/wp\/v2\/types\/product"}],"replies":[{"embeddable":true,"href":"https:\/\/www.pipacomunica.com.br\/livrariadapipa\/wp-json\/wp\/v2\/comments?post=766"}],"version-history":[{"count":1,"href":"https:\/\/www.pipacomunica.com.br\/livrariadapipa\/wp-json\/wp\/v2\/product\/766\/revisions"}],"predecessor-version":[{"id":11873,"href":"https:\/\/www.pipacomunica.com.br\/livrariadapipa\/wp-json\/wp\/v2\/product\/766\/revisions\/11873"}],"wp:featuredmedia":[{"embeddable":true,"href":"https:\/\/www.pipacomunica.com.br\/livrariadapipa\/wp-json\/wp\/v2\/media\/769"}],"wp:attachment":[{"href":"https:\/\/www.pipacomunica.com.br\/livrariadapipa\/wp-json\/wp\/v2\/media?parent=766"}],"wp:term":[{"taxonomy":"product_brand","embeddable":true,"href":"https:\/\/www.pipacomunica.com.br\/livrariadapipa\/wp-json\/wp\/v2\/product_brand?post=766"},{"taxonomy":"product_cat","embeddable":true,"href":"https:\/\/www.pipacomunica.com.br\/livrariadapipa\/wp-json\/wp\/v2\/product_cat?post=766"},{"taxonomy":"product_tag","embeddable":true,"href":"https:\/\/www.pipacomunica.com.br\/livrariadapipa\/wp-json\/wp\/v2\/product_tag?post=766"}],"curies":[{"name":"wp","href":"https:\/\/api.w.org\/{rel}","templated":true}]}}