{"id":3812,"date":"2019-09-09T14:35:08","date_gmt":"2019-09-09T17:35:08","guid":{"rendered":"https:\/\/www.pipacomunica.com.br\/livrariadapipa\/?post_type=product&#038;p=3812"},"modified":"2023-01-17T14:25:45","modified_gmt":"2023-01-17T17:25:45","slug":"anais-eell2018","status":"publish","type":"product","link":"https:\/\/www.pipacomunica.com.br\/livrariadapipa\/produto\/anais-eell2018\/","title":{"rendered":"P\u00f3s-modernidade e literatura: letramento liter\u00e1rio, produ\u00e7\u00e3o artesanal, novas formas de consumo"},"content":{"rendered":"<p><strong>P\u00f3s-modernidade e literatura: letramento liter\u00e1rio, produ\u00e7\u00e3o artesanal, novas formas de consumo<\/strong><br \/>\nAnais eletr\u00f4nicos. XIV Encontro sobre o Ensino de L\u00edngua e Literatura<br \/>\nFrederico Jos\u00e9 Machado da Silva; Angela Mendon\u00e7a; Anelilde Lima; Eraldo Batista da Silva Filho; Joelma Gomes dos Santos; Renata Soriano; Suelany Ribeiro; Ana Cristina Fonseca (orgs.).<\/p>\n<p>Leitura online e PDF.<br \/>\nISBN 978-85-66530-97-1<\/p>\n<p>Os anais eletr\u00f4nicos do j\u00e1 tradicional <a href=\"http:\/\/eellfacho.blogspot.com.br\/\">Encontro sobre o Ensino da L\u00edngua e Literatura da Faculdade de Ci\u00eancias Humanas de Olinda<\/a> (EELL\/FACHO) trazem 17 textos que prop\u00f5em reflex\u00f5es e discuss\u00f5es sobre novas perspectivas do ensino e do consumo de literatura.<\/p>\n<p>O EELL, desde sua origem, \u00e9 um importante ponto de partida para pesquisadores, inclusive os iniciantes, apresentarem seus trabalhos. \u00c9 com muita alegria que recebemos os estudantes da casa e os colegas de outras faculdades e universidades. Consideramos este encontro um espa\u00e7o vital para a discuss\u00e3o e amplia\u00e7\u00e3o da educa\u00e7\u00e3o. Que em 2019 recebamos ainda mais pesquisadores.<\/p>\n<p>1\u00aa ed. Pipa Comunica\u00e7\u00e3o, 2019. 312p. : Il., Fig., Quadros. (e-book)<br \/>\n1. L\u00edngua. 2. Literatura. 3. Escola. 4. Anais. 5. XIV EELL.<\/p>\n","protected":false},"excerpt":{"rendered":"<p><strong>P\u00f3s-modernidade e literatura: letramento liter\u00e1rio, produ\u00e7\u00e3o artesanal, novas formas de consumo<\/strong><br \/>\nAnais eletr\u00f4nicos. XIV Encontro sobre o Ensino de L\u00edngua e Literatura<br \/>\nFrederico Jos\u00e9 Machado da Silva; Angela Mendon\u00e7a; Anelilde Lima; Eraldo Batista da Silva Filho; Joelma Gomes dos Santos; Renata Soriano; Suelany Ribeiro; Ana Cristina Fonseca (orgs.).<\/p>\n<p>Leitura online e PDF.<br \/>\nISBN 978-85-66530-97-1<\/p>\n<p>Os anais eletr\u00f4nicos do j\u00e1 tradicional <a href=\"http:\/\/eellfacho.blogspot.com.br\/\">Encontro sobre o Ensino da L\u00edngua e Literatura da Faculdade de Ci\u00eancias Humanas de Olinda<\/a> (EELL\/FACHO) trazem 17 textos que prop\u00f5em reflex\u00f5es e discuss\u00f5es sobre novas perspectivas do ensino e do consumo de literatura.<\/p>\n<p>O EELL, desde sua origem, \u00e9 um importante ponto de partida para pesquisadores, inclusive os iniciantes, apresentarem seus trabalhos. \u00c9 com muita alegria que recebemos os estudantes da casa e os colegas de outras faculdades e universidades. Consideramos este encontro um espa\u00e7o vital para a discuss\u00e3o e amplia\u00e7\u00e3o da educa\u00e7\u00e3o. Que em 2019 recebamos ainda mais pesquisadores.<\/p>\n<p>1\u00aa ed. Pipa Comunica\u00e7\u00e3o, 2019. 312p. : Il., Fig., Quadros. (e-book)<br \/>\n1. L\u00edngua. 2. Literatura. 3. Escola. 4. Anais. 5. XIV EELL.<\/p>\n<p>Leitura Online: <a href=\"https:\/\/issuu.com\/pipacomunica\/docs\/anais-eell-2018\" target=\"_blank\" rel=\"noopener noreferrer\">anais-eell-2018<\/a><br \/>\nDownload PDF: <a href=\"http:\/\/bit.ly\/anaisEELL2018\">http:\/\/bit.ly\/anaisEELL2018<\/a> ou via <a href=\"https:\/\/www.dropbox.com\/s\/9vti6b4bxmeln8j\/Anais-EELL-2018.pdf?dl=0\">Dropbox<\/a><\/p>\n","protected":false},"featured_media":3816,"comment_status":"open","ping_status":"closed","template":"","meta":{"jetpack_post_was_ever_published":false,"jetpack_publicize_message":"","jetpack_publicize_feature_enabled":true,"jetpack_social_post_already_shared":true,"jetpack_social_options":{"image_generator_settings":{"template":"highway","default_image_id":0,"font":"","enabled":false},"version":2}},"product_brand":[],"product_cat":[34,19,17],"product_tag":[],"class_list":{"0":"post-3812","1":"product","2":"type-product","3":"status-publish","4":"has-post-thumbnail","6":"product_cat-sem-categoria","7":"product_cat-livros-digitais","8":"product_cat-gratuitos","10":"first","11":"instock","12":"shipping-taxable","13":"product-type-external"},"yoast_head":"<!-- This site is optimized with the Yoast SEO plugin v27.1.1 - https:\/\/yoast.com\/product\/yoast-seo-wordpress\/ -->\n<title>P\u00f3s-modernidade e literatura: letramento liter\u00e1rio, produ\u00e7\u00e3o artesanal, novas formas de consumo<\/title>\n<meta name=\"description\" content=\"Os anais eletr\u00f4nicos do XIV Encontro sobre o Ensino da L\u00edngua e Literatura da FACHO trazem 17 textos com reflex\u00f5es sobre novas perspectivas do ensino e do consumo de literatura.\" \/>\n<meta name=\"robots\" content=\"index, follow, max-snippet:-1, max-image-preview:large, max-video-preview:-1\" \/>\n<link rel=\"canonical\" href=\"https:\/\/www.pipacomunica.com.br\/livrariadapipa\/produto\/anais-eell2018\/\" \/>\n<meta property=\"og:locale\" content=\"pt_BR\" \/>\n<meta property=\"og:type\" content=\"article\" \/>\n<meta property=\"og:title\" content=\"P\u00f3s-modernidade e literatura: letramento liter\u00e1rio, produ\u00e7\u00e3o artesanal, novas formas de consumo\" \/>\n<meta property=\"og:description\" content=\"Os anais eletr\u00f4nicos do j\u00e1 tradicional Encontro sobre o Ensino da L\u00edngua e Literatura da Faculdade de Ci\u00eancias Humanas de Olinda (EELL\/FACHO) trazem 17 textos que prop\u00f5em reflex\u00f5es e discuss\u00f5es sobre novas perspectivas do ensino e do consumo de literatura.\" \/>\n<meta property=\"og:url\" content=\"https:\/\/www.pipacomunica.com.br\/livrariadapipa\/produto\/anais-eell2018\/\" \/>\n<meta property=\"og:site_name\" content=\"Livraria da Pipa Comunica\u00e7\u00e3o\" \/>\n<meta property=\"article:publisher\" content=\"https:\/\/www.facebook.com\/pipacomunica\" \/>\n<meta property=\"article:modified_time\" content=\"2023-01-17T17:25:45+00:00\" \/>\n<meta property=\"og:image\" content=\"https:\/\/www.pipacomunica.com.br\/livrariadapipa\/wp-content\/uploads\/2019\/09\/thumb-anais-EELL-2018.png\" \/>\n\t<meta property=\"og:image:width\" content=\"870\" \/>\n\t<meta property=\"og:image:height\" content=\"453\" \/>\n\t<meta property=\"og:image:type\" content=\"image\/png\" \/>\n<meta name=\"twitter:card\" content=\"summary_large_image\" \/>\n<meta name=\"twitter:title\" content=\"P\u00f3s-modernidade e literatura: letramento liter\u00e1rio, produ\u00e7\u00e3o artesanal, novas formas de consumo\" \/>\n<meta name=\"twitter:description\" content=\"Os anais eletr\u00f4nicos do j\u00e1 tradicional Encontro sobre o Ensino da L\u00edngua e Literatura da Faculdade de Ci\u00eancias Humanas de Olinda (EELL\/FACHO) trazem 17 textos que prop\u00f5em reflex\u00f5es e discuss\u00f5es sobre novas perspectivas do ensino e do consumo de literatura.\" \/>\n<meta name=\"twitter:image\" content=\"https:\/\/i0.wp.com\/www.pipacomunica.com.br\/livrariadapipa\/wp-content\/uploads\/2019\/09\/thumb-anais-EELL-2018.png?fit=870%2C453&ssl=1\" \/>\n<meta name=\"twitter:site\" content=\"@PipaComunica\" \/>\n<meta name=\"twitter:label1\" content=\"Est. tempo de leitura\" \/>\n\t<meta name=\"twitter:data1\" content=\"1 minuto\" \/>\n<script type=\"application\/ld+json\" class=\"yoast-schema-graph\">{\"@context\":\"https:\/\/schema.org\",\"@graph\":[{\"@type\":\"WebPage\",\"@id\":\"https:\/\/www.pipacomunica.com.br\/livrariadapipa\/produto\/anais-eell2018\/\",\"url\":\"https:\/\/www.pipacomunica.com.br\/livrariadapipa\/produto\/anais-eell2018\/\",\"name\":\"P\u00f3s-modernidade e literatura: letramento liter\u00e1rio, produ\u00e7\u00e3o artesanal, novas formas de consumo\",\"isPartOf\":{\"@id\":\"https:\/\/www.pipacomunica.com.br\/livrariadapipa\/#website\"},\"primaryImageOfPage\":{\"@id\":\"https:\/\/www.pipacomunica.com.br\/livrariadapipa\/produto\/anais-eell2018\/#primaryimage\"},\"image\":{\"@id\":\"https:\/\/www.pipacomunica.com.br\/livrariadapipa\/produto\/anais-eell2018\/#primaryimage\"},\"thumbnailUrl\":\"https:\/\/i0.wp.com\/www.pipacomunica.com.br\/livrariadapipa\/wp-content\/uploads\/2019\/09\/EELL-2018.gif?fit=461%2C595&ssl=1\",\"datePublished\":\"2019-09-09T17:35:08+00:00\",\"dateModified\":\"2023-01-17T17:25:45+00:00\",\"description\":\"Os anais eletr\u00f4nicos do XIV Encontro sobre o Ensino da L\u00edngua e Literatura da FACHO trazem 17 textos com reflex\u00f5es sobre novas perspectivas do ensino e do consumo de literatura.\",\"breadcrumb\":{\"@id\":\"https:\/\/www.pipacomunica.com.br\/livrariadapipa\/produto\/anais-eell2018\/#breadcrumb\"},\"inLanguage\":\"pt-BR\",\"potentialAction\":[{\"@type\":\"ReadAction\",\"target\":[\"https:\/\/www.pipacomunica.com.br\/livrariadapipa\/produto\/anais-eell2018\/\"]}]},{\"@type\":\"ImageObject\",\"inLanguage\":\"pt-BR\",\"@id\":\"https:\/\/www.pipacomunica.com.br\/livrariadapipa\/produto\/anais-eell2018\/#primaryimage\",\"url\":\"https:\/\/i0.wp.com\/www.pipacomunica.com.br\/livrariadapipa\/wp-content\/uploads\/2019\/09\/EELL-2018.gif?fit=461%2C595&ssl=1\",\"contentUrl\":\"https:\/\/i0.wp.com\/www.pipacomunica.com.br\/livrariadapipa\/wp-content\/uploads\/2019\/09\/EELL-2018.gif?fit=461%2C595&ssl=1\",\"width\":461,\"height\":595,\"caption\":\"P\u00f3s-modernidade e literatura: letramento liter\u00e1rio, produ\u00e7\u00e3o artesanal, novas formas de consumo. Anais eletr\u00f4nicos. XIV Encontro sobre o Ensino de L\u00edngua e Literatura\"},{\"@type\":\"BreadcrumbList\",\"@id\":\"https:\/\/www.pipacomunica.com.br\/livrariadapipa\/produto\/anais-eell2018\/#breadcrumb\",\"itemListElement\":[{\"@type\":\"ListItem\",\"position\":1,\"name\":\"In\u00edcio\",\"item\":\"https:\/\/www.pipacomunica.com.br\/livrariadapipa\/\"},{\"@type\":\"ListItem\",\"position\":2,\"name\":\"Cat\u00e1logo\",\"item\":\"https:\/\/www.pipacomunica.com.br\/livrariadapipa\/vitrine\/\"},{\"@type\":\"ListItem\",\"position\":3,\"name\":\"P\u00f3s-modernidade e literatura: letramento liter\u00e1rio, produ\u00e7\u00e3o artesanal, novas formas de consumo\"}]},{\"@type\":\"WebSite\",\"@id\":\"https:\/\/www.pipacomunica.com.br\/livrariadapipa\/#website\",\"url\":\"https:\/\/www.pipacomunica.com.br\/livrariadapipa\/\",\"name\":\"Livraria da Pipa Comunica\u00e7\u00e3o\",\"description\":\"Livros mais baratos que xerox\",\"publisher\":{\"@id\":\"https:\/\/www.pipacomunica.com.br\/livrariadapipa\/#organization\"},\"potentialAction\":[{\"@type\":\"SearchAction\",\"target\":{\"@type\":\"EntryPoint\",\"urlTemplate\":\"https:\/\/www.pipacomunica.com.br\/livrariadapipa\/?s={search_term_string}\"},\"query-input\":{\"@type\":\"PropertyValueSpecification\",\"valueRequired\":true,\"valueName\":\"search_term_string\"}}],\"inLanguage\":\"pt-BR\"},{\"@type\":\"Organization\",\"@id\":\"https:\/\/www.pipacomunica.com.br\/livrariadapipa\/#organization\",\"name\":\"Livraria da Pipa Comunica\u00e7\u00e3o\",\"url\":\"https:\/\/www.pipacomunica.com.br\/livrariadapipa\/\",\"logo\":{\"@type\":\"ImageObject\",\"inLanguage\":\"pt-BR\",\"@id\":\"https:\/\/www.pipacomunica.com.br\/livrariadapipa\/#\/schema\/logo\/image\/\",\"url\":\"https:\/\/i0.wp.com\/www.pipacomunica.com.br\/livrariadapipa\/wp-content\/uploads\/2018\/09\/marca-livraria-pipa-400px-negativo.png?fit=400%2C80&ssl=1\",\"contentUrl\":\"https:\/\/i0.wp.com\/www.pipacomunica.com.br\/livrariadapipa\/wp-content\/uploads\/2018\/09\/marca-livraria-pipa-400px-negativo.png?fit=400%2C80&ssl=1\",\"width\":400,\"height\":80,\"caption\":\"Livraria da Pipa Comunica\u00e7\u00e3o\"},\"image\":{\"@id\":\"https:\/\/www.pipacomunica.com.br\/livrariadapipa\/#\/schema\/logo\/image\/\"},\"sameAs\":[\"https:\/\/www.facebook.com\/pipacomunica\",\"https:\/\/x.com\/PipaComunica\",\"https:\/\/instagram.com\/pipacomunicacao\",\"http:\/\/www.linkedin.com\/companies\/pipa-comunica-o\",\"https:\/\/br.pinterest.com\/pipacomunicacao\/\",\"http:\/\/il.youtube.com\/user\/pipacomunicacao\"]}]}<\/script>\n<!-- \/ Yoast SEO plugin. -->","yoast_head_json":{"title":"P\u00f3s-modernidade e literatura: letramento liter\u00e1rio, produ\u00e7\u00e3o artesanal, novas formas de consumo","description":"Os anais eletr\u00f4nicos do XIV Encontro sobre o Ensino da L\u00edngua e Literatura da FACHO trazem 17 textos com reflex\u00f5es sobre novas perspectivas do ensino e do consumo de literatura.","robots":{"index":"index","follow":"follow","max-snippet":"max-snippet:-1","max-image-preview":"max-image-preview:large","max-video-preview":"max-video-preview:-1"},"canonical":"https:\/\/www.pipacomunica.com.br\/livrariadapipa\/produto\/anais-eell2018\/","og_locale":"pt_BR","og_type":"article","og_title":"P\u00f3s-modernidade e literatura: letramento liter\u00e1rio, produ\u00e7\u00e3o artesanal, novas formas de consumo","og_description":"Os anais eletr\u00f4nicos do j\u00e1 tradicional Encontro sobre o Ensino da L\u00edngua e Literatura da Faculdade de Ci\u00eancias Humanas de Olinda (EELL\/FACHO) trazem 17 textos que prop\u00f5em reflex\u00f5es e discuss\u00f5es sobre novas perspectivas do ensino e do consumo de literatura.","og_url":"https:\/\/www.pipacomunica.com.br\/livrariadapipa\/produto\/anais-eell2018\/","og_site_name":"Livraria da Pipa Comunica\u00e7\u00e3o","article_publisher":"https:\/\/www.facebook.com\/pipacomunica","article_modified_time":"2023-01-17T17:25:45+00:00","og_image":[{"width":870,"height":453,"url":"https:\/\/www.pipacomunica.com.br\/livrariadapipa\/wp-content\/uploads\/2019\/09\/thumb-anais-EELL-2018.png","type":"image\/png"}],"twitter_card":"summary_large_image","twitter_title":"P\u00f3s-modernidade e literatura: letramento liter\u00e1rio, produ\u00e7\u00e3o artesanal, novas formas de consumo","twitter_description":"Os anais eletr\u00f4nicos do j\u00e1 tradicional Encontro sobre o Ensino da L\u00edngua e Literatura da Faculdade de Ci\u00eancias Humanas de Olinda (EELL\/FACHO) trazem 17 textos que prop\u00f5em reflex\u00f5es e discuss\u00f5es sobre novas perspectivas do ensino e do consumo de literatura.","twitter_image":"https:\/\/i0.wp.com\/www.pipacomunica.com.br\/livrariadapipa\/wp-content\/uploads\/2019\/09\/thumb-anais-EELL-2018.png?fit=870%2C453&ssl=1","twitter_site":"@PipaComunica","twitter_misc":{"Est. tempo de leitura":"1 minuto"},"schema":{"@context":"https:\/\/schema.org","@graph":[{"@type":"WebPage","@id":"https:\/\/www.pipacomunica.com.br\/livrariadapipa\/produto\/anais-eell2018\/","url":"https:\/\/www.pipacomunica.com.br\/livrariadapipa\/produto\/anais-eell2018\/","name":"P\u00f3s-modernidade e literatura: letramento liter\u00e1rio, produ\u00e7\u00e3o artesanal, novas formas de consumo","isPartOf":{"@id":"https:\/\/www.pipacomunica.com.br\/livrariadapipa\/#website"},"primaryImageOfPage":{"@id":"https:\/\/www.pipacomunica.com.br\/livrariadapipa\/produto\/anais-eell2018\/#primaryimage"},"image":{"@id":"https:\/\/www.pipacomunica.com.br\/livrariadapipa\/produto\/anais-eell2018\/#primaryimage"},"thumbnailUrl":"https:\/\/i0.wp.com\/www.pipacomunica.com.br\/livrariadapipa\/wp-content\/uploads\/2019\/09\/EELL-2018.gif?fit=461%2C595&ssl=1","datePublished":"2019-09-09T17:35:08+00:00","dateModified":"2023-01-17T17:25:45+00:00","description":"Os anais eletr\u00f4nicos do XIV Encontro sobre o Ensino da L\u00edngua e Literatura da FACHO trazem 17 textos com reflex\u00f5es sobre novas perspectivas do ensino e do consumo de literatura.","breadcrumb":{"@id":"https:\/\/www.pipacomunica.com.br\/livrariadapipa\/produto\/anais-eell2018\/#breadcrumb"},"inLanguage":"pt-BR","potentialAction":[{"@type":"ReadAction","target":["https:\/\/www.pipacomunica.com.br\/livrariadapipa\/produto\/anais-eell2018\/"]}]},{"@type":"ImageObject","inLanguage":"pt-BR","@id":"https:\/\/www.pipacomunica.com.br\/livrariadapipa\/produto\/anais-eell2018\/#primaryimage","url":"https:\/\/i0.wp.com\/www.pipacomunica.com.br\/livrariadapipa\/wp-content\/uploads\/2019\/09\/EELL-2018.gif?fit=461%2C595&ssl=1","contentUrl":"https:\/\/i0.wp.com\/www.pipacomunica.com.br\/livrariadapipa\/wp-content\/uploads\/2019\/09\/EELL-2018.gif?fit=461%2C595&ssl=1","width":461,"height":595,"caption":"P\u00f3s-modernidade e literatura: letramento liter\u00e1rio, produ\u00e7\u00e3o artesanal, novas formas de consumo. Anais eletr\u00f4nicos. XIV Encontro sobre o Ensino de L\u00edngua e Literatura"},{"@type":"BreadcrumbList","@id":"https:\/\/www.pipacomunica.com.br\/livrariadapipa\/produto\/anais-eell2018\/#breadcrumb","itemListElement":[{"@type":"ListItem","position":1,"name":"In\u00edcio","item":"https:\/\/www.pipacomunica.com.br\/livrariadapipa\/"},{"@type":"ListItem","position":2,"name":"Cat\u00e1logo","item":"https:\/\/www.pipacomunica.com.br\/livrariadapipa\/vitrine\/"},{"@type":"ListItem","position":3,"name":"P\u00f3s-modernidade e literatura: letramento liter\u00e1rio, produ\u00e7\u00e3o artesanal, novas formas de consumo"}]},{"@type":"WebSite","@id":"https:\/\/www.pipacomunica.com.br\/livrariadapipa\/#website","url":"https:\/\/www.pipacomunica.com.br\/livrariadapipa\/","name":"Livraria da Pipa Comunica\u00e7\u00e3o","description":"Livros mais baratos que xerox","publisher":{"@id":"https:\/\/www.pipacomunica.com.br\/livrariadapipa\/#organization"},"potentialAction":[{"@type":"SearchAction","target":{"@type":"EntryPoint","urlTemplate":"https:\/\/www.pipacomunica.com.br\/livrariadapipa\/?s={search_term_string}"},"query-input":{"@type":"PropertyValueSpecification","valueRequired":true,"valueName":"search_term_string"}}],"inLanguage":"pt-BR"},{"@type":"Organization","@id":"https:\/\/www.pipacomunica.com.br\/livrariadapipa\/#organization","name":"Livraria da Pipa Comunica\u00e7\u00e3o","url":"https:\/\/www.pipacomunica.com.br\/livrariadapipa\/","logo":{"@type":"ImageObject","inLanguage":"pt-BR","@id":"https:\/\/www.pipacomunica.com.br\/livrariadapipa\/#\/schema\/logo\/image\/","url":"https:\/\/i0.wp.com\/www.pipacomunica.com.br\/livrariadapipa\/wp-content\/uploads\/2018\/09\/marca-livraria-pipa-400px-negativo.png?fit=400%2C80&ssl=1","contentUrl":"https:\/\/i0.wp.com\/www.pipacomunica.com.br\/livrariadapipa\/wp-content\/uploads\/2018\/09\/marca-livraria-pipa-400px-negativo.png?fit=400%2C80&ssl=1","width":400,"height":80,"caption":"Livraria da Pipa Comunica\u00e7\u00e3o"},"image":{"@id":"https:\/\/www.pipacomunica.com.br\/livrariadapipa\/#\/schema\/logo\/image\/"},"sameAs":["https:\/\/www.facebook.com\/pipacomunica","https:\/\/x.com\/PipaComunica","https:\/\/instagram.com\/pipacomunicacao","http:\/\/www.linkedin.com\/companies\/pipa-comunica-o","https:\/\/br.pinterest.com\/pipacomunicacao\/","http:\/\/il.youtube.com\/user\/pipacomunicacao"]}]}},"jetpack_publicize_connections":[],"jetpack_sharing_enabled":true,"_links":{"self":[{"href":"https:\/\/www.pipacomunica.com.br\/livrariadapipa\/wp-json\/wp\/v2\/product\/3812","targetHints":{"allow":["GET"]}}],"collection":[{"href":"https:\/\/www.pipacomunica.com.br\/livrariadapipa\/wp-json\/wp\/v2\/product"}],"about":[{"href":"https:\/\/www.pipacomunica.com.br\/livrariadapipa\/wp-json\/wp\/v2\/types\/product"}],"replies":[{"embeddable":true,"href":"https:\/\/www.pipacomunica.com.br\/livrariadapipa\/wp-json\/wp\/v2\/comments?post=3812"}],"version-history":[{"count":3,"href":"https:\/\/www.pipacomunica.com.br\/livrariadapipa\/wp-json\/wp\/v2\/product\/3812\/revisions"}],"predecessor-version":[{"id":3824,"href":"https:\/\/www.pipacomunica.com.br\/livrariadapipa\/wp-json\/wp\/v2\/product\/3812\/revisions\/3824"}],"wp:featuredmedia":[{"embeddable":true,"href":"https:\/\/www.pipacomunica.com.br\/livrariadapipa\/wp-json\/wp\/v2\/media\/3816"}],"wp:attachment":[{"href":"https:\/\/www.pipacomunica.com.br\/livrariadapipa\/wp-json\/wp\/v2\/media?parent=3812"}],"wp:term":[{"taxonomy":"product_brand","embeddable":true,"href":"https:\/\/www.pipacomunica.com.br\/livrariadapipa\/wp-json\/wp\/v2\/product_brand?post=3812"},{"taxonomy":"product_cat","embeddable":true,"href":"https:\/\/www.pipacomunica.com.br\/livrariadapipa\/wp-json\/wp\/v2\/product_cat?post=3812"},{"taxonomy":"product_tag","embeddable":true,"href":"https:\/\/www.pipacomunica.com.br\/livrariadapipa\/wp-json\/wp\/v2\/product_tag?post=3812"}],"curies":[{"name":"wp","href":"https:\/\/api.w.org\/{rel}","templated":true}]}}