{"id":2904,"date":"2018-12-21T09:46:01","date_gmt":"2018-12-21T12:46:01","guid":{"rendered":"https:\/\/www.pipacomunica.com.br\/livrariadapipa\/?post_type=product&#038;p=2904"},"modified":"2025-07-08T04:43:14","modified_gmt":"2025-07-08T07:43:14","slug":"entre-generos-e-textos","status":"publish","type":"product","link":"https:\/\/www.pipacomunica.com.br\/livrariadapipa\/produto\/entre-generos-e-textos\/","title":{"rendered":"Entre g\u00eaneros e textos: cenas de um agir docente"},"content":{"rendered":"<p><strong>Entre g\u00eaneros e textos: cenas de um agir docente<\/strong><br \/>\neBook \u2014 PDF<br \/>\nAngela Paiva Dionisio<\/p>\n<p>&#8220;Escrever um memorial? Solicitar promo\u00e7\u00e3o para classe E? Foram d\u00favidas e incertezas que me acompanharam por muitos meses. Escrever um memorial me parecia semelhante \u00e0 resist\u00eancia que sempre tive em escrever di\u00e1rios, pois se n\u00e3o \u00e9 para contar, n\u00e3o se escreve. Eu precisava dizer o que sobre mim? O Lattes n\u00e3o faz isto? Precisaria ainda eu falar de mim, de minha vida acad\u00eamica? Soava-me extremamente chato e desinteressante. At\u00e9 que decidi fazer! E comecei a reviver n\u00e3o apenas a minha vida acad\u00eamica, mas as minhas experi\u00eancias escolares. Voltei quase que terapeuticamente at\u00e9 a turma do Zero! Percebi, ent\u00e3o, que poderia n\u00e3o ser t\u00e3o chato assim, pois a minha vida n\u00e3o \u00e9 chata! Precisei perceber um detalhe fundamental: o Lattes n\u00e3o mostra A Vida.&#8221; \u2014 Angela Paiva Dionisio<\/p>\n<h5>V\u00eddeo de Lan\u00e7amento<\/h5>\n<div class=\"su-youtube su-u-responsive-media-yes\"><iframe width=\"600\" height=\"400\" src=\"https:\/\/www.youtube.com\/embed\/T6FncHMnPFY?\" frameborder=\"0\" allowfullscreen allow=\"autoplay; encrypted-media; picture-in-picture\" title=\"\"><\/iframe><\/div>\n<h5>Sobre a autora<\/h5>\n<p>Angela Paiva Dionisio \u00e9 professora titular aposentada da Universidade Federal de Pernambuco onde coordenou in\u00fameras a\u00e7\u00f5es como o PIBID Letras\/Portugu\u00eas, o Programa de P\u00f3s-Gradua\u00e7\u00e3o em Letras, a Revista dos alunos da gradua\u00e7\u00e3o <em><a href=\"https:\/\/periodicos.ufpe.br\/revistas\/pedaletra\" target=\"_blank\" rel=\"noopener noreferrer\">Ao P\u00e9 da Letra<\/a><\/em>, o banco de teses <a href=\"http:\/\/letrasdigitaisufpe.blogspot.com\/\" target=\"_blank\" rel=\"noopener noreferrer\">Letras Digitais<\/a>, o Encontro Acad\u00eamico G\u00eaneros na Lingu\u00edstica e na Literatura e o N\u00facleo de Investiga\u00e7\u00f5es sobre G\u00eaneros Textuais (NIG), todos vinculados a UFPE.<\/p>\n<p>Angela tamb\u00e9m atuou como professora e orientadora no ProfLetras, bem como coordenou o PROCAD-NF 2008, uma coopera\u00e7\u00e3o entre o PG Letras UFPE e a POSLE UFCG (2009-2013). Refer\u00eancia internacional nos estudos sobre G\u00eaneros Textuais, j\u00e1 publicou diversos livros, cap\u00edtulos e artigos sobre o tema em diferentes editoras. Tamb\u00e9m viajou pelo mundo divulgando os resultados dos projetos desenvolvidos na durante sua trajet\u00f3ra na Universidade.<\/p>\n<p>1\u00aa Edi\u00e7\u00e3o. Pipa Comunica\u00e7\u00e3o. 2018.<br \/>\nISBN 978-85-66530-84-1<br \/>\n140p. : Il., Fig., Quadros. (e-book). 1. Educa\u00e7\u00e3o. 2. Ensino Superior. 3. Memorial. 4. Vida Acad\u00eamica. 5. Forma\u00e7\u00e3o Universit\u00e1ria. 6. Forma\u00e7\u00e3o Profissional.<\/p>\n<p><strong>Capa e Projeto Gr\u00e1fico:<\/strong> Karla Vidal<br \/>\n<strong>Diagrama\u00e7\u00e3o:<\/strong> Augusto Noronha e Karla Vidal<br \/>\n<strong>Revis\u00e3o:<\/strong> Angela Paiva Dionisio e Anne Caroline Ara\u00fajo de Lima<br \/>\n<strong>Edi\u00e7\u00e3o Pipa Comunica\u00e7\u00e3o:<\/strong> <a href=\"https:\/\/www.pipacomunica.com.br\"><strong>https:\/\/www.pipacomunica.com.br<\/strong><\/a><\/p>\n","protected":false},"excerpt":{"rendered":"<p><strong>Entre g\u00eaneros e textos: cenas de um agir docente<\/strong><br \/>\neBook \u2014 PDF (S\u00e9rie Mem\u00f3rias)<br \/>\nAngela Paiva Dionisio<\/p>\n<p>&#8220;Escrever um memorial? Solicitar promo\u00e7\u00e3o para classe E? Foram d\u00favidas e incertezas que me acompanharam por muitos meses. Escrever um memorial me parecia semelhante \u00e0 resist\u00eancia que sempre tive em escrever di\u00e1rios, pois se n\u00e3o \u00e9 para contar, n\u00e3o se escreve. Eu precisava dizer o que sobre mim? O Lattes n\u00e3o faz isto? Precisaria ainda eu falar de mim, de minha vida acad\u00eamica? Soava-me extremamente chato e desinteressante. At\u00e9 que decidi fazer! E comecei a reviver n\u00e3o apenas a minha vida acad\u00eamica, mas as minhas experi\u00eancias escolares. Voltei quase que terapeuticamente at\u00e9 a turma do Zero! Percebi, ent\u00e3o, que poderia n\u00e3o ser t\u00e3o chato assim, pois a minha vida n\u00e3o \u00e9 chata! Precisei perceber um detalhe fundamental: o Lattes n\u00e3o mostra A Vida.&#8221;<\/p>\n<p>\u2014 Angela Paiva Dionisio<\/p>\n<p>1\u00aa Edi\u00e7\u00e3o. Pipa Comunica\u00e7\u00e3o. 2018.<br \/>\nISBN 978-85-66530-84-1<br \/>\n140p.<\/p>\n","protected":false},"featured_media":2912,"comment_status":"open","ping_status":"closed","template":"","meta":{"jetpack_post_was_ever_published":false,"jetpack_publicize_message":"","jetpack_publicize_feature_enabled":true,"jetpack_social_post_already_shared":true,"jetpack_social_options":{"image_generator_settings":{"template":"highway","default_image_id":0,"font":"","enabled":false},"version":2}},"product_brand":[],"product_cat":[34,19,17],"product_tag":[],"class_list":{"0":"post-2904","1":"product","2":"type-product","3":"status-publish","4":"has-post-thumbnail","6":"product_cat-sem-categoria","7":"product_cat-livros-digitais","8":"product_cat-gratuitos","10":"first","11":"instock","12":"sold-individually","13":"shipping-taxable","14":"product-type-external"},"yoast_head":"<!-- This site is optimized with the Yoast SEO plugin v27.1.1 - https:\/\/yoast.com\/product\/yoast-seo-wordpress\/ -->\n<title>Entre g\u00eaneros e textos: cenas de um agir docente<\/title>\n<meta name=\"description\" content=\"Para ir al\u00e9m do Lattes Angela Paiva Dioniso transformou o seu memorial acad\u00eamico em uma leitura inspiradora para quem tamb\u00e9m pretende seguir carreira acad\u00eamica.\" \/>\n<meta name=\"robots\" content=\"index, follow, max-snippet:-1, max-image-preview:large, max-video-preview:-1\" \/>\n<link rel=\"canonical\" href=\"https:\/\/www.pipacomunica.com.br\/livrariadapipa\/produto\/entre-generos-e-textos\/\" \/>\n<meta property=\"og:locale\" content=\"pt_BR\" \/>\n<meta property=\"og:type\" content=\"article\" \/>\n<meta property=\"og:title\" content=\"Entre g\u00eaneros e textos: cenas de um agir docente\" \/>\n<meta property=\"og:description\" content=\"Para ir al\u00e9m do Lattes a professora Angela Paiva Dioniso transformou o seu memorial acad\u00eamico em uma leitura inspiradora para quem tamb\u00e9m pretende seguir carreira acad\u00eamica.\" \/>\n<meta property=\"og:url\" content=\"https:\/\/www.pipacomunica.com.br\/livrariadapipa\/produto\/entre-generos-e-textos\/\" \/>\n<meta property=\"og:site_name\" content=\"Livraria da Pipa Comunica\u00e7\u00e3o\" \/>\n<meta property=\"article:publisher\" content=\"https:\/\/www.facebook.com\/pipacomunica\" \/>\n<meta property=\"article:modified_time\" content=\"2025-07-08T07:43:14+00:00\" \/>\n<meta property=\"og:image\" content=\"https:\/\/www.pipacomunica.com.br\/livrariadapipa\/wp-content\/uploads\/2018\/12\/thum-ebook-entre-generos-angela-dionisio.png\" \/>\n\t<meta property=\"og:image:width\" content=\"1200\" \/>\n\t<meta property=\"og:image:height\" content=\"675\" \/>\n\t<meta property=\"og:image:type\" content=\"image\/png\" \/>\n<meta name=\"twitter:card\" content=\"summary_large_image\" \/>\n<meta name=\"twitter:title\" content=\"Entre g\u00eaneros e textos: cenas de um agir docente\" \/>\n<meta name=\"twitter:description\" content=\"Para ir al\u00e9m do Lattes a professora Angela Paiva Dioniso transformou o seu memorial acad\u00eamico em uma leitura inspiradora para quem tamb\u00e9m pretende seguir carreira acad\u00eamica.\" \/>\n<meta name=\"twitter:image\" content=\"https:\/\/i0.wp.com\/www.pipacomunica.com.br\/livrariadapipa\/wp-content\/uploads\/2018\/12\/thum-ebook-entre-generos-angela-dionisio.png?fit=1200%2C675&ssl=1\" \/>\n<meta name=\"twitter:site\" content=\"@PipaComunica\" \/>\n<meta name=\"twitter:label1\" content=\"Est. tempo de leitura\" \/>\n\t<meta name=\"twitter:data1\" content=\"2 minutos\" \/>\n<script type=\"application\/ld+json\" class=\"yoast-schema-graph\">{\"@context\":\"https:\/\/schema.org\",\"@graph\":[{\"@type\":\"WebPage\",\"@id\":\"https:\/\/www.pipacomunica.com.br\/livrariadapipa\/produto\/entre-generos-e-textos\/\",\"url\":\"https:\/\/www.pipacomunica.com.br\/livrariadapipa\/produto\/entre-generos-e-textos\/\",\"name\":\"Entre g\u00eaneros e textos: cenas de um agir docente\",\"isPartOf\":{\"@id\":\"https:\/\/www.pipacomunica.com.br\/livrariadapipa\/#website\"},\"primaryImageOfPage\":{\"@id\":\"https:\/\/www.pipacomunica.com.br\/livrariadapipa\/produto\/entre-generos-e-textos\/#primaryimage\"},\"image\":{\"@id\":\"https:\/\/www.pipacomunica.com.br\/livrariadapipa\/produto\/entre-generos-e-textos\/#primaryimage\"},\"thumbnailUrl\":\"https:\/\/i0.wp.com\/www.pipacomunica.com.br\/livrariadapipa\/wp-content\/uploads\/2018\/12\/ebook-entre-generos-e-textos.png?fit=461%2C595&ssl=1\",\"datePublished\":\"2018-12-21T12:46:01+00:00\",\"dateModified\":\"2025-07-08T07:43:14+00:00\",\"description\":\"Para ir al\u00e9m do Lattes Angela Paiva Dioniso transformou o seu memorial acad\u00eamico em uma leitura inspiradora para quem tamb\u00e9m pretende seguir carreira acad\u00eamica.\",\"breadcrumb\":{\"@id\":\"https:\/\/www.pipacomunica.com.br\/livrariadapipa\/produto\/entre-generos-e-textos\/#breadcrumb\"},\"inLanguage\":\"pt-BR\",\"potentialAction\":[{\"@type\":\"ReadAction\",\"target\":[\"https:\/\/www.pipacomunica.com.br\/livrariadapipa\/produto\/entre-generos-e-textos\/\"]}]},{\"@type\":\"ImageObject\",\"inLanguage\":\"pt-BR\",\"@id\":\"https:\/\/www.pipacomunica.com.br\/livrariadapipa\/produto\/entre-generos-e-textos\/#primaryimage\",\"url\":\"https:\/\/i0.wp.com\/www.pipacomunica.com.br\/livrariadapipa\/wp-content\/uploads\/2018\/12\/ebook-entre-generos-e-textos.png?fit=461%2C595&ssl=1\",\"contentUrl\":\"https:\/\/i0.wp.com\/www.pipacomunica.com.br\/livrariadapipa\/wp-content\/uploads\/2018\/12\/ebook-entre-generos-e-textos.png?fit=461%2C595&ssl=1\",\"width\":461,\"height\":595,\"caption\":\"Entre g\u00eaneros e textos: cenas de um agir docente.\"},{\"@type\":\"BreadcrumbList\",\"@id\":\"https:\/\/www.pipacomunica.com.br\/livrariadapipa\/produto\/entre-generos-e-textos\/#breadcrumb\",\"itemListElement\":[{\"@type\":\"ListItem\",\"position\":1,\"name\":\"In\u00edcio\",\"item\":\"https:\/\/www.pipacomunica.com.br\/livrariadapipa\/\"},{\"@type\":\"ListItem\",\"position\":2,\"name\":\"Cat\u00e1logo\",\"item\":\"https:\/\/www.pipacomunica.com.br\/livrariadapipa\/vitrine\/\"},{\"@type\":\"ListItem\",\"position\":3,\"name\":\"Entre g\u00eaneros e textos: cenas de um agir docente\"}]},{\"@type\":\"WebSite\",\"@id\":\"https:\/\/www.pipacomunica.com.br\/livrariadapipa\/#website\",\"url\":\"https:\/\/www.pipacomunica.com.br\/livrariadapipa\/\",\"name\":\"Livraria da Pipa Comunica\u00e7\u00e3o\",\"description\":\"Livros mais baratos que xerox\",\"publisher\":{\"@id\":\"https:\/\/www.pipacomunica.com.br\/livrariadapipa\/#organization\"},\"potentialAction\":[{\"@type\":\"SearchAction\",\"target\":{\"@type\":\"EntryPoint\",\"urlTemplate\":\"https:\/\/www.pipacomunica.com.br\/livrariadapipa\/?s={search_term_string}\"},\"query-input\":{\"@type\":\"PropertyValueSpecification\",\"valueRequired\":true,\"valueName\":\"search_term_string\"}}],\"inLanguage\":\"pt-BR\"},{\"@type\":\"Organization\",\"@id\":\"https:\/\/www.pipacomunica.com.br\/livrariadapipa\/#organization\",\"name\":\"Livraria da Pipa Comunica\u00e7\u00e3o\",\"url\":\"https:\/\/www.pipacomunica.com.br\/livrariadapipa\/\",\"logo\":{\"@type\":\"ImageObject\",\"inLanguage\":\"pt-BR\",\"@id\":\"https:\/\/www.pipacomunica.com.br\/livrariadapipa\/#\/schema\/logo\/image\/\",\"url\":\"https:\/\/i0.wp.com\/www.pipacomunica.com.br\/livrariadapipa\/wp-content\/uploads\/2018\/09\/marca-livraria-pipa-400px-negativo.png?fit=400%2C80&ssl=1\",\"contentUrl\":\"https:\/\/i0.wp.com\/www.pipacomunica.com.br\/livrariadapipa\/wp-content\/uploads\/2018\/09\/marca-livraria-pipa-400px-negativo.png?fit=400%2C80&ssl=1\",\"width\":400,\"height\":80,\"caption\":\"Livraria da Pipa Comunica\u00e7\u00e3o\"},\"image\":{\"@id\":\"https:\/\/www.pipacomunica.com.br\/livrariadapipa\/#\/schema\/logo\/image\/\"},\"sameAs\":[\"https:\/\/www.facebook.com\/pipacomunica\",\"https:\/\/x.com\/PipaComunica\",\"https:\/\/instagram.com\/pipacomunicacao\",\"http:\/\/www.linkedin.com\/companies\/pipa-comunica-o\",\"https:\/\/br.pinterest.com\/pipacomunicacao\/\",\"http:\/\/il.youtube.com\/user\/pipacomunicacao\"]}]}<\/script>\n<!-- \/ Yoast SEO plugin. -->","yoast_head_json":{"title":"Entre g\u00eaneros e textos: cenas de um agir docente","description":"Para ir al\u00e9m do Lattes Angela Paiva Dioniso transformou o seu memorial acad\u00eamico em uma leitura inspiradora para quem tamb\u00e9m pretende seguir carreira acad\u00eamica.","robots":{"index":"index","follow":"follow","max-snippet":"max-snippet:-1","max-image-preview":"max-image-preview:large","max-video-preview":"max-video-preview:-1"},"canonical":"https:\/\/www.pipacomunica.com.br\/livrariadapipa\/produto\/entre-generos-e-textos\/","og_locale":"pt_BR","og_type":"article","og_title":"Entre g\u00eaneros e textos: cenas de um agir docente","og_description":"Para ir al\u00e9m do Lattes a professora Angela Paiva Dioniso transformou o seu memorial acad\u00eamico em uma leitura inspiradora para quem tamb\u00e9m pretende seguir carreira acad\u00eamica.","og_url":"https:\/\/www.pipacomunica.com.br\/livrariadapipa\/produto\/entre-generos-e-textos\/","og_site_name":"Livraria da Pipa Comunica\u00e7\u00e3o","article_publisher":"https:\/\/www.facebook.com\/pipacomunica","article_modified_time":"2025-07-08T07:43:14+00:00","og_image":[{"width":1200,"height":675,"url":"https:\/\/www.pipacomunica.com.br\/livrariadapipa\/wp-content\/uploads\/2018\/12\/thum-ebook-entre-generos-angela-dionisio.png","type":"image\/png"}],"twitter_card":"summary_large_image","twitter_title":"Entre g\u00eaneros e textos: cenas de um agir docente","twitter_description":"Para ir al\u00e9m do Lattes a professora Angela Paiva Dioniso transformou o seu memorial acad\u00eamico em uma leitura inspiradora para quem tamb\u00e9m pretende seguir carreira acad\u00eamica.","twitter_image":"https:\/\/i0.wp.com\/www.pipacomunica.com.br\/livrariadapipa\/wp-content\/uploads\/2018\/12\/thum-ebook-entre-generos-angela-dionisio.png?fit=1200%2C675&ssl=1","twitter_site":"@PipaComunica","twitter_misc":{"Est. tempo de leitura":"2 minutos"},"schema":{"@context":"https:\/\/schema.org","@graph":[{"@type":"WebPage","@id":"https:\/\/www.pipacomunica.com.br\/livrariadapipa\/produto\/entre-generos-e-textos\/","url":"https:\/\/www.pipacomunica.com.br\/livrariadapipa\/produto\/entre-generos-e-textos\/","name":"Entre g\u00eaneros e textos: cenas de um agir docente","isPartOf":{"@id":"https:\/\/www.pipacomunica.com.br\/livrariadapipa\/#website"},"primaryImageOfPage":{"@id":"https:\/\/www.pipacomunica.com.br\/livrariadapipa\/produto\/entre-generos-e-textos\/#primaryimage"},"image":{"@id":"https:\/\/www.pipacomunica.com.br\/livrariadapipa\/produto\/entre-generos-e-textos\/#primaryimage"},"thumbnailUrl":"https:\/\/i0.wp.com\/www.pipacomunica.com.br\/livrariadapipa\/wp-content\/uploads\/2018\/12\/ebook-entre-generos-e-textos.png?fit=461%2C595&ssl=1","datePublished":"2018-12-21T12:46:01+00:00","dateModified":"2025-07-08T07:43:14+00:00","description":"Para ir al\u00e9m do Lattes Angela Paiva Dioniso transformou o seu memorial acad\u00eamico em uma leitura inspiradora para quem tamb\u00e9m pretende seguir carreira acad\u00eamica.","breadcrumb":{"@id":"https:\/\/www.pipacomunica.com.br\/livrariadapipa\/produto\/entre-generos-e-textos\/#breadcrumb"},"inLanguage":"pt-BR","potentialAction":[{"@type":"ReadAction","target":["https:\/\/www.pipacomunica.com.br\/livrariadapipa\/produto\/entre-generos-e-textos\/"]}]},{"@type":"ImageObject","inLanguage":"pt-BR","@id":"https:\/\/www.pipacomunica.com.br\/livrariadapipa\/produto\/entre-generos-e-textos\/#primaryimage","url":"https:\/\/i0.wp.com\/www.pipacomunica.com.br\/livrariadapipa\/wp-content\/uploads\/2018\/12\/ebook-entre-generos-e-textos.png?fit=461%2C595&ssl=1","contentUrl":"https:\/\/i0.wp.com\/www.pipacomunica.com.br\/livrariadapipa\/wp-content\/uploads\/2018\/12\/ebook-entre-generos-e-textos.png?fit=461%2C595&ssl=1","width":461,"height":595,"caption":"Entre g\u00eaneros e textos: cenas de um agir docente."},{"@type":"BreadcrumbList","@id":"https:\/\/www.pipacomunica.com.br\/livrariadapipa\/produto\/entre-generos-e-textos\/#breadcrumb","itemListElement":[{"@type":"ListItem","position":1,"name":"In\u00edcio","item":"https:\/\/www.pipacomunica.com.br\/livrariadapipa\/"},{"@type":"ListItem","position":2,"name":"Cat\u00e1logo","item":"https:\/\/www.pipacomunica.com.br\/livrariadapipa\/vitrine\/"},{"@type":"ListItem","position":3,"name":"Entre g\u00eaneros e textos: cenas de um agir docente"}]},{"@type":"WebSite","@id":"https:\/\/www.pipacomunica.com.br\/livrariadapipa\/#website","url":"https:\/\/www.pipacomunica.com.br\/livrariadapipa\/","name":"Livraria da Pipa Comunica\u00e7\u00e3o","description":"Livros mais baratos que xerox","publisher":{"@id":"https:\/\/www.pipacomunica.com.br\/livrariadapipa\/#organization"},"potentialAction":[{"@type":"SearchAction","target":{"@type":"EntryPoint","urlTemplate":"https:\/\/www.pipacomunica.com.br\/livrariadapipa\/?s={search_term_string}"},"query-input":{"@type":"PropertyValueSpecification","valueRequired":true,"valueName":"search_term_string"}}],"inLanguage":"pt-BR"},{"@type":"Organization","@id":"https:\/\/www.pipacomunica.com.br\/livrariadapipa\/#organization","name":"Livraria da Pipa Comunica\u00e7\u00e3o","url":"https:\/\/www.pipacomunica.com.br\/livrariadapipa\/","logo":{"@type":"ImageObject","inLanguage":"pt-BR","@id":"https:\/\/www.pipacomunica.com.br\/livrariadapipa\/#\/schema\/logo\/image\/","url":"https:\/\/i0.wp.com\/www.pipacomunica.com.br\/livrariadapipa\/wp-content\/uploads\/2018\/09\/marca-livraria-pipa-400px-negativo.png?fit=400%2C80&ssl=1","contentUrl":"https:\/\/i0.wp.com\/www.pipacomunica.com.br\/livrariadapipa\/wp-content\/uploads\/2018\/09\/marca-livraria-pipa-400px-negativo.png?fit=400%2C80&ssl=1","width":400,"height":80,"caption":"Livraria da Pipa Comunica\u00e7\u00e3o"},"image":{"@id":"https:\/\/www.pipacomunica.com.br\/livrariadapipa\/#\/schema\/logo\/image\/"},"sameAs":["https:\/\/www.facebook.com\/pipacomunica","https:\/\/x.com\/PipaComunica","https:\/\/instagram.com\/pipacomunicacao","http:\/\/www.linkedin.com\/companies\/pipa-comunica-o","https:\/\/br.pinterest.com\/pipacomunicacao\/","http:\/\/il.youtube.com\/user\/pipacomunicacao"]}]}},"jetpack_publicize_connections":[],"jetpack_sharing_enabled":true,"_links":{"self":[{"href":"https:\/\/www.pipacomunica.com.br\/livrariadapipa\/wp-json\/wp\/v2\/product\/2904","targetHints":{"allow":["GET"]}}],"collection":[{"href":"https:\/\/www.pipacomunica.com.br\/livrariadapipa\/wp-json\/wp\/v2\/product"}],"about":[{"href":"https:\/\/www.pipacomunica.com.br\/livrariadapipa\/wp-json\/wp\/v2\/types\/product"}],"replies":[{"embeddable":true,"href":"https:\/\/www.pipacomunica.com.br\/livrariadapipa\/wp-json\/wp\/v2\/comments?post=2904"}],"version-history":[{"count":4,"href":"https:\/\/www.pipacomunica.com.br\/livrariadapipa\/wp-json\/wp\/v2\/product\/2904\/revisions"}],"predecessor-version":[{"id":12001,"href":"https:\/\/www.pipacomunica.com.br\/livrariadapipa\/wp-json\/wp\/v2\/product\/2904\/revisions\/12001"}],"wp:featuredmedia":[{"embeddable":true,"href":"https:\/\/www.pipacomunica.com.br\/livrariadapipa\/wp-json\/wp\/v2\/media\/2912"}],"wp:attachment":[{"href":"https:\/\/www.pipacomunica.com.br\/livrariadapipa\/wp-json\/wp\/v2\/media?parent=2904"}],"wp:term":[{"taxonomy":"product_brand","embeddable":true,"href":"https:\/\/www.pipacomunica.com.br\/livrariadapipa\/wp-json\/wp\/v2\/product_brand?post=2904"},{"taxonomy":"product_cat","embeddable":true,"href":"https:\/\/www.pipacomunica.com.br\/livrariadapipa\/wp-json\/wp\/v2\/product_cat?post=2904"},{"taxonomy":"product_tag","embeddable":true,"href":"https:\/\/www.pipacomunica.com.br\/livrariadapipa\/wp-json\/wp\/v2\/product_tag?post=2904"}],"curies":[{"name":"wp","href":"https:\/\/api.w.org\/{rel}","templated":true}]}}