{"id":12186,"date":"2023-11-16T21:26:59","date_gmt":"2023-11-17T00:26:59","guid":{"rendered":"https:\/\/www.pipacomunica.com.br\/livrariadapipa\/?post_type=product&#038;p=12186"},"modified":"2023-12-28T22:29:08","modified_gmt":"2023-12-29T01:29:08","slug":"formacao-de-professores-e-profissionalizacao-docente","status":"publish","type":"product","link":"https:\/\/www.pipacomunica.com.br\/livrariadapipa\/produto\/formacao-de-professores-e-profissionalizacao-docente\/","title":{"rendered":"Forma\u00e7\u00e3o de professores e profissionaliza\u00e7\u00e3o docente: pr\u00e1ticas situadas"},"content":{"rendered":"<p><strong>Forma\u00e7\u00e3o de professores e profissionaliza\u00e7\u00e3o docente: pr\u00e1ticas situadas<\/strong><br \/>\n<a href=\"https:\/\/drive.google.com\/file\/d\/1p0tlHCOsGGhTrHobwXFcNtlDxCswDBwL\/view?usp=sharing\" target=\"_blank\" rel=\"noopener\"><em>PDF <\/em><\/a><br \/>\nM\u00e1rcia Andr\u00e9a Almeida de Oliveira (Organizadora)<\/p>\n<p>Este livro \u00e9 fruto do II Semin\u00e1rio de Est\u00e1gio Supervisionado em L\u00edngua Portuguesa, realizado online em 2021, visando repensar as pr\u00e1ticas docentes durante a pandemia. Re\u00fane textos de professores e pesquisadores sobre forma\u00e7\u00e3o de professores, destacando experi\u00eancias no Ensino Remoto e a integra\u00e7\u00e3o entre teoria e pr\u00e1tica na constru\u00e7\u00e3o do conhecimento pedag\u00f3gico.<\/p>\n<p>Dividido em tr\u00eas partes, o livro explora a forma\u00e7\u00e3o de professores em contextos diversos, dispositivos de forma\u00e7\u00e3o docente e avalia\u00e7\u00e3o formativa. Destaca-se a an\u00e1lise da forma\u00e7\u00e3o docente na Finl\u00e2ndia, pr\u00e1ticas de Est\u00e1gio Supervisionado em L\u00edngua Portuguesa durante o Ensino Remoto e ferramentas metodol\u00f3gicas inovadoras no contexto de ensino mediado por tecnologias digitais.<\/p>\n<p>Com foco em dispositivos did\u00e1ticos e avalia\u00e7\u00e3o formativa, apresenta-se a import\u00e2ncia da reflex\u00e3o situada do professor em forma\u00e7\u00e3o inicial e continuada. Destacam-se pr\u00e1ticas de forma\u00e7\u00e3o continuada, sequ\u00eancias did\u00e1ticas formativas e a valoriza\u00e7\u00e3o da pesquisa como elemento formativo para os profissionais da educa\u00e7\u00e3o.<\/p>\n<p>Essa colet\u00e2nea oferece um amplo panorama te\u00f3rico e pr\u00e1tico sobre a forma\u00e7\u00e3o de professores, ideal para profissionais, pesquisadores e estudantes que buscam inova\u00e7\u00e3o e aprimoramento na \u00e1rea educacional.<\/p>\n<h4>Sobre a organizadora<\/h4>\n<p style=\"text-align: center;\"><a href=\"https:\/\/i0.wp.com\/www.pipacomunica.com.br\/livrariadapipa\/wp-content\/uploads\/2023\/11\/Marcia-Andrea-Almeida-de-Oliveira.png?ssl=1\"><img data-recalc-dims=\"1\" decoding=\"async\" class=\"aligncenter wp-image-12197 size-thumbnail\" src=\"https:\/\/i0.wp.com\/www.pipacomunica.com.br\/livrariadapipa\/wp-content\/uploads\/2023\/11\/Marcia-Andrea-Almeida-de-Oliveira.png?resize=150%2C150&#038;ssl=1\" alt=\"M\u00e1rcia Andr\u00e9a Almeida de Oliveira\" width=\"150\" height=\"150\" srcset=\"https:\/\/i0.wp.com\/www.pipacomunica.com.br\/livrariadapipa\/wp-content\/uploads\/2023\/11\/Marcia-Andrea-Almeida-de-Oliveira.png?resize=150%2C150&amp;ssl=1 150w, https:\/\/i0.wp.com\/www.pipacomunica.com.br\/livrariadapipa\/wp-content\/uploads\/2023\/11\/Marcia-Andrea-Almeida-de-Oliveira.png?resize=300%2C300&amp;ssl=1 300w, https:\/\/i0.wp.com\/www.pipacomunica.com.br\/livrariadapipa\/wp-content\/uploads\/2023\/11\/Marcia-Andrea-Almeida-de-Oliveira.png?resize=100%2C100&amp;ssl=1 100w, https:\/\/i0.wp.com\/www.pipacomunica.com.br\/livrariadapipa\/wp-content\/uploads\/2023\/11\/Marcia-Andrea-Almeida-de-Oliveira.png?w=362&amp;ssl=1 362w\" sizes=\"(max-width: 150px) 100vw, 150px\" \/><\/a><\/p>\n<p style=\"text-align: center;\"><strong>M\u00e1rcia Andr\u00e9a Almeida de Oliveira<\/strong><\/p>\n<p>Doutora em Lingu\u00edstica Aplicada pela Universidade de Campinas (2013), com est\u00e1gio doutoral na Universidade de Genebra, p\u00f3s-doutora (visitante) na Faculdade de P\u00f3s-gradua\u00e7\u00e3o em Educa\u00e7\u00e3o de Harvard (2018-2019) e pesquisadora convidada (2022-2023) do Grafe-Prisme (Programa de Pesquisa em Engenharia Did\u00e1tica: Conhecimento da Linguagem, Media\u00e7\u00e3o Educacional e Ensino), da Faculdade de Psicologia e Ci\u00eancias da Educa\u00e7\u00e3o (FAPSE\/UNIGE). Professora adjunta na Universidade Federal do Par\u00e1, atuando na gradua\u00e7\u00e3o em Letras (Licenciatura L\u00edngua Portuguesa) e no programa de p\u00f3s-gradua\u00e7\u00e3o ProfLetras. Coordenadora do grupo de pesquisa LED (Literacia e Engenharia Did\u00e1tica), do projeto de extens\u00e3o Literacia: mudando vida para al\u00e9m das palavras e do projeto de pesquisa A forma\u00e7\u00e3o de especialista em literacia e seu impacto no desenvolvimento da leitura, escrita e oralidade de alunos do Ensino Fundamental. Tem experi\u00eancia na \u00e1rea de Lingu\u00edstica Aplicada e Did\u00e1tica das L\u00ednguas, atuando principalmente nos seguintes temas: literacia, engenharia did\u00e1tica, forma\u00e7\u00e3o de professores e gestos did\u00e1ticos\/profissionais.<\/p>\n<h4>Ficha T\u00e9cnica<\/h4>\n<p><strong>Capa e Projeto Gr\u00e1fico<\/strong>: Karla Vidal<br \/>\n<strong>Diagrama\u00e7\u00e3o<\/strong>: Augusto Noronha e Karla Vidal<br \/>\n<strong>Revis\u00e3o<\/strong>: a organizadora<br \/>\n<strong>Editores<\/strong>: Augusto Noronha e Karla Vidal (Pipa Comunica\u00e7\u00e3o &#8211; http:\/\/www.pipacomunica.com.br)<br \/>\n<strong>Realiza\u00e7\u00e3o:<\/strong>Comiss\u00e3o Cient\u00edfica do I Semin\u00e1rio de Est\u00e1gio Supervisionado em L\u00edngua Portuguesa: ressignificando pr\u00e1ticas docentes no ERE<\/p>\n","protected":false},"excerpt":{"rendered":"<p><strong>Forma\u00e7\u00e3o de professores e profissionaliza\u00e7\u00e3o docente: pr\u00e1ticas situadas<\/strong><br \/>\n<a href=\"https:\/\/drive.google.com\/file\/d\/1p0tlHCOsGGhTrHobwXFcNtlDxCswDBwL\/view?usp=sharing\" target=\"_blank\" rel=\"noopener\"><em>PDF <\/em><\/a><br \/>\nM\u00e1rcia Andr\u00e9a Almeida de Oliveira (Organizadora)<\/p>\n<p>Este livro \u00e9 fruto do II Semin\u00e1rio de Est\u00e1gio Supervisionado em L\u00edngua Portuguesa, realizado online em 2021, visando repensar as pr\u00e1ticas docentes durante a pandemia. Re\u00fane textos de professores e pesquisadores sobre forma\u00e7\u00e3o de professores, destacando experi\u00eancias no Ensino Remoto e a integra\u00e7\u00e3o entre teoria e pr\u00e1tica na constru\u00e7\u00e3o do conhecimento pedag\u00f3gico.<\/p>\n<p>Dividido em tr\u00eas partes, o livro explora a forma\u00e7\u00e3o de professores em contextos diversos, dispositivos de forma\u00e7\u00e3o docente e avalia\u00e7\u00e3o formativa. Destaca-se a an\u00e1lise da forma\u00e7\u00e3o docente na Finl\u00e2ndia, pr\u00e1ticas de Est\u00e1gio Supervisionado em L\u00edngua Portuguesa durante o Ensino Remoto e ferramentas metodol\u00f3gicas inovadoras no contexto de ensino mediado por tecnologias digitais.<\/p>\n<p>Com foco em dispositivos did\u00e1ticos e avalia\u00e7\u00e3o formativa, apresenta-se a import\u00e2ncia da reflex\u00e3o situada do professor em forma\u00e7\u00e3o inicial e continuada. Destacam-se pr\u00e1ticas de forma\u00e7\u00e3o continuada, sequ\u00eancias did\u00e1ticas formativas e a valoriza\u00e7\u00e3o da pesquisa como elemento formativo para os profissionais da educa\u00e7\u00e3o.<\/p>\n<p>Essa colet\u00e2nea oferece um amplo panorama te\u00f3rico e pr\u00e1tico sobre a forma\u00e7\u00e3o de professores, ideal para profissionais, pesquisadores e estudantes que buscam inova\u00e7\u00e3o e aprimoramento na \u00e1rea educacional.<\/p>\n<h4>Ficha T\u00e9cnica<\/h4>\n<p>1\u00aa ed.<br \/>\nPDF<br \/>\n518 p.<br \/>\nISBN 978-65-87033-50-1<br \/>\n1. Forma\u00e7\u00e3o de professores. I. Oliveira, M\u00e1rcia Andr\u00e9a Almeida de (Organiza\u00e7\u00e3o). II. Bueno, Luzia (Pref\u00e1cio). III. Oliveira, M\u00e1rcia Andr\u00e9a Almeida de (Apresenta\u00e7\u00e3o). IV. T\u00edtulo.<\/p>\n","protected":false},"featured_media":12191,"comment_status":"open","ping_status":"closed","template":"","meta":{"jetpack_post_was_ever_published":false,"jetpack_publicize_message":"","jetpack_publicize_feature_enabled":true,"jetpack_social_post_already_shared":true,"jetpack_social_options":{"image_generator_settings":{"template":"highway","default_image_id":0,"font":"","enabled":false},"version":2}},"product_brand":[],"product_cat":[34,19,17],"product_tag":[],"class_list":{"0":"post-12186","1":"product","2":"type-product","3":"status-publish","4":"has-post-thumbnail","6":"product_cat-sem-categoria","7":"product_cat-livros-digitais","8":"product_cat-gratuitos","10":"first","11":"instock","12":"sold-individually","13":"shipping-taxable","14":"product-type-external"},"yoast_head":"<!-- This site is optimized with the Yoast SEO plugin v27.1.1 - https:\/\/yoast.com\/product\/yoast-seo-wordpress\/ -->\n<title>Forma\u00e7\u00e3o de professores e profissionaliza\u00e7\u00e3o docente<\/title>\n<meta name=\"description\" content=\"Essa colet\u00e2nea oferece um amplo panorama te\u00f3rico e pr\u00e1tico sobre a forma\u00e7\u00e3o de professores, ideal para quem busca aprimoramento na \u00e1rea educacional.\" \/>\n<meta name=\"robots\" content=\"index, follow, max-snippet:-1, max-image-preview:large, max-video-preview:-1\" \/>\n<link rel=\"canonical\" href=\"https:\/\/www.pipacomunica.com.br\/livrariadapipa\/produto\/formacao-de-professores-e-profissionalizacao-docente\/\" \/>\n<meta property=\"og:locale\" content=\"pt_BR\" \/>\n<meta property=\"og:type\" content=\"article\" \/>\n<meta property=\"og:title\" content=\"Forma\u00e7\u00e3o de professores e profissionaliza\u00e7\u00e3o docente: pr\u00e1ticas situadas\" \/>\n<meta property=\"og:description\" content=\"Essa colet\u00e2nea oferece um amplo panorama te\u00f3rico e pr\u00e1tico sobre a forma\u00e7\u00e3o de professores, ideal para quem busca aprimoramento na \u00e1rea educacional.\" \/>\n<meta property=\"og:url\" content=\"https:\/\/www.pipacomunica.com.br\/livrariadapipa\/produto\/formacao-de-professores-e-profissionalizacao-docente\/\" \/>\n<meta property=\"og:site_name\" content=\"Livraria da Pipa Comunica\u00e7\u00e3o\" \/>\n<meta property=\"article:publisher\" content=\"https:\/\/www.facebook.com\/pipacomunica\" \/>\n<meta property=\"article:modified_time\" content=\"2023-12-29T01:29:08+00:00\" \/>\n<meta property=\"og:image\" content=\"https:\/\/www.pipacomunica.com.br\/livrariadapipa\/wp-content\/uploads\/2023\/12\/thumbs-Formacao-de-professores-e-profissionalizacao-docente.png\" \/>\n\t<meta property=\"og:image:width\" content=\"870\" \/>\n\t<meta property=\"og:image:height\" content=\"452\" \/>\n\t<meta property=\"og:image:type\" content=\"image\/png\" \/>\n<meta name=\"twitter:card\" content=\"summary_large_image\" \/>\n<meta name=\"twitter:title\" content=\"Forma\u00e7\u00e3o de professores e profissionaliza\u00e7\u00e3o docente: pr\u00e1ticas situadas\" \/>\n<meta name=\"twitter:description\" content=\"Essa colet\u00e2nea oferece um amplo panorama te\u00f3rico e pr\u00e1tico sobre a forma\u00e7\u00e3o de professores, ideal para quem busca aprimoramento na \u00e1rea educacional.\" \/>\n<meta name=\"twitter:image\" content=\"https:\/\/i0.wp.com\/www.pipacomunica.com.br\/livrariadapipa\/wp-content\/uploads\/2023\/12\/thumbs-Formacao-de-professores-e-profissionalizacao-docente.png?fit=870%2C452&ssl=1\" \/>\n<meta name=\"twitter:site\" content=\"@PipaComunica\" \/>\n<meta name=\"twitter:label1\" content=\"Est. tempo de leitura\" \/>\n\t<meta name=\"twitter:data1\" content=\"3 minutos\" \/>\n<script type=\"application\/ld+json\" class=\"yoast-schema-graph\">{\"@context\":\"https:\/\/schema.org\",\"@graph\":[{\"@type\":\"WebPage\",\"@id\":\"https:\/\/www.pipacomunica.com.br\/livrariadapipa\/produto\/formacao-de-professores-e-profissionalizacao-docente\/\",\"url\":\"https:\/\/www.pipacomunica.com.br\/livrariadapipa\/produto\/formacao-de-professores-e-profissionalizacao-docente\/\",\"name\":\"Forma\u00e7\u00e3o de professores e profissionaliza\u00e7\u00e3o docente\",\"isPartOf\":{\"@id\":\"https:\/\/www.pipacomunica.com.br\/livrariadapipa\/#website\"},\"primaryImageOfPage\":{\"@id\":\"https:\/\/www.pipacomunica.com.br\/livrariadapipa\/produto\/formacao-de-professores-e-profissionalizacao-docente\/#primaryimage\"},\"image\":{\"@id\":\"https:\/\/www.pipacomunica.com.br\/livrariadapipa\/produto\/formacao-de-professores-e-profissionalizacao-docente\/#primaryimage\"},\"thumbnailUrl\":\"https:\/\/i0.wp.com\/www.pipacomunica.com.br\/livrariadapipa\/wp-content\/uploads\/2023\/11\/Formacao-de-professores-e-profissionalizacao-docente.png?fit=461%2C595&ssl=1\",\"datePublished\":\"2023-11-17T00:26:59+00:00\",\"dateModified\":\"2023-12-29T01:29:08+00:00\",\"description\":\"Essa colet\u00e2nea oferece um amplo panorama te\u00f3rico e pr\u00e1tico sobre a forma\u00e7\u00e3o de professores, ideal para quem busca aprimoramento na \u00e1rea educacional.\",\"breadcrumb\":{\"@id\":\"https:\/\/www.pipacomunica.com.br\/livrariadapipa\/produto\/formacao-de-professores-e-profissionalizacao-docente\/#breadcrumb\"},\"inLanguage\":\"pt-BR\",\"potentialAction\":[{\"@type\":\"ReadAction\",\"target\":[\"https:\/\/www.pipacomunica.com.br\/livrariadapipa\/produto\/formacao-de-professores-e-profissionalizacao-docente\/\"]}]},{\"@type\":\"ImageObject\",\"inLanguage\":\"pt-BR\",\"@id\":\"https:\/\/www.pipacomunica.com.br\/livrariadapipa\/produto\/formacao-de-professores-e-profissionalizacao-docente\/#primaryimage\",\"url\":\"https:\/\/i0.wp.com\/www.pipacomunica.com.br\/livrariadapipa\/wp-content\/uploads\/2023\/11\/Formacao-de-professores-e-profissionalizacao-docente.png?fit=461%2C595&ssl=1\",\"contentUrl\":\"https:\/\/i0.wp.com\/www.pipacomunica.com.br\/livrariadapipa\/wp-content\/uploads\/2023\/11\/Formacao-de-professores-e-profissionalizacao-docente.png?fit=461%2C595&ssl=1\",\"width\":461,\"height\":595,\"caption\":\"Forma\u00e7\u00e3o de professores e profissionaliza\u00e7\u00e3o docente\"},{\"@type\":\"BreadcrumbList\",\"@id\":\"https:\/\/www.pipacomunica.com.br\/livrariadapipa\/produto\/formacao-de-professores-e-profissionalizacao-docente\/#breadcrumb\",\"itemListElement\":[{\"@type\":\"ListItem\",\"position\":1,\"name\":\"In\u00edcio\",\"item\":\"https:\/\/www.pipacomunica.com.br\/livrariadapipa\/\"},{\"@type\":\"ListItem\",\"position\":2,\"name\":\"Cat\u00e1logo\",\"item\":\"https:\/\/www.pipacomunica.com.br\/livrariadapipa\/vitrine\/\"},{\"@type\":\"ListItem\",\"position\":3,\"name\":\"Forma\u00e7\u00e3o de professores e profissionaliza\u00e7\u00e3o docente: pr\u00e1ticas situadas\"}]},{\"@type\":\"WebSite\",\"@id\":\"https:\/\/www.pipacomunica.com.br\/livrariadapipa\/#website\",\"url\":\"https:\/\/www.pipacomunica.com.br\/livrariadapipa\/\",\"name\":\"Livraria da Pipa Comunica\u00e7\u00e3o\",\"description\":\"Livros mais baratos que xerox\",\"publisher\":{\"@id\":\"https:\/\/www.pipacomunica.com.br\/livrariadapipa\/#organization\"},\"potentialAction\":[{\"@type\":\"SearchAction\",\"target\":{\"@type\":\"EntryPoint\",\"urlTemplate\":\"https:\/\/www.pipacomunica.com.br\/livrariadapipa\/?s={search_term_string}\"},\"query-input\":{\"@type\":\"PropertyValueSpecification\",\"valueRequired\":true,\"valueName\":\"search_term_string\"}}],\"inLanguage\":\"pt-BR\"},{\"@type\":\"Organization\",\"@id\":\"https:\/\/www.pipacomunica.com.br\/livrariadapipa\/#organization\",\"name\":\"Livraria da Pipa Comunica\u00e7\u00e3o\",\"url\":\"https:\/\/www.pipacomunica.com.br\/livrariadapipa\/\",\"logo\":{\"@type\":\"ImageObject\",\"inLanguage\":\"pt-BR\",\"@id\":\"https:\/\/www.pipacomunica.com.br\/livrariadapipa\/#\/schema\/logo\/image\/\",\"url\":\"https:\/\/i0.wp.com\/www.pipacomunica.com.br\/livrariadapipa\/wp-content\/uploads\/2018\/09\/marca-livraria-pipa-400px-negativo.png?fit=400%2C80&ssl=1\",\"contentUrl\":\"https:\/\/i0.wp.com\/www.pipacomunica.com.br\/livrariadapipa\/wp-content\/uploads\/2018\/09\/marca-livraria-pipa-400px-negativo.png?fit=400%2C80&ssl=1\",\"width\":400,\"height\":80,\"caption\":\"Livraria da Pipa Comunica\u00e7\u00e3o\"},\"image\":{\"@id\":\"https:\/\/www.pipacomunica.com.br\/livrariadapipa\/#\/schema\/logo\/image\/\"},\"sameAs\":[\"https:\/\/www.facebook.com\/pipacomunica\",\"https:\/\/x.com\/PipaComunica\",\"https:\/\/instagram.com\/pipacomunicacao\",\"http:\/\/www.linkedin.com\/companies\/pipa-comunica-o\",\"https:\/\/br.pinterest.com\/pipacomunicacao\/\",\"http:\/\/il.youtube.com\/user\/pipacomunicacao\"]}]}<\/script>\n<!-- \/ Yoast SEO plugin. -->","yoast_head_json":{"title":"Forma\u00e7\u00e3o de professores e profissionaliza\u00e7\u00e3o docente","description":"Essa colet\u00e2nea oferece um amplo panorama te\u00f3rico e pr\u00e1tico sobre a forma\u00e7\u00e3o de professores, ideal para quem busca aprimoramento na \u00e1rea educacional.","robots":{"index":"index","follow":"follow","max-snippet":"max-snippet:-1","max-image-preview":"max-image-preview:large","max-video-preview":"max-video-preview:-1"},"canonical":"https:\/\/www.pipacomunica.com.br\/livrariadapipa\/produto\/formacao-de-professores-e-profissionalizacao-docente\/","og_locale":"pt_BR","og_type":"article","og_title":"Forma\u00e7\u00e3o de professores e profissionaliza\u00e7\u00e3o docente: pr\u00e1ticas situadas","og_description":"Essa colet\u00e2nea oferece um amplo panorama te\u00f3rico e pr\u00e1tico sobre a forma\u00e7\u00e3o de professores, ideal para quem busca aprimoramento na \u00e1rea educacional.","og_url":"https:\/\/www.pipacomunica.com.br\/livrariadapipa\/produto\/formacao-de-professores-e-profissionalizacao-docente\/","og_site_name":"Livraria da Pipa Comunica\u00e7\u00e3o","article_publisher":"https:\/\/www.facebook.com\/pipacomunica","article_modified_time":"2023-12-29T01:29:08+00:00","og_image":[{"width":870,"height":452,"url":"https:\/\/www.pipacomunica.com.br\/livrariadapipa\/wp-content\/uploads\/2023\/12\/thumbs-Formacao-de-professores-e-profissionalizacao-docente.png","type":"image\/png"}],"twitter_card":"summary_large_image","twitter_title":"Forma\u00e7\u00e3o de professores e profissionaliza\u00e7\u00e3o docente: pr\u00e1ticas situadas","twitter_description":"Essa colet\u00e2nea oferece um amplo panorama te\u00f3rico e pr\u00e1tico sobre a forma\u00e7\u00e3o de professores, ideal para quem busca aprimoramento na \u00e1rea educacional.","twitter_image":"https:\/\/i0.wp.com\/www.pipacomunica.com.br\/livrariadapipa\/wp-content\/uploads\/2023\/12\/thumbs-Formacao-de-professores-e-profissionalizacao-docente.png?fit=870%2C452&ssl=1","twitter_site":"@PipaComunica","twitter_misc":{"Est. tempo de leitura":"3 minutos"},"schema":{"@context":"https:\/\/schema.org","@graph":[{"@type":"WebPage","@id":"https:\/\/www.pipacomunica.com.br\/livrariadapipa\/produto\/formacao-de-professores-e-profissionalizacao-docente\/","url":"https:\/\/www.pipacomunica.com.br\/livrariadapipa\/produto\/formacao-de-professores-e-profissionalizacao-docente\/","name":"Forma\u00e7\u00e3o de professores e profissionaliza\u00e7\u00e3o docente","isPartOf":{"@id":"https:\/\/www.pipacomunica.com.br\/livrariadapipa\/#website"},"primaryImageOfPage":{"@id":"https:\/\/www.pipacomunica.com.br\/livrariadapipa\/produto\/formacao-de-professores-e-profissionalizacao-docente\/#primaryimage"},"image":{"@id":"https:\/\/www.pipacomunica.com.br\/livrariadapipa\/produto\/formacao-de-professores-e-profissionalizacao-docente\/#primaryimage"},"thumbnailUrl":"https:\/\/i0.wp.com\/www.pipacomunica.com.br\/livrariadapipa\/wp-content\/uploads\/2023\/11\/Formacao-de-professores-e-profissionalizacao-docente.png?fit=461%2C595&ssl=1","datePublished":"2023-11-17T00:26:59+00:00","dateModified":"2023-12-29T01:29:08+00:00","description":"Essa colet\u00e2nea oferece um amplo panorama te\u00f3rico e pr\u00e1tico sobre a forma\u00e7\u00e3o de professores, ideal para quem busca aprimoramento na \u00e1rea educacional.","breadcrumb":{"@id":"https:\/\/www.pipacomunica.com.br\/livrariadapipa\/produto\/formacao-de-professores-e-profissionalizacao-docente\/#breadcrumb"},"inLanguage":"pt-BR","potentialAction":[{"@type":"ReadAction","target":["https:\/\/www.pipacomunica.com.br\/livrariadapipa\/produto\/formacao-de-professores-e-profissionalizacao-docente\/"]}]},{"@type":"ImageObject","inLanguage":"pt-BR","@id":"https:\/\/www.pipacomunica.com.br\/livrariadapipa\/produto\/formacao-de-professores-e-profissionalizacao-docente\/#primaryimage","url":"https:\/\/i0.wp.com\/www.pipacomunica.com.br\/livrariadapipa\/wp-content\/uploads\/2023\/11\/Formacao-de-professores-e-profissionalizacao-docente.png?fit=461%2C595&ssl=1","contentUrl":"https:\/\/i0.wp.com\/www.pipacomunica.com.br\/livrariadapipa\/wp-content\/uploads\/2023\/11\/Formacao-de-professores-e-profissionalizacao-docente.png?fit=461%2C595&ssl=1","width":461,"height":595,"caption":"Forma\u00e7\u00e3o de professores e profissionaliza\u00e7\u00e3o docente"},{"@type":"BreadcrumbList","@id":"https:\/\/www.pipacomunica.com.br\/livrariadapipa\/produto\/formacao-de-professores-e-profissionalizacao-docente\/#breadcrumb","itemListElement":[{"@type":"ListItem","position":1,"name":"In\u00edcio","item":"https:\/\/www.pipacomunica.com.br\/livrariadapipa\/"},{"@type":"ListItem","position":2,"name":"Cat\u00e1logo","item":"https:\/\/www.pipacomunica.com.br\/livrariadapipa\/vitrine\/"},{"@type":"ListItem","position":3,"name":"Forma\u00e7\u00e3o de professores e profissionaliza\u00e7\u00e3o docente: pr\u00e1ticas situadas"}]},{"@type":"WebSite","@id":"https:\/\/www.pipacomunica.com.br\/livrariadapipa\/#website","url":"https:\/\/www.pipacomunica.com.br\/livrariadapipa\/","name":"Livraria da Pipa Comunica\u00e7\u00e3o","description":"Livros mais baratos que xerox","publisher":{"@id":"https:\/\/www.pipacomunica.com.br\/livrariadapipa\/#organization"},"potentialAction":[{"@type":"SearchAction","target":{"@type":"EntryPoint","urlTemplate":"https:\/\/www.pipacomunica.com.br\/livrariadapipa\/?s={search_term_string}"},"query-input":{"@type":"PropertyValueSpecification","valueRequired":true,"valueName":"search_term_string"}}],"inLanguage":"pt-BR"},{"@type":"Organization","@id":"https:\/\/www.pipacomunica.com.br\/livrariadapipa\/#organization","name":"Livraria da Pipa Comunica\u00e7\u00e3o","url":"https:\/\/www.pipacomunica.com.br\/livrariadapipa\/","logo":{"@type":"ImageObject","inLanguage":"pt-BR","@id":"https:\/\/www.pipacomunica.com.br\/livrariadapipa\/#\/schema\/logo\/image\/","url":"https:\/\/i0.wp.com\/www.pipacomunica.com.br\/livrariadapipa\/wp-content\/uploads\/2018\/09\/marca-livraria-pipa-400px-negativo.png?fit=400%2C80&ssl=1","contentUrl":"https:\/\/i0.wp.com\/www.pipacomunica.com.br\/livrariadapipa\/wp-content\/uploads\/2018\/09\/marca-livraria-pipa-400px-negativo.png?fit=400%2C80&ssl=1","width":400,"height":80,"caption":"Livraria da Pipa Comunica\u00e7\u00e3o"},"image":{"@id":"https:\/\/www.pipacomunica.com.br\/livrariadapipa\/#\/schema\/logo\/image\/"},"sameAs":["https:\/\/www.facebook.com\/pipacomunica","https:\/\/x.com\/PipaComunica","https:\/\/instagram.com\/pipacomunicacao","http:\/\/www.linkedin.com\/companies\/pipa-comunica-o","https:\/\/br.pinterest.com\/pipacomunicacao\/","http:\/\/il.youtube.com\/user\/pipacomunicacao"]}]}},"jetpack_publicize_connections":[],"jetpack_sharing_enabled":true,"_links":{"self":[{"href":"https:\/\/www.pipacomunica.com.br\/livrariadapipa\/wp-json\/wp\/v2\/product\/12186","targetHints":{"allow":["GET"]}}],"collection":[{"href":"https:\/\/www.pipacomunica.com.br\/livrariadapipa\/wp-json\/wp\/v2\/product"}],"about":[{"href":"https:\/\/www.pipacomunica.com.br\/livrariadapipa\/wp-json\/wp\/v2\/types\/product"}],"replies":[{"embeddable":true,"href":"https:\/\/www.pipacomunica.com.br\/livrariadapipa\/wp-json\/wp\/v2\/comments?post=12186"}],"version-history":[{"count":3,"href":"https:\/\/www.pipacomunica.com.br\/livrariadapipa\/wp-json\/wp\/v2\/product\/12186\/revisions"}],"predecessor-version":[{"id":12199,"href":"https:\/\/www.pipacomunica.com.br\/livrariadapipa\/wp-json\/wp\/v2\/product\/12186\/revisions\/12199"}],"wp:featuredmedia":[{"embeddable":true,"href":"https:\/\/www.pipacomunica.com.br\/livrariadapipa\/wp-json\/wp\/v2\/media\/12191"}],"wp:attachment":[{"href":"https:\/\/www.pipacomunica.com.br\/livrariadapipa\/wp-json\/wp\/v2\/media?parent=12186"}],"wp:term":[{"taxonomy":"product_brand","embeddable":true,"href":"https:\/\/www.pipacomunica.com.br\/livrariadapipa\/wp-json\/wp\/v2\/product_brand?post=12186"},{"taxonomy":"product_cat","embeddable":true,"href":"https:\/\/www.pipacomunica.com.br\/livrariadapipa\/wp-json\/wp\/v2\/product_cat?post=12186"},{"taxonomy":"product_tag","embeddable":true,"href":"https:\/\/www.pipacomunica.com.br\/livrariadapipa\/wp-json\/wp\/v2\/product_tag?post=12186"}],"curies":[{"name":"wp","href":"https:\/\/api.w.org\/{rel}","templated":true}]}}