{"id":12114,"date":"2023-11-12T14:06:25","date_gmt":"2023-11-12T17:06:25","guid":{"rendered":"https:\/\/www.pipacomunica.com.br\/livrariadapipa\/?post_type=product&#038;p=12114"},"modified":"2024-09-15T20:53:21","modified_gmt":"2024-09-15T23:53:21","slug":"poemario-da-fronteira","status":"publish","type":"product","link":"https:\/\/www.pipacomunica.com.br\/livrariadapipa\/produto\/poemario-da-fronteira\/","title":{"rendered":"Poem\u00e1rio da fronteira"},"content":{"rendered":"<p><strong>Poem\u00e1rio da fronteira<\/strong><br \/>\n<em>Brochura<\/em><br \/>\nJorgelina Tallei e Renata Alves de Oliveira. Ilustra\u00e7\u00f5es: Karla Vidal<\/p>\n<p><a href=\"https:\/\/youtu.be\/XE2H3AROIUw?si=qOJJNYknpuInDXuc\" target=\"_blank\" rel=\"noopener\">Luiz Ant\u00f4nio Marcuschi<\/a>, um dos maiores linguistas do Brasil e do mundo, sempre fez muita quest\u00e3o em destacar a import\u00e2ncia da oralidade para uma l\u00edngua. H\u00e1 duas formas de se entender a l\u00edngua. Voc\u00ea pode escolher entend\u00ea-la como um conjunto das normas do que &#8220;pode&#8221; ou &#8220;n\u00e3o pode&#8221; falar e escrever ou pode escolher entend\u00ea-la como organismo vivo e pol\u00edtico que se modifica ao passar do tempo e cuja mudan\u00e7a tem in\u00edcio na oralidade.<\/p>\n<p>Gra\u00e7as \u00e0 Marcuschi e outros grandes te\u00f3ricos da lingu\u00edstica, esse segundo entendimento coloca a l\u00edngua como um elemento de natureza pol\u00edtica que d\u00e1 base a nossa comunica\u00e7\u00e3o. Essa natureza pol\u00edtica pode fazer de uma l\u00edngua um instrumento de inclus\u00e3o ou exclus\u00e3o de quem a fala. Essa dimens\u00e3o pol\u00edtica confere \u00e0 l\u00edngua o poder de ser um instrumento tanto de inclus\u00e3o quanto de exclus\u00e3o. Contudo, sua natureza pol\u00edtica tamb\u00e9m revela aspectos mais profundos, como hist\u00f3rias, mem\u00f3rias e afetos.<\/p>\n<p>E s\u00e3o justamente essas hist\u00f3rias, mem\u00f3rias e afetos que motivaram as autoras a escrever um novo livro, o &#8220;Poem\u00e1rio da Fronteira&#8221; que mostra atrav\u00e9s de poesias escritas em Portunhol que a fronteira \u00e9 um espa\u00e7o de v\u00e1rias pessoas e de v\u00e1rios falares como bem disse <a href=\"https:\/\/unila-br.academia.edu\/DCota\" target=\"_blank\" rel=\"noopener\">Debora Cota (UNILA)<\/a> no texto da quarta capa do livro. Al\u00e9m disso, o &#8220;Poem\u00e1rio da Fronteira&#8221; aprimora essa reflex\u00e3o ao incorporar ilustra\u00e7\u00f5es, conferindo \u00e0 produ\u00e7\u00e3o baseada na oralidade um componente visual que evoca mem\u00f3rias e afetos familiares aos residentes da regi\u00e3o e fascinantes para aqueles que os desconhecem. Essa abordagem visual foi cuidadosamente desenvolvida por meio de pesquisa e colagens digitais realizadas por Karla Vidal.<\/p>\n<p>N\u00e3o satisfeita em apresentar esses afetos e mem\u00f3rias, a obra tamb\u00e9m convida o leitor a participar criando e registrando os seus pr\u00f3prios afetos e mem\u00f3rias nas p\u00e1ginas do livro.<\/p>\n<h4>Sobre as autoras<\/h4>\n<p>&nbsp;<\/p>\n<p><strong data-wp-editing=\"1\"><a href=\"https:\/\/i0.wp.com\/www.pipacomunica.com.br\/livrariadapipa\/wp-content\/uploads\/2023\/01\/renata.png?ssl=1\"><img data-recalc-dims=\"1\" fetchpriority=\"high\" decoding=\"async\" class=\"wp-image-11888 size-full aligncenter\" title=\"Charles Bazerman\" src=\"https:\/\/i0.wp.com\/www.pipacomunica.com.br\/livrariadapipa\/wp-content\/uploads\/2023\/01\/renata.png?resize=279%2C279&#038;ssl=1\" alt=\"Renata Alves de Oliveira\" width=\"279\" height=\"279\" srcset=\"https:\/\/i0.wp.com\/www.pipacomunica.com.br\/livrariadapipa\/wp-content\/uploads\/2023\/01\/renata.png?w=279&amp;ssl=1 279w, https:\/\/i0.wp.com\/www.pipacomunica.com.br\/livrariadapipa\/wp-content\/uploads\/2023\/01\/renata.png?resize=150%2C150&amp;ssl=1 150w, https:\/\/i0.wp.com\/www.pipacomunica.com.br\/livrariadapipa\/wp-content\/uploads\/2023\/01\/renata.png?resize=100%2C100&amp;ssl=1 100w\" sizes=\"(max-width: 279px) 100vw, 279px\" \/><\/a>Renata Alves de Oliveira<br \/>\n<\/strong><\/p>\n<p>Ol\u00e1! \u00a1Hola! Meu nome \u00e9 Renata e eu sou mesti\u00e7a, migrante, latino-americana, professora, escritora e contadora de hist\u00f3rias para crian\u00e7as. Sou mam\u00e3e de um pi\u00e1zinho e de uma pi\u00e1zinha da frontera. Sou, tamb\u00e9m, uma pesquisadora apaixonada das &#8220;misturanzas&#8221; das l\u00ednguas nos lares, nas escolas, nas ruas e na fronteira. Atualmente, curso doutorado no Programa de P\u00f3s-Gradua\u00e7\u00e3o Sociedade, Cultura e Fronteiras da Unioeste em Foz do Igua\u00e7u. Compartilho buscas e descobertas sobre as l\u00ednguas na p\u00e1gina @parlafalabla (Instagram). Assim como &#8220;Abracadabra&#8221;, &#8220;Parlafalabla&#8221; \u00e9 uma palavra m\u00e1gica criada a partir de uma brincadeira multil\u00edngue que une os voc\u00e1bulos Parla\/Parle, Fala e Habla. Representa, para mim, a magia do multilinguismo, presente neste poem\u00e1rio fronterizo. Espero que este livro desperte desde tiquititos a grandotes para as diferentes l\u00ednguas, culturas e perspectivas de toda a gente.<\/p>\n<p><strong><a href=\"https:\/\/i0.wp.com\/www.pipacomunica.com.br\/livrariadapipa\/wp-content\/uploads\/2023\/01\/jorgelina.png?ssl=1\"><img data-recalc-dims=\"1\" decoding=\"async\" class=\"wp-image-11886 size-full aligncenter\" title=\"Charles Bazerman\" src=\"https:\/\/i0.wp.com\/www.pipacomunica.com.br\/livrariadapipa\/wp-content\/uploads\/2023\/01\/jorgelina.png?resize=278%2C278&#038;ssl=1\" alt=\"Jorgelina Tallei\" width=\"278\" height=\"278\" srcset=\"https:\/\/i0.wp.com\/www.pipacomunica.com.br\/livrariadapipa\/wp-content\/uploads\/2023\/01\/jorgelina.png?w=278&amp;ssl=1 278w, https:\/\/i0.wp.com\/www.pipacomunica.com.br\/livrariadapipa\/wp-content\/uploads\/2023\/01\/jorgelina.png?resize=150%2C150&amp;ssl=1 150w, https:\/\/i0.wp.com\/www.pipacomunica.com.br\/livrariadapipa\/wp-content\/uploads\/2023\/01\/jorgelina.png?resize=100%2C100&amp;ssl=1 100w\" sizes=\"(max-width: 278px) 100vw, 278px\" \/><\/a>Jorgelina Tallei<br \/>\n<\/strong><\/p>\n<p>Fronteriza, metade e metade, professora e escritora. Nessa ordem. Falam que tenho sotaque marcado e que falo um espanhol entreverado, mas tamb\u00e9m um portugu\u00eas tudo mesclado. Que ser\u00e1 que tem a fronteira que nos convida a ficar? Sou fronteriza, argentina e brasileira, professora de espanhol na Universidade Federal da Integra\u00e7\u00e3o Latinoamericana (UNILA). Escrevo sobre o afeto de morar na fronteira trinacional pois aqui aprendi a brincar, amar e misturar. Minha l\u00edngua \u00e9 o portunhol e te convido a brincar.<\/p>\n<p><strong><a href=\"https:\/\/i0.wp.com\/www.pipacomunica.com.br\/livrariadapipa\/wp-content\/uploads\/2023\/11\/karla-vidal.png?ssl=1\"><img data-recalc-dims=\"1\" decoding=\"async\" class=\"aligncenter wp-image-12117 size-full\" title=\"Karla Vidal\" src=\"https:\/\/i0.wp.com\/www.pipacomunica.com.br\/livrariadapipa\/wp-content\/uploads\/2023\/11\/karla-vidal.png?resize=278%2C278&#038;ssl=1\" alt=\"Karla Vidal\" width=\"278\" height=\"278\" srcset=\"https:\/\/i0.wp.com\/www.pipacomunica.com.br\/livrariadapipa\/wp-content\/uploads\/2023\/11\/karla-vidal.png?w=278&amp;ssl=1 278w, https:\/\/i0.wp.com\/www.pipacomunica.com.br\/livrariadapipa\/wp-content\/uploads\/2023\/11\/karla-vidal.png?resize=150%2C150&amp;ssl=1 150w, https:\/\/i0.wp.com\/www.pipacomunica.com.br\/livrariadapipa\/wp-content\/uploads\/2023\/11\/karla-vidal.png?resize=100%2C100&amp;ssl=1 100w\" sizes=\"(max-width: 278px) 100vw, 278px\" \/><\/a>Karla Vidal<br \/>\n<\/strong><\/p>\n<p>Nordestina, s\u00f3cia e editora da Pipa Comunica\u00e7\u00e3o Editorial onde atua h\u00e1 18 anos no desenvolvimento de projetos que unem comunica\u00e7\u00e3o, design e educa\u00e7\u00e3o. Formada em Comunica\u00e7\u00e3o Social com habilita\u00e7\u00e3o em R\u00e1dio e TV pela UFPE, com especializa\u00e7\u00e3o em Design Gr\u00e1fico pelo California Institute of the Arts e desenvolvimento profissional em Digital Literacy pela Universidade de Rhode Island. Cria imagens das mais variadas formas todos os dias com o objetivo de ajudar a dar vida a projetos que v\u00e3o de livros impressos a m\u00eddias digitais.<\/p>\n<h4>V\u00eddeo de lan\u00e7amento<\/h4>\n<div class=\"su-youtube su-u-responsive-media-yes\"><iframe width=\"600\" height=\"400\" src=\"https:\/\/www.youtube.com\/embed\/hGoiOVJ6h_s?\" frameborder=\"0\" allowfullscreen allow=\"autoplay; encrypted-media; picture-in-picture\" title=\"\"><\/iframe><\/div>\n<h4>Ficha T\u00e9cnica<\/h4>\n<p><strong>Autoras<\/strong>: Jorgelina Tallei e Renata Alves de Oliveira<br \/>\n<strong>Edi\u00e7\u00e3o e diagrama\u00e7\u00e3o<\/strong>: Karla Vidal e Augusto Noronha<br \/>\n<strong>Capa, projeto gr\u00e1fico e ilustra\u00e7\u00f5es<\/strong>: Karla Vidal<br \/>\n<strong>Revis\u00e3o<\/strong>: Augusto Noronha<\/p>\n","protected":false},"excerpt":{"rendered":"<p><strong>Poem\u00e1rio da fronteira<\/strong><br \/>\n<em>Brochura<\/em><br \/>\nJorgelina Tallei e Renata Alves de Oliveira. Ilustra\u00e7\u00f5es: Karla Vidal<\/p>\n<p>O que \u00e9 que tem em uma fronteira? Ser\u00e1 que as fronteiras s\u00e3o todas iguais? Como \u00e9 viver na fronteira?<\/p>\n<p>&#8220;Jorgelina Tallei e Renata Alves moradoras da tr\u00edplice fronteira correspondente ao Paraguai, Argentina e Brasil prop\u00f5em apresentar, de forma alegre e divertida, peculiaridades do viver na fronteira. Jogam com as palavras e com os seus sentidos de maneira leve, ao mesmo tempo que dizem o que a fronteira tem de mais curioso. (&#8230;) Morar na fronteira \u00e9 tamb\u00e9m estar aqui e l\u00e1 como o vento, alertam as autoras, e \u00e9 conviver com muitas culturas j\u00e1 que, assim como as comidas, as pessoas tamb\u00e9m s\u00e3o diversas. Como s\u00edmbolo que agrega tudo isso, a simultaneidade do aqui e l\u00e1, e a variedade cultural, encontra-se a Ponte da Amizade que n\u00e3o deixa de idealizar as rela\u00e7\u00f5es entre tanta diversidade.&#8221;<\/p>\n<p>\u2014 D\u00e9bora Cota (UNILA)<\/p>\n<h4>Ficha T\u00e9cnica<\/h4>\n<p>T\u00edtulo original: Poem\u00e1rio da fronteira<br \/>\nBrochura<br \/>\nISBN 978-65-87033-58-7<br \/>\n1. Literatura infantojuvenil. I. Tallei, Jorgelina. II. Oliveira, Renata Alves de. III. Vidal, Karla (Ilustradora). IV. T\u00edtulo.<br \/>\nCDD 028.5<\/p>\n","protected":false},"featured_media":12136,"comment_status":"open","ping_status":"closed","template":"","meta":{"jetpack_post_was_ever_published":false,"jetpack_publicize_message":"","jetpack_publicize_feature_enabled":true,"jetpack_social_post_already_shared":true,"jetpack_social_options":{"image_generator_settings":{"template":"highway","default_image_id":0,"font":"","enabled":false},"version":2}},"product_brand":[],"product_cat":[34,18],"product_tag":[],"class_list":{"0":"post-12114","1":"product","2":"type-product","3":"status-publish","4":"has-post-thumbnail","6":"product_cat-sem-categoria","7":"product_cat-livros-impressos","9":"first","10":"instock","11":"sold-individually","12":"shipping-taxable","13":"product-type-external"},"yoast_head":"<!-- This site is optimized with the Yoast SEO plugin v27.1.1 - https:\/\/yoast.com\/product\/yoast-seo-wordpress\/ -->\n<title>Poem\u00e1rio da fronteira<\/title>\n<meta name=\"description\" content=\"Um livro sens\u00edvel que apresenta atrav\u00e9s de poesias e colagens que a fronteira \u00e9 um espa\u00e7o de v\u00e1rios falares e de v\u00e1rios afetos.\" \/>\n<meta name=\"robots\" content=\"index, follow, max-snippet:-1, max-image-preview:large, max-video-preview:-1\" \/>\n<link rel=\"canonical\" href=\"https:\/\/www.pipacomunica.com.br\/livrariadapipa\/produto\/poemario-da-fronteira\/\" \/>\n<meta property=\"og:locale\" content=\"pt_BR\" \/>\n<meta property=\"og:type\" content=\"article\" \/>\n<meta property=\"og:title\" content=\"Poem\u00e1rio da fronteira\" \/>\n<meta property=\"og:description\" content=\"Um livro sens\u00edvel que apresenta atrav\u00e9s de poesias e colagens que a fronteira \u00e9 um espa\u00e7o de v\u00e1rios falares e de v\u00e1rios afetos.\" \/>\n<meta property=\"og:url\" content=\"https:\/\/www.pipacomunica.com.br\/livrariadapipa\/produto\/poemario-da-fronteira\/\" \/>\n<meta property=\"og:site_name\" content=\"Livraria da Pipa Comunica\u00e7\u00e3o\" \/>\n<meta property=\"article:publisher\" content=\"https:\/\/www.facebook.com\/pipacomunica\" \/>\n<meta property=\"article:modified_time\" content=\"2024-09-15T23:53:21+00:00\" \/>\n<meta property=\"og:image\" content=\"https:\/\/www.pipacomunica.com.br\/livrariadapipa\/wp-content\/uploads\/2023\/11\/thumb-poemario-da-fornteira-impresso.jpg\" \/>\n\t<meta property=\"og:image:width\" content=\"870\" \/>\n\t<meta property=\"og:image:height\" content=\"452\" \/>\n\t<meta property=\"og:image:type\" content=\"image\/jpeg\" \/>\n<meta name=\"twitter:card\" content=\"summary_large_image\" \/>\n<meta name=\"twitter:title\" content=\"Poem\u00e1rio da fronteira\" \/>\n<meta name=\"twitter:description\" content=\"Um livro sens\u00edvel que apresenta atrav\u00e9s de poesias e colagens que a fronteira \u00e9 um espa\u00e7o de v\u00e1rios falares e de v\u00e1rios afetos.\" \/>\n<meta name=\"twitter:image\" content=\"https:\/\/i0.wp.com\/www.pipacomunica.com.br\/livrariadapipa\/wp-content\/uploads\/2023\/11\/thumb-poemario-da-fornteira-impresso.jpg?fit=870%2C452&ssl=1\" \/>\n<meta name=\"twitter:site\" content=\"@PipaComunica\" \/>\n<meta name=\"twitter:label1\" content=\"Est. tempo de leitura\" \/>\n\t<meta name=\"twitter:data1\" content=\"5 minutos\" \/>\n<script type=\"application\/ld+json\" class=\"yoast-schema-graph\">{\"@context\":\"https:\/\/schema.org\",\"@graph\":[{\"@type\":\"WebPage\",\"@id\":\"https:\/\/www.pipacomunica.com.br\/livrariadapipa\/produto\/poemario-da-fronteira\/\",\"url\":\"https:\/\/www.pipacomunica.com.br\/livrariadapipa\/produto\/poemario-da-fronteira\/\",\"name\":\"Poem\u00e1rio da fronteira\",\"isPartOf\":{\"@id\":\"https:\/\/www.pipacomunica.com.br\/livrariadapipa\/#website\"},\"primaryImageOfPage\":{\"@id\":\"https:\/\/www.pipacomunica.com.br\/livrariadapipa\/produto\/poemario-da-fronteira\/#primaryimage\"},\"image\":{\"@id\":\"https:\/\/www.pipacomunica.com.br\/livrariadapipa\/produto\/poemario-da-fronteira\/#primaryimage\"},\"thumbnailUrl\":\"https:\/\/i0.wp.com\/www.pipacomunica.com.br\/livrariadapipa\/wp-content\/uploads\/2023\/11\/poemario-da-fronteira-impresso-c.png?fit=570%2C570&ssl=1\",\"datePublished\":\"2023-11-12T17:06:25+00:00\",\"dateModified\":\"2024-09-15T23:53:21+00:00\",\"description\":\"Um livro sens\u00edvel que apresenta atrav\u00e9s de poesias e colagens que a fronteira \u00e9 um espa\u00e7o de v\u00e1rios falares e de v\u00e1rios afetos.\",\"breadcrumb\":{\"@id\":\"https:\/\/www.pipacomunica.com.br\/livrariadapipa\/produto\/poemario-da-fronteira\/#breadcrumb\"},\"inLanguage\":\"pt-BR\",\"potentialAction\":[{\"@type\":\"ReadAction\",\"target\":[\"https:\/\/www.pipacomunica.com.br\/livrariadapipa\/produto\/poemario-da-fronteira\/\"]}]},{\"@type\":\"ImageObject\",\"inLanguage\":\"pt-BR\",\"@id\":\"https:\/\/www.pipacomunica.com.br\/livrariadapipa\/produto\/poemario-da-fronteira\/#primaryimage\",\"url\":\"https:\/\/i0.wp.com\/www.pipacomunica.com.br\/livrariadapipa\/wp-content\/uploads\/2023\/11\/poemario-da-fronteira-impresso-c.png?fit=570%2C570&ssl=1\",\"contentUrl\":\"https:\/\/i0.wp.com\/www.pipacomunica.com.br\/livrariadapipa\/wp-content\/uploads\/2023\/11\/poemario-da-fronteira-impresso-c.png?fit=570%2C570&ssl=1\",\"width\":570,\"height\":570,\"caption\":\"Poem\u00e1rio da Fronteira\"},{\"@type\":\"BreadcrumbList\",\"@id\":\"https:\/\/www.pipacomunica.com.br\/livrariadapipa\/produto\/poemario-da-fronteira\/#breadcrumb\",\"itemListElement\":[{\"@type\":\"ListItem\",\"position\":1,\"name\":\"In\u00edcio\",\"item\":\"https:\/\/www.pipacomunica.com.br\/livrariadapipa\/\"},{\"@type\":\"ListItem\",\"position\":2,\"name\":\"Cat\u00e1logo\",\"item\":\"https:\/\/www.pipacomunica.com.br\/livrariadapipa\/vitrine\/\"},{\"@type\":\"ListItem\",\"position\":3,\"name\":\"Poem\u00e1rio da fronteira\"}]},{\"@type\":\"WebSite\",\"@id\":\"https:\/\/www.pipacomunica.com.br\/livrariadapipa\/#website\",\"url\":\"https:\/\/www.pipacomunica.com.br\/livrariadapipa\/\",\"name\":\"Livraria da Pipa Comunica\u00e7\u00e3o\",\"description\":\"Livros mais baratos que xerox\",\"publisher\":{\"@id\":\"https:\/\/www.pipacomunica.com.br\/livrariadapipa\/#organization\"},\"potentialAction\":[{\"@type\":\"SearchAction\",\"target\":{\"@type\":\"EntryPoint\",\"urlTemplate\":\"https:\/\/www.pipacomunica.com.br\/livrariadapipa\/?s={search_term_string}\"},\"query-input\":{\"@type\":\"PropertyValueSpecification\",\"valueRequired\":true,\"valueName\":\"search_term_string\"}}],\"inLanguage\":\"pt-BR\"},{\"@type\":\"Organization\",\"@id\":\"https:\/\/www.pipacomunica.com.br\/livrariadapipa\/#organization\",\"name\":\"Livraria da Pipa Comunica\u00e7\u00e3o\",\"url\":\"https:\/\/www.pipacomunica.com.br\/livrariadapipa\/\",\"logo\":{\"@type\":\"ImageObject\",\"inLanguage\":\"pt-BR\",\"@id\":\"https:\/\/www.pipacomunica.com.br\/livrariadapipa\/#\/schema\/logo\/image\/\",\"url\":\"https:\/\/i0.wp.com\/www.pipacomunica.com.br\/livrariadapipa\/wp-content\/uploads\/2018\/09\/marca-livraria-pipa-400px-negativo.png?fit=400%2C80&ssl=1\",\"contentUrl\":\"https:\/\/i0.wp.com\/www.pipacomunica.com.br\/livrariadapipa\/wp-content\/uploads\/2018\/09\/marca-livraria-pipa-400px-negativo.png?fit=400%2C80&ssl=1\",\"width\":400,\"height\":80,\"caption\":\"Livraria da Pipa Comunica\u00e7\u00e3o\"},\"image\":{\"@id\":\"https:\/\/www.pipacomunica.com.br\/livrariadapipa\/#\/schema\/logo\/image\/\"},\"sameAs\":[\"https:\/\/www.facebook.com\/pipacomunica\",\"https:\/\/x.com\/PipaComunica\",\"https:\/\/instagram.com\/pipacomunicacao\",\"http:\/\/www.linkedin.com\/companies\/pipa-comunica-o\",\"https:\/\/br.pinterest.com\/pipacomunicacao\/\",\"http:\/\/il.youtube.com\/user\/pipacomunicacao\"]}]}<\/script>\n<!-- \/ Yoast SEO plugin. -->","yoast_head_json":{"title":"Poem\u00e1rio da fronteira","description":"Um livro sens\u00edvel que apresenta atrav\u00e9s de poesias e colagens que a fronteira \u00e9 um espa\u00e7o de v\u00e1rios falares e de v\u00e1rios afetos.","robots":{"index":"index","follow":"follow","max-snippet":"max-snippet:-1","max-image-preview":"max-image-preview:large","max-video-preview":"max-video-preview:-1"},"canonical":"https:\/\/www.pipacomunica.com.br\/livrariadapipa\/produto\/poemario-da-fronteira\/","og_locale":"pt_BR","og_type":"article","og_title":"Poem\u00e1rio da fronteira","og_description":"Um livro sens\u00edvel que apresenta atrav\u00e9s de poesias e colagens que a fronteira \u00e9 um espa\u00e7o de v\u00e1rios falares e de v\u00e1rios afetos.","og_url":"https:\/\/www.pipacomunica.com.br\/livrariadapipa\/produto\/poemario-da-fronteira\/","og_site_name":"Livraria da Pipa Comunica\u00e7\u00e3o","article_publisher":"https:\/\/www.facebook.com\/pipacomunica","article_modified_time":"2024-09-15T23:53:21+00:00","og_image":[{"width":870,"height":452,"url":"https:\/\/www.pipacomunica.com.br\/livrariadapipa\/wp-content\/uploads\/2023\/11\/thumb-poemario-da-fornteira-impresso.jpg","type":"image\/jpeg"}],"twitter_card":"summary_large_image","twitter_title":"Poem\u00e1rio da fronteira","twitter_description":"Um livro sens\u00edvel que apresenta atrav\u00e9s de poesias e colagens que a fronteira \u00e9 um espa\u00e7o de v\u00e1rios falares e de v\u00e1rios afetos.","twitter_image":"https:\/\/i0.wp.com\/www.pipacomunica.com.br\/livrariadapipa\/wp-content\/uploads\/2023\/11\/thumb-poemario-da-fornteira-impresso.jpg?fit=870%2C452&ssl=1","twitter_site":"@PipaComunica","twitter_misc":{"Est. tempo de leitura":"5 minutos"},"schema":{"@context":"https:\/\/schema.org","@graph":[{"@type":"WebPage","@id":"https:\/\/www.pipacomunica.com.br\/livrariadapipa\/produto\/poemario-da-fronteira\/","url":"https:\/\/www.pipacomunica.com.br\/livrariadapipa\/produto\/poemario-da-fronteira\/","name":"Poem\u00e1rio da fronteira","isPartOf":{"@id":"https:\/\/www.pipacomunica.com.br\/livrariadapipa\/#website"},"primaryImageOfPage":{"@id":"https:\/\/www.pipacomunica.com.br\/livrariadapipa\/produto\/poemario-da-fronteira\/#primaryimage"},"image":{"@id":"https:\/\/www.pipacomunica.com.br\/livrariadapipa\/produto\/poemario-da-fronteira\/#primaryimage"},"thumbnailUrl":"https:\/\/i0.wp.com\/www.pipacomunica.com.br\/livrariadapipa\/wp-content\/uploads\/2023\/11\/poemario-da-fronteira-impresso-c.png?fit=570%2C570&ssl=1","datePublished":"2023-11-12T17:06:25+00:00","dateModified":"2024-09-15T23:53:21+00:00","description":"Um livro sens\u00edvel que apresenta atrav\u00e9s de poesias e colagens que a fronteira \u00e9 um espa\u00e7o de v\u00e1rios falares e de v\u00e1rios afetos.","breadcrumb":{"@id":"https:\/\/www.pipacomunica.com.br\/livrariadapipa\/produto\/poemario-da-fronteira\/#breadcrumb"},"inLanguage":"pt-BR","potentialAction":[{"@type":"ReadAction","target":["https:\/\/www.pipacomunica.com.br\/livrariadapipa\/produto\/poemario-da-fronteira\/"]}]},{"@type":"ImageObject","inLanguage":"pt-BR","@id":"https:\/\/www.pipacomunica.com.br\/livrariadapipa\/produto\/poemario-da-fronteira\/#primaryimage","url":"https:\/\/i0.wp.com\/www.pipacomunica.com.br\/livrariadapipa\/wp-content\/uploads\/2023\/11\/poemario-da-fronteira-impresso-c.png?fit=570%2C570&ssl=1","contentUrl":"https:\/\/i0.wp.com\/www.pipacomunica.com.br\/livrariadapipa\/wp-content\/uploads\/2023\/11\/poemario-da-fronteira-impresso-c.png?fit=570%2C570&ssl=1","width":570,"height":570,"caption":"Poem\u00e1rio da Fronteira"},{"@type":"BreadcrumbList","@id":"https:\/\/www.pipacomunica.com.br\/livrariadapipa\/produto\/poemario-da-fronteira\/#breadcrumb","itemListElement":[{"@type":"ListItem","position":1,"name":"In\u00edcio","item":"https:\/\/www.pipacomunica.com.br\/livrariadapipa\/"},{"@type":"ListItem","position":2,"name":"Cat\u00e1logo","item":"https:\/\/www.pipacomunica.com.br\/livrariadapipa\/vitrine\/"},{"@type":"ListItem","position":3,"name":"Poem\u00e1rio da fronteira"}]},{"@type":"WebSite","@id":"https:\/\/www.pipacomunica.com.br\/livrariadapipa\/#website","url":"https:\/\/www.pipacomunica.com.br\/livrariadapipa\/","name":"Livraria da Pipa Comunica\u00e7\u00e3o","description":"Livros mais baratos que xerox","publisher":{"@id":"https:\/\/www.pipacomunica.com.br\/livrariadapipa\/#organization"},"potentialAction":[{"@type":"SearchAction","target":{"@type":"EntryPoint","urlTemplate":"https:\/\/www.pipacomunica.com.br\/livrariadapipa\/?s={search_term_string}"},"query-input":{"@type":"PropertyValueSpecification","valueRequired":true,"valueName":"search_term_string"}}],"inLanguage":"pt-BR"},{"@type":"Organization","@id":"https:\/\/www.pipacomunica.com.br\/livrariadapipa\/#organization","name":"Livraria da Pipa Comunica\u00e7\u00e3o","url":"https:\/\/www.pipacomunica.com.br\/livrariadapipa\/","logo":{"@type":"ImageObject","inLanguage":"pt-BR","@id":"https:\/\/www.pipacomunica.com.br\/livrariadapipa\/#\/schema\/logo\/image\/","url":"https:\/\/i0.wp.com\/www.pipacomunica.com.br\/livrariadapipa\/wp-content\/uploads\/2018\/09\/marca-livraria-pipa-400px-negativo.png?fit=400%2C80&ssl=1","contentUrl":"https:\/\/i0.wp.com\/www.pipacomunica.com.br\/livrariadapipa\/wp-content\/uploads\/2018\/09\/marca-livraria-pipa-400px-negativo.png?fit=400%2C80&ssl=1","width":400,"height":80,"caption":"Livraria da Pipa Comunica\u00e7\u00e3o"},"image":{"@id":"https:\/\/www.pipacomunica.com.br\/livrariadapipa\/#\/schema\/logo\/image\/"},"sameAs":["https:\/\/www.facebook.com\/pipacomunica","https:\/\/x.com\/PipaComunica","https:\/\/instagram.com\/pipacomunicacao","http:\/\/www.linkedin.com\/companies\/pipa-comunica-o","https:\/\/br.pinterest.com\/pipacomunicacao\/","http:\/\/il.youtube.com\/user\/pipacomunicacao"]}]}},"jetpack_publicize_connections":[],"jetpack_sharing_enabled":true,"_links":{"self":[{"href":"https:\/\/www.pipacomunica.com.br\/livrariadapipa\/wp-json\/wp\/v2\/product\/12114","targetHints":{"allow":["GET"]}}],"collection":[{"href":"https:\/\/www.pipacomunica.com.br\/livrariadapipa\/wp-json\/wp\/v2\/product"}],"about":[{"href":"https:\/\/www.pipacomunica.com.br\/livrariadapipa\/wp-json\/wp\/v2\/types\/product"}],"replies":[{"embeddable":true,"href":"https:\/\/www.pipacomunica.com.br\/livrariadapipa\/wp-json\/wp\/v2\/comments?post=12114"}],"version-history":[{"count":3,"href":"https:\/\/www.pipacomunica.com.br\/livrariadapipa\/wp-json\/wp\/v2\/product\/12114\/revisions"}],"predecessor-version":[{"id":12138,"href":"https:\/\/www.pipacomunica.com.br\/livrariadapipa\/wp-json\/wp\/v2\/product\/12114\/revisions\/12138"}],"wp:featuredmedia":[{"embeddable":true,"href":"https:\/\/www.pipacomunica.com.br\/livrariadapipa\/wp-json\/wp\/v2\/media\/12136"}],"wp:attachment":[{"href":"https:\/\/www.pipacomunica.com.br\/livrariadapipa\/wp-json\/wp\/v2\/media?parent=12114"}],"wp:term":[{"taxonomy":"product_brand","embeddable":true,"href":"https:\/\/www.pipacomunica.com.br\/livrariadapipa\/wp-json\/wp\/v2\/product_brand?post=12114"},{"taxonomy":"product_cat","embeddable":true,"href":"https:\/\/www.pipacomunica.com.br\/livrariadapipa\/wp-json\/wp\/v2\/product_cat?post=12114"},{"taxonomy":"product_tag","embeddable":true,"href":"https:\/\/www.pipacomunica.com.br\/livrariadapipa\/wp-json\/wp\/v2\/product_tag?post=12114"}],"curies":[{"name":"wp","href":"https:\/\/api.w.org\/{rel}","templated":true}]}}