{"id":11822,"date":"2022-12-28T12:03:47","date_gmt":"2022-12-28T15:03:47","guid":{"rendered":"https:\/\/www.pipacomunica.com.br\/livrariadapipa\/?post_type=product&#038;p=11822"},"modified":"2023-12-28T22:33:35","modified_gmt":"2023-12-29T01:33:35","slug":"pedagogia-de-fronteira","status":"publish","type":"product","link":"https:\/\/www.pipacomunica.com.br\/livrariadapipa\/produto\/pedagogia-de-fronteira\/","title":{"rendered":"Pedagogia de fronteira"},"content":{"rendered":"<p><strong>Pedagogia de fronteira: um olhar para as aulas de espanhol como l\u00edngua adicional<\/strong><br \/>\n<em>PDF <\/em><br \/>\nJorgelina Tallei<br \/>\nValdiney da Costa Lobo<br \/>\nViviana G\u00f3mez Valencia<br \/>\nJaime Andres Mellado D\u00edaz<br \/>\nUlly Lages Coelho<\/p>\n<p><em>Pedagogia de Fronteira<\/em> \u00e9 um livro que revela como professores que atuam em regi\u00e3o de fronteira planejam atividades para seus estudantes, a fim de provocar transforma\u00e7\u00f5es e (re)construir realidades que espelhem formas mais plurais e equ\u00e2nimes de exist\u00eancia. Em pouco mais de 84 p\u00e1ginas est\u00e3o descritas atividades realizadas durante os anos de 2020 e 2021 (per\u00eddo da pandemia) com docentes das escolas municipais da cidade de Foz do Igua\u00e7u, no Paran\u00e1. Elas apresentam a fronteira como espa\u00e7o de luta, de vida, de equidade e de desenvolvimento para a promo\u00e7\u00e3o da cidadania. O leitor de <em>Pedagogia de Fronteira<\/em> ter\u00e1 contato com pr\u00e1ticas, conte\u00fados e realidades peculiares que podem servir de inspira\u00e7\u00e3o para novas pr\u00e1ticas pedag\u00f3gicas que considerem a diversidade e a multiculturalidade como base fundamental de cria\u00e7\u00e3o.<\/p>\n<h4>Sobre os autores<\/h4>\n<p>&nbsp;<\/p>\n<p><strong>Jorgelina Tallei<\/strong> \u00e9 fronteriza. Professora de espanhol como l\u00edngua adicional na Universidade Federal da Integra\u00e7\u00e3o Latinoamericana (UNILA). \u00c9 coordenadora do projeto Pedagogia de Fronteira na UNILA, desde 2016. Pesquisadora do portunhol fronterizo.<\/p>\n<p><strong>Valdiney da Costa Lobo \u00e9<\/strong> carioca transfronteiri\u00e7o, doutor em lingu\u00edstica aplicada interdisciplinar (UFRJ), lecionou espanhol por 13 anos na Educa\u00e7\u00e3o B\u00e1sica e atualmente \u00e9 professor da \u00e1rea de Letras e Lingu\u00edstica da Unila.<\/p>\n<p><strong>Viviana G\u00f3mez Valencia<\/strong> \u00e9 Colombiana. Licenciada em Ciencias Sociales. Estudante do curso biologia ecolog\u00eda e biodiversidade da UNILA. Foi Bolsista do projeto Pedagogia de Fronteira no ano de 2021.<\/p>\n<p><strong>Jaime Andr\u00e9s Mellado D\u00edaz.<\/strong> Estudante de Licenciatura em Letras, Espanhol e Portugu\u00e9s como lingua estrangeira, Produtor musical e Raper chileno.Foi bolsista do projeto Pedagogia de Fronteira em 2020.<\/p>\n<p><strong>Ully Lages Coelho<\/strong> \u00e9 artes\u00e3, atriz e estudante de bacharelado em Desenvolvimento Rural e Seguran\u00e7a Alimentar pela Unila e licenciatura em Ci\u00eancias Biol\u00f3gicas pela Unicesumar. Foi bolsistas do projeto Pedagogia de Fronteira no ano de 2020.<\/p>\n<h4>Ficha T\u00e9cnica<\/h4>\n<p><strong>Autores<\/strong>: Jorgelina Tallei, Valdiney da Costa Lobo, Viviana G\u00f3mez Valencia, Jaime Andres Mellado D\u00edaz e Ully Lages Coelho<br \/>\n<strong>Edi\u00e7\u00e3o<\/strong>: Karla Vidal e Augusto Noronha<br \/>\n<strong>Capa e ilustra\u00e7\u00f5es<\/strong>: Karla Vidal<br \/>\n<strong>Projeto Gr\u00e1fico e Diagrama\u00e7\u00e3o<\/strong>: Karla Vidal<br \/>\n<strong>Revis\u00e3o<\/strong>: Augusto Noronha<\/p>\n","protected":false},"excerpt":{"rendered":"<p><strong>Pedagogia de fronteira: um olhar para as aulas de espanhol como l\u00edngua adicional<\/strong><br \/>\n<em>PDF <\/em><br \/>\nJorgelina Tallei<br \/>\nValdiney da Costa Lobo<br \/>\nViviana G\u00f3mez Valencia<br \/>\nJaime Andres Mellado D\u00edaz<br \/>\nUlly Lages Coelho<\/p>\n<p><em>Pedagogia de Fronteira<\/em> \u00e9 um livro que revela como professores que atuam em regi\u00e3o de fronteira planejam atividades para seus estudantes, a fim de provocar transforma\u00e7\u00f5es e (re)construir realidades que espelhem formas mais plurais e equ\u00e2nimes de exist\u00eancia. Em pouco mais de 84 p\u00e1ginas est\u00e3o descritas atividades realizadas durante os anos de 2020 e 2021 (per\u00eddo da pandemia) com docentes das escolas municipais da cidade de Foz do Igua\u00e7u, no Paran\u00e1. Elas apresentam a fronteira como espa\u00e7o de luta, de vida, de equidade e de desenvolvimento para a promo\u00e7\u00e3o da cidadania. O leitor de <em>Pedagogia de Fronteira<\/em> ter\u00e1 contato com pr\u00e1ticas, conte\u00fados e realidades peculiares que podem servir de inspira\u00e7\u00e3o para novas pr\u00e1ticas pedag\u00f3gicas que considerem a diversidade e a multiculturalidade como base fundamental de cria\u00e7\u00e3o.<\/p>\n<h4>Ficha T\u00e9cnica<\/h4>\n<p>1\u00aa ed.<br \/>\nPDF<br \/>\n84 p.<br \/>\nISBN 978-65-87033-48-8<br \/>\n1. Educa\u00e7\u00e3o. I. Tallei, Jorgelina. II. Lobo, Valdiney da Costa. III. Valencia, Viviana G\u00f3mez. IV. Vidal, Karla (Ilustradora). V. T\u00edtulo.<\/p>\n","protected":false},"featured_media":11824,"comment_status":"open","ping_status":"closed","template":"","meta":{"jetpack_post_was_ever_published":false,"jetpack_publicize_message":"","jetpack_publicize_feature_enabled":true,"jetpack_social_post_already_shared":true,"jetpack_social_options":{"image_generator_settings":{"template":"highway","default_image_id":0,"font":"","enabled":false},"version":2}},"product_brand":[],"product_cat":[34,19,17],"product_tag":[],"class_list":{"0":"post-11822","1":"product","2":"type-product","3":"status-publish","4":"has-post-thumbnail","6":"product_cat-sem-categoria","7":"product_cat-livros-digitais","8":"product_cat-gratuitos","10":"first","11":"instock","12":"sold-individually","13":"shipping-taxable","14":"product-type-external"},"yoast_head":"<!-- This site is optimized with the Yoast SEO plugin v27.1.1 - https:\/\/yoast.com\/product\/yoast-seo-wordpress\/ -->\n<title>Pedagogia de fronteira<\/title>\n<meta name=\"description\" content=\"Pedagogia de Fronteira revela como professores que atuam em regi\u00e3o de fronteira planejam atividades transformadoras para seus estudantes.\" \/>\n<meta name=\"robots\" content=\"index, follow, max-snippet:-1, max-image-preview:large, max-video-preview:-1\" \/>\n<link rel=\"canonical\" href=\"https:\/\/www.pipacomunica.com.br\/livrariadapipa\/produto\/pedagogia-de-fronteira\/\" \/>\n<meta property=\"og:locale\" content=\"pt_BR\" \/>\n<meta property=\"og:type\" content=\"article\" \/>\n<meta property=\"og:title\" content=\"Pedagogia de fronteira\" \/>\n<meta property=\"og:description\" content=\"Pedagogia de Fronteira revela como professores que atuam em regi\u00e3o de fronteira planejam atividades transformadoras para seus estudantes.\" \/>\n<meta property=\"og:url\" content=\"https:\/\/www.pipacomunica.com.br\/livrariadapipa\/produto\/pedagogia-de-fronteira\/\" \/>\n<meta property=\"og:site_name\" content=\"Livraria da Pipa Comunica\u00e7\u00e3o\" \/>\n<meta property=\"article:publisher\" content=\"https:\/\/www.facebook.com\/pipacomunica\" \/>\n<meta property=\"article:modified_time\" content=\"2023-12-29T01:33:35+00:00\" \/>\n<meta property=\"og:image\" content=\"https:\/\/www.pipacomunica.com.br\/livrariadapipa\/wp-content\/uploads\/2022\/12\/thumb-pedagogia-de-fronteira.png\" \/>\n\t<meta property=\"og:image:width\" content=\"870\" \/>\n\t<meta property=\"og:image:height\" content=\"452\" \/>\n\t<meta property=\"og:image:type\" content=\"image\/png\" \/>\n<meta name=\"twitter:card\" content=\"summary_large_image\" \/>\n<meta name=\"twitter:title\" content=\"Pedagogia de fronteira\" \/>\n<meta name=\"twitter:description\" content=\"Pedagogia de Fronteira revela como professores que atuam em regi\u00e3o de fronteira planejam atividades transformadoras para seus estudantes.\" \/>\n<meta name=\"twitter:image\" content=\"https:\/\/i0.wp.com\/www.pipacomunica.com.br\/livrariadapipa\/wp-content\/uploads\/2022\/12\/thumb-pedagogia-de-fronteira.png?fit=870%2C452&ssl=1\" \/>\n<meta name=\"twitter:site\" content=\"@PipaComunica\" \/>\n<meta name=\"twitter:label1\" content=\"Est. tempo de leitura\" \/>\n\t<meta name=\"twitter:data1\" content=\"2 minutos\" \/>\n<script type=\"application\/ld+json\" class=\"yoast-schema-graph\">{\"@context\":\"https:\/\/schema.org\",\"@graph\":[{\"@type\":\"WebPage\",\"@id\":\"https:\/\/www.pipacomunica.com.br\/livrariadapipa\/produto\/pedagogia-de-fronteira\/\",\"url\":\"https:\/\/www.pipacomunica.com.br\/livrariadapipa\/produto\/pedagogia-de-fronteira\/\",\"name\":\"Pedagogia de fronteira\",\"isPartOf\":{\"@id\":\"https:\/\/www.pipacomunica.com.br\/livrariadapipa\/#website\"},\"primaryImageOfPage\":{\"@id\":\"https:\/\/www.pipacomunica.com.br\/livrariadapipa\/produto\/pedagogia-de-fronteira\/#primaryimage\"},\"image\":{\"@id\":\"https:\/\/www.pipacomunica.com.br\/livrariadapipa\/produto\/pedagogia-de-fronteira\/#primaryimage\"},\"thumbnailUrl\":\"https:\/\/i0.wp.com\/www.pipacomunica.com.br\/livrariadapipa\/wp-content\/uploads\/2022\/12\/pedagogia-de-fronteira.png?fit=461%2C595&ssl=1\",\"datePublished\":\"2022-12-28T15:03:47+00:00\",\"dateModified\":\"2023-12-29T01:33:35+00:00\",\"description\":\"Pedagogia de Fronteira revela como professores que atuam em regi\u00e3o de fronteira planejam atividades transformadoras para seus estudantes.\",\"breadcrumb\":{\"@id\":\"https:\/\/www.pipacomunica.com.br\/livrariadapipa\/produto\/pedagogia-de-fronteira\/#breadcrumb\"},\"inLanguage\":\"pt-BR\",\"potentialAction\":[{\"@type\":\"ReadAction\",\"target\":[\"https:\/\/www.pipacomunica.com.br\/livrariadapipa\/produto\/pedagogia-de-fronteira\/\"]}]},{\"@type\":\"ImageObject\",\"inLanguage\":\"pt-BR\",\"@id\":\"https:\/\/www.pipacomunica.com.br\/livrariadapipa\/produto\/pedagogia-de-fronteira\/#primaryimage\",\"url\":\"https:\/\/i0.wp.com\/www.pipacomunica.com.br\/livrariadapipa\/wp-content\/uploads\/2022\/12\/pedagogia-de-fronteira.png?fit=461%2C595&ssl=1\",\"contentUrl\":\"https:\/\/i0.wp.com\/www.pipacomunica.com.br\/livrariadapipa\/wp-content\/uploads\/2022\/12\/pedagogia-de-fronteira.png?fit=461%2C595&ssl=1\",\"width\":461,\"height\":595,\"caption\":\"Pedagogia de fronteira: um olhar para as aulas de espanhol como l\u00edngua adicional\"},{\"@type\":\"BreadcrumbList\",\"@id\":\"https:\/\/www.pipacomunica.com.br\/livrariadapipa\/produto\/pedagogia-de-fronteira\/#breadcrumb\",\"itemListElement\":[{\"@type\":\"ListItem\",\"position\":1,\"name\":\"In\u00edcio\",\"item\":\"https:\/\/www.pipacomunica.com.br\/livrariadapipa\/\"},{\"@type\":\"ListItem\",\"position\":2,\"name\":\"Cat\u00e1logo\",\"item\":\"https:\/\/www.pipacomunica.com.br\/livrariadapipa\/vitrine\/\"},{\"@type\":\"ListItem\",\"position\":3,\"name\":\"Pedagogia de fronteira\"}]},{\"@type\":\"WebSite\",\"@id\":\"https:\/\/www.pipacomunica.com.br\/livrariadapipa\/#website\",\"url\":\"https:\/\/www.pipacomunica.com.br\/livrariadapipa\/\",\"name\":\"Livraria da Pipa Comunica\u00e7\u00e3o\",\"description\":\"Livros mais baratos que xerox\",\"publisher\":{\"@id\":\"https:\/\/www.pipacomunica.com.br\/livrariadapipa\/#organization\"},\"potentialAction\":[{\"@type\":\"SearchAction\",\"target\":{\"@type\":\"EntryPoint\",\"urlTemplate\":\"https:\/\/www.pipacomunica.com.br\/livrariadapipa\/?s={search_term_string}\"},\"query-input\":{\"@type\":\"PropertyValueSpecification\",\"valueRequired\":true,\"valueName\":\"search_term_string\"}}],\"inLanguage\":\"pt-BR\"},{\"@type\":\"Organization\",\"@id\":\"https:\/\/www.pipacomunica.com.br\/livrariadapipa\/#organization\",\"name\":\"Livraria da Pipa Comunica\u00e7\u00e3o\",\"url\":\"https:\/\/www.pipacomunica.com.br\/livrariadapipa\/\",\"logo\":{\"@type\":\"ImageObject\",\"inLanguage\":\"pt-BR\",\"@id\":\"https:\/\/www.pipacomunica.com.br\/livrariadapipa\/#\/schema\/logo\/image\/\",\"url\":\"https:\/\/i0.wp.com\/www.pipacomunica.com.br\/livrariadapipa\/wp-content\/uploads\/2018\/09\/marca-livraria-pipa-400px-negativo.png?fit=400%2C80&ssl=1\",\"contentUrl\":\"https:\/\/i0.wp.com\/www.pipacomunica.com.br\/livrariadapipa\/wp-content\/uploads\/2018\/09\/marca-livraria-pipa-400px-negativo.png?fit=400%2C80&ssl=1\",\"width\":400,\"height\":80,\"caption\":\"Livraria da Pipa Comunica\u00e7\u00e3o\"},\"image\":{\"@id\":\"https:\/\/www.pipacomunica.com.br\/livrariadapipa\/#\/schema\/logo\/image\/\"},\"sameAs\":[\"https:\/\/www.facebook.com\/pipacomunica\",\"https:\/\/x.com\/PipaComunica\",\"https:\/\/instagram.com\/pipacomunicacao\",\"http:\/\/www.linkedin.com\/companies\/pipa-comunica-o\",\"https:\/\/br.pinterest.com\/pipacomunicacao\/\",\"http:\/\/il.youtube.com\/user\/pipacomunicacao\"]}]}<\/script>\n<!-- \/ Yoast SEO plugin. -->","yoast_head_json":{"title":"Pedagogia de fronteira","description":"Pedagogia de Fronteira revela como professores que atuam em regi\u00e3o de fronteira planejam atividades transformadoras para seus estudantes.","robots":{"index":"index","follow":"follow","max-snippet":"max-snippet:-1","max-image-preview":"max-image-preview:large","max-video-preview":"max-video-preview:-1"},"canonical":"https:\/\/www.pipacomunica.com.br\/livrariadapipa\/produto\/pedagogia-de-fronteira\/","og_locale":"pt_BR","og_type":"article","og_title":"Pedagogia de fronteira","og_description":"Pedagogia de Fronteira revela como professores que atuam em regi\u00e3o de fronteira planejam atividades transformadoras para seus estudantes.","og_url":"https:\/\/www.pipacomunica.com.br\/livrariadapipa\/produto\/pedagogia-de-fronteira\/","og_site_name":"Livraria da Pipa Comunica\u00e7\u00e3o","article_publisher":"https:\/\/www.facebook.com\/pipacomunica","article_modified_time":"2023-12-29T01:33:35+00:00","og_image":[{"width":870,"height":452,"url":"https:\/\/www.pipacomunica.com.br\/livrariadapipa\/wp-content\/uploads\/2022\/12\/thumb-pedagogia-de-fronteira.png","type":"image\/png"}],"twitter_card":"summary_large_image","twitter_title":"Pedagogia de fronteira","twitter_description":"Pedagogia de Fronteira revela como professores que atuam em regi\u00e3o de fronteira planejam atividades transformadoras para seus estudantes.","twitter_image":"https:\/\/i0.wp.com\/www.pipacomunica.com.br\/livrariadapipa\/wp-content\/uploads\/2022\/12\/thumb-pedagogia-de-fronteira.png?fit=870%2C452&ssl=1","twitter_site":"@PipaComunica","twitter_misc":{"Est. tempo de leitura":"2 minutos"},"schema":{"@context":"https:\/\/schema.org","@graph":[{"@type":"WebPage","@id":"https:\/\/www.pipacomunica.com.br\/livrariadapipa\/produto\/pedagogia-de-fronteira\/","url":"https:\/\/www.pipacomunica.com.br\/livrariadapipa\/produto\/pedagogia-de-fronteira\/","name":"Pedagogia de fronteira","isPartOf":{"@id":"https:\/\/www.pipacomunica.com.br\/livrariadapipa\/#website"},"primaryImageOfPage":{"@id":"https:\/\/www.pipacomunica.com.br\/livrariadapipa\/produto\/pedagogia-de-fronteira\/#primaryimage"},"image":{"@id":"https:\/\/www.pipacomunica.com.br\/livrariadapipa\/produto\/pedagogia-de-fronteira\/#primaryimage"},"thumbnailUrl":"https:\/\/i0.wp.com\/www.pipacomunica.com.br\/livrariadapipa\/wp-content\/uploads\/2022\/12\/pedagogia-de-fronteira.png?fit=461%2C595&ssl=1","datePublished":"2022-12-28T15:03:47+00:00","dateModified":"2023-12-29T01:33:35+00:00","description":"Pedagogia de Fronteira revela como professores que atuam em regi\u00e3o de fronteira planejam atividades transformadoras para seus estudantes.","breadcrumb":{"@id":"https:\/\/www.pipacomunica.com.br\/livrariadapipa\/produto\/pedagogia-de-fronteira\/#breadcrumb"},"inLanguage":"pt-BR","potentialAction":[{"@type":"ReadAction","target":["https:\/\/www.pipacomunica.com.br\/livrariadapipa\/produto\/pedagogia-de-fronteira\/"]}]},{"@type":"ImageObject","inLanguage":"pt-BR","@id":"https:\/\/www.pipacomunica.com.br\/livrariadapipa\/produto\/pedagogia-de-fronteira\/#primaryimage","url":"https:\/\/i0.wp.com\/www.pipacomunica.com.br\/livrariadapipa\/wp-content\/uploads\/2022\/12\/pedagogia-de-fronteira.png?fit=461%2C595&ssl=1","contentUrl":"https:\/\/i0.wp.com\/www.pipacomunica.com.br\/livrariadapipa\/wp-content\/uploads\/2022\/12\/pedagogia-de-fronteira.png?fit=461%2C595&ssl=1","width":461,"height":595,"caption":"Pedagogia de fronteira: um olhar para as aulas de espanhol como l\u00edngua adicional"},{"@type":"BreadcrumbList","@id":"https:\/\/www.pipacomunica.com.br\/livrariadapipa\/produto\/pedagogia-de-fronteira\/#breadcrumb","itemListElement":[{"@type":"ListItem","position":1,"name":"In\u00edcio","item":"https:\/\/www.pipacomunica.com.br\/livrariadapipa\/"},{"@type":"ListItem","position":2,"name":"Cat\u00e1logo","item":"https:\/\/www.pipacomunica.com.br\/livrariadapipa\/vitrine\/"},{"@type":"ListItem","position":3,"name":"Pedagogia de fronteira"}]},{"@type":"WebSite","@id":"https:\/\/www.pipacomunica.com.br\/livrariadapipa\/#website","url":"https:\/\/www.pipacomunica.com.br\/livrariadapipa\/","name":"Livraria da Pipa Comunica\u00e7\u00e3o","description":"Livros mais baratos que xerox","publisher":{"@id":"https:\/\/www.pipacomunica.com.br\/livrariadapipa\/#organization"},"potentialAction":[{"@type":"SearchAction","target":{"@type":"EntryPoint","urlTemplate":"https:\/\/www.pipacomunica.com.br\/livrariadapipa\/?s={search_term_string}"},"query-input":{"@type":"PropertyValueSpecification","valueRequired":true,"valueName":"search_term_string"}}],"inLanguage":"pt-BR"},{"@type":"Organization","@id":"https:\/\/www.pipacomunica.com.br\/livrariadapipa\/#organization","name":"Livraria da Pipa Comunica\u00e7\u00e3o","url":"https:\/\/www.pipacomunica.com.br\/livrariadapipa\/","logo":{"@type":"ImageObject","inLanguage":"pt-BR","@id":"https:\/\/www.pipacomunica.com.br\/livrariadapipa\/#\/schema\/logo\/image\/","url":"https:\/\/i0.wp.com\/www.pipacomunica.com.br\/livrariadapipa\/wp-content\/uploads\/2018\/09\/marca-livraria-pipa-400px-negativo.png?fit=400%2C80&ssl=1","contentUrl":"https:\/\/i0.wp.com\/www.pipacomunica.com.br\/livrariadapipa\/wp-content\/uploads\/2018\/09\/marca-livraria-pipa-400px-negativo.png?fit=400%2C80&ssl=1","width":400,"height":80,"caption":"Livraria da Pipa Comunica\u00e7\u00e3o"},"image":{"@id":"https:\/\/www.pipacomunica.com.br\/livrariadapipa\/#\/schema\/logo\/image\/"},"sameAs":["https:\/\/www.facebook.com\/pipacomunica","https:\/\/x.com\/PipaComunica","https:\/\/instagram.com\/pipacomunicacao","http:\/\/www.linkedin.com\/companies\/pipa-comunica-o","https:\/\/br.pinterest.com\/pipacomunicacao\/","http:\/\/il.youtube.com\/user\/pipacomunicacao"]}]}},"jetpack_publicize_connections":[],"jetpack_sharing_enabled":true,"_links":{"self":[{"href":"https:\/\/www.pipacomunica.com.br\/livrariadapipa\/wp-json\/wp\/v2\/product\/11822","targetHints":{"allow":["GET"]}}],"collection":[{"href":"https:\/\/www.pipacomunica.com.br\/livrariadapipa\/wp-json\/wp\/v2\/product"}],"about":[{"href":"https:\/\/www.pipacomunica.com.br\/livrariadapipa\/wp-json\/wp\/v2\/types\/product"}],"replies":[{"embeddable":true,"href":"https:\/\/www.pipacomunica.com.br\/livrariadapipa\/wp-json\/wp\/v2\/comments?post=11822"}],"version-history":[{"count":4,"href":"https:\/\/www.pipacomunica.com.br\/livrariadapipa\/wp-json\/wp\/v2\/product\/11822\/revisions"}],"predecessor-version":[{"id":11835,"href":"https:\/\/www.pipacomunica.com.br\/livrariadapipa\/wp-json\/wp\/v2\/product\/11822\/revisions\/11835"}],"wp:featuredmedia":[{"embeddable":true,"href":"https:\/\/www.pipacomunica.com.br\/livrariadapipa\/wp-json\/wp\/v2\/media\/11824"}],"wp:attachment":[{"href":"https:\/\/www.pipacomunica.com.br\/livrariadapipa\/wp-json\/wp\/v2\/media?parent=11822"}],"wp:term":[{"taxonomy":"product_brand","embeddable":true,"href":"https:\/\/www.pipacomunica.com.br\/livrariadapipa\/wp-json\/wp\/v2\/product_brand?post=11822"},{"taxonomy":"product_cat","embeddable":true,"href":"https:\/\/www.pipacomunica.com.br\/livrariadapipa\/wp-json\/wp\/v2\/product_cat?post=11822"},{"taxonomy":"product_tag","embeddable":true,"href":"https:\/\/www.pipacomunica.com.br\/livrariadapipa\/wp-json\/wp\/v2\/product_tag?post=11822"}],"curies":[{"name":"wp","href":"https:\/\/api.w.org\/{rel}","templated":true}]}}