{"id":112,"date":"2015-01-22T21:42:16","date_gmt":"2015-01-23T00:42:16","guid":{"rendered":"https:\/\/www.pipacomunica.com.br\/livrariadapipa\/?post_type=product&#038;p=112"},"modified":"2023-01-17T14:30:45","modified_gmt":"2023-01-17T17:30:45","slug":"anonimos-famosos-e-viajantes","status":"publish","type":"product","link":"https:\/\/www.pipacomunica.com.br\/livrariadapipa\/produto\/anonimos-famosos-e-viajantes\/","title":{"rendered":"An\u00f4nimos, famosos e viajantes"},"content":{"rendered":"<p><strong>AN\u00d4NIMOS, FAMOSOS E VIAJANTES<\/strong><br \/>\n1\u00aa Edi\u00e7\u00e3o. Pipa Comunica\u00e7\u00e3o. 2013\/2014.<br \/>\nISBN 978-85-66530-22-3<\/p>\n<p>A fot\u00f3grafa <strong><a href=\"http:\/\/www.karlavidal.com.br\" target=\"_blank\" rel=\"noopener\">Karla Vidal<\/a><\/strong> adaptou o seu ensaio fotogr\u00e1fico <strong>An\u00f4nimos, famosos e viajantes<\/strong> para o formato e-book com o objetivo de relatar de forma did\u00e1tica o processo de produ\u00e7\u00e3o de um ensaio fotogr\u00e1fico e, assim, inspirar e estimular estudantes a desenvolverem projetos semelhantes. <strong>An\u00f4nimos, famosos e viajantes<\/strong> \u00e9 gratuito e est\u00e1 dispon\u00edvel para download sob a licen\u00e7a Creative Commons 4.0 de Cultura Livre, a mais flex\u00edvel de todas. O <span id=\"snippet_meta\" class=\"desc\">fotolivro apresenta cotidiano de artistas que se apresentam nos \u00f4nibus que circulam na Regi\u00e3o Metropolitana do Recife.<\/span><\/p>\n<p>99p. Fotografias. Inclui bibliografia.<br \/>\n1. Fotografia. 2. Arte. 3. Antropologia. 4. Cidade. 5. Espa\u00e7o urbano. 6. Transporte coletivo<\/p>\n<h3>Sobre a autora<\/h3>\n<p><a href=\"https:\/\/i0.wp.com\/www.pipacomunica.com.br\/livrariadapipa\/wp-content\/uploads\/2015\/01\/MG_1452c.png?ssl=1\"><img data-recalc-dims=\"1\" fetchpriority=\"high\" decoding=\"async\" class=\"aligncenter size-full wp-image-11539\" src=\"https:\/\/i0.wp.com\/www.pipacomunica.com.br\/livrariadapipa\/wp-content\/uploads\/2015\/01\/MG_1452c.png?resize=350%2C350&#038;ssl=1\" alt=\"Karla Vidal\" width=\"350\" height=\"350\" srcset=\"https:\/\/i0.wp.com\/www.pipacomunica.com.br\/livrariadapipa\/wp-content\/uploads\/2015\/01\/MG_1452c.png?w=350&amp;ssl=1 350w, https:\/\/i0.wp.com\/www.pipacomunica.com.br\/livrariadapipa\/wp-content\/uploads\/2015\/01\/MG_1452c.png?resize=300%2C300&amp;ssl=1 300w, https:\/\/i0.wp.com\/www.pipacomunica.com.br\/livrariadapipa\/wp-content\/uploads\/2015\/01\/MG_1452c.png?resize=150%2C150&amp;ssl=1 150w, https:\/\/i0.wp.com\/www.pipacomunica.com.br\/livrariadapipa\/wp-content\/uploads\/2015\/01\/MG_1452c.png?resize=100%2C100&amp;ssl=1 100w\" sizes=\"(max-width: 350px) 100vw, 350px\" \/><\/a><\/p>\n<div class=\"hJDwNd-AhqUyc-OiUrBf purZT-AhqUyc-II5mzb pSzOP-AhqUyc-qWD73c JNdkSc\">\n<div class=\"JNdkSc-SmKAyb\">\n<div class=\"\">\n<div class=\"oKdM2c Kzv0Me\">\n<div id=\"h.17dbdf707f856980_1699\" class=\"hJDwNd-AhqUyc-OiUrBf jXK9ad D2fZ2 OjCsFc wHaque GNzUNc\">\n<div class=\"jXK9ad-SmKAyb\">\n<div class=\"tyJCtd mGzaTb baZpAe\">\n<p class=\"CDt4Ke zfr3Q\" dir=\"ltr\">Nasceu em <span class=\" aw5Odc\"><a class=\"XqQF9c\" href=\"https:\/\/youtu.be\/k7AruntLLbY\" target=\"_blank\" rel=\"noopener\"><strong>Caruaru<\/strong><\/a><\/span>, cidade famosa pela quantidade de artistas e sua grande festa junina. Migrei para a capital em busca da faculdade que faria meus olhos brilharem. Conclu\u00ed a gradua\u00e7\u00e3o em Comunica\u00e7\u00e3o Social com habilita\u00e7\u00e3o em <span class=\" aw5Odc\"><a class=\"XqQF9c\" href=\"https:\/\/www.google.com\/url?q=https%3A%2F%2Fwww.ufpe.br%2Fradio-tv-e-internet-bacharelado-cac&amp;sa=D&amp;sntz=1&amp;usg=AFQjCNF7gU1_ChxTyUg3vnx0aiCmpnpV5A\" target=\"_blank\" rel=\"noopener\"><strong>R\u00e1dio e TV pela UFPE<\/strong><\/a><\/span> e especializa\u00e7\u00e3o em <span class=\" aw5Odc\"><a class=\"XqQF9c\" href=\"https:\/\/www.google.com\/url?q=https%3A%2F%2Fpt.coursera.org%2Fspecializations%2Fgraphic-design&amp;sa=D&amp;sntz=1&amp;usg=AFQjCNFtETEXj92giNUY0zGEj74dsck8sQ\" target=\"_blank\" rel=\"noopener\"><strong>Design Gr\u00e1fico no California Institute of the Arts<\/strong><\/a><\/span><strong>. <\/strong>Tamb\u00e9m sou <span class=\" aw5Odc\"><a class=\"XqQF9c\" href=\"https:\/\/www.google.com\/url?q=https%3A%2F%2Fwww.credly.com%2Fusers%2Fkarlagvidal%2Fbadges&amp;sa=D&amp;sntz=1&amp;usg=AFQjCNFUMZHgCCUSJEtpJPo-8HWxPSLEIA\" target=\"_blank\" rel=\"noopener\"><strong>Adobe Creative Educator<\/strong><\/a><\/span> e <span class=\" aw5Odc\"><a class=\"XqQF9c\" href=\"https:\/\/edudirectory.withgoogle.com\/profiles\/5748113570529280\" target=\"_blank\" rel=\"noopener\"><strong>Google Certified Innovator<\/strong><\/a><\/span>.<\/p>\n<p class=\"CDt4Ke zfr3Q\" dir=\"ltr\">Ainda na faculdade criei minha pr\u00f3pria produtora, a <span class=\" aw5Odc\"><a class=\"XqQF9c\" href=\"http:\/\/www.google.com\/url?q=http%3A%2F%2Fwww.pipacomunica.com.br%2F&amp;sa=D&amp;sntz=1&amp;usg=AFQjCNHnKlDYAmBI1R3Uj0iIJLFUetHMYQ\" target=\"_blank\" rel=\"noopener\"><strong>Pipa Comunica\u00e7\u00e3o<\/strong><\/a><\/span><strong>,<\/strong> onde atuo desde 2006 em projetos inovadores que unem comunica\u00e7\u00e3o, design e educa\u00e7\u00e3o. Em todos esses anos ajudei a dar vida a muitos v\u00eddeos, diagramei mais de <span class=\" aw5Odc\"><a class=\"XqQF9c\" href=\"https:\/\/www.karlavidal.com.br\/capas\"><strong>100 livros<\/strong><\/a><\/span>, criei muitas marcas, imagens e anima\u00e7\u00f5es, al\u00e9m de construir dezenas de websites, muitos deles voltados para a aprendizagem.<\/p>\n<p class=\"CDt4Ke zfr3Q\" dir=\"ltr\">Tenho interesse especial pelos estudos sobre cultura digital, design e artes. Recentemente descobri um novo interesse pela forma\u00e7\u00e3o de professores e o desejo de transformar a educa\u00e7\u00e3o sendo uma das idealizadoras da <span class=\" aw5Odc\"><a class=\"XqQF9c\" href=\"http:\/\/www.google.com\/url?q=http%3A%2F%2Fwww.pipacomunica.com.br%2Fprofessorcriativo%2F&amp;sa=D&amp;sntz=1&amp;usg=AFQjCNF3JEyIm4ar8zevLd5V3cKGmHlQZQ\" target=\"_blank\" rel=\"noopener\"><strong>S\u00e9rie Professor Criativo<\/strong><\/a><\/span> e do <span class=\" aw5Odc\"><a class=\"XqQF9c\" href=\"https:\/\/www.google.com\/url?q=https%3A%2F%2Fwww.souproflab.com.br%2F&amp;sa=D&amp;sntz=1&amp;usg=AFQjCNHi11zLPfyMO0lJbMIpNQKr-CEhiA\" target=\"_blank\" rel=\"noopener\"><strong>ProfLab<\/strong><\/a><\/span>, programa de forma\u00e7\u00f5es criativas para professores no Recife.<\/p>\n<\/div>\n<\/div>\n<\/div>\n<\/div>\n<\/div>\n<\/div>\n<\/div>\n","protected":false},"excerpt":{"rendered":"<p><strong>AN\u00d4NIMOS, FAMOSOS E VIAJANTES<\/strong><br \/>\nKarla Vidal<br \/>\nPDF \u2014 ISBN 978-85-66530-22-3<br \/>\n1\u00aa Edi\u00e7\u00e3o. Pipa Comunica\u00e7\u00e3o. 2013\/2014.<\/p>\n<p>A fot\u00f3grafa <strong><a href=\"http:\/\/www.karlavidal.com.br\" target=\"_blank\" rel=\"noopener\">Karla Vidal<\/a><\/strong> adaptou o seu ensaio fotogr\u00e1fico <strong>An\u00f4nimos, famosos e viajantes<\/strong> para o formato e-book com o objetivo de relatar de forma did\u00e1tica o processo de produ\u00e7\u00e3o de um ensaio fotogr\u00e1fico e, assim, inspirar e estimular estudantes a desenvolverem projetos semelhantes. <strong>An\u00f4nimos, famosos e viajantes<\/strong> \u00e9 gratuito e est\u00e1 dispon\u00edvel para download sob a licen\u00e7a Creative Commons 4.0 de Cultura Livre, a mais flex\u00edvel de todas. O <span id=\"snippet_meta\" class=\"desc\">fotolivro apresenta cotidiano de artistas que se apresentam nos \u00f4nibus que circulam na Regi\u00e3o Metropolitana do Recife.<\/span><\/p>\n<p>99p. Fotografias. Inclui bibliografia.<br \/>\n1. Fotografia. 2. Arte. 3. Antropologia. 4. Cidade. 5. Espa\u00e7o urbano. 6. Transporte coletivo<\/p>\n<p>PDF: <a href=\"https:\/\/bit.ly\/anonimosfamososeviajantes\">https:\/\/bit.ly\/anonimosfamososeviajantes<\/a><br \/>\nMais informa\u00e7\u00f5es: <a href=\"http:\/\/pipacomunicacao.blogspot.com.br\/2014\/12\/ebook-sobre-artistas-de-rua-do-recife.html\" target=\"_blank\" rel=\"noopener\"><strong>http:\/\/pipacomunicacao.blogspot.com.br<\/strong><\/a><\/p>\n","protected":false},"featured_media":403,"comment_status":"open","ping_status":"closed","template":"","meta":{"jetpack_post_was_ever_published":false,"jetpack_publicize_message":"","jetpack_publicize_feature_enabled":true,"jetpack_social_post_already_shared":false,"jetpack_social_options":{"image_generator_settings":{"template":"highway","default_image_id":0,"font":"","enabled":false},"version":2}},"product_brand":[],"product_cat":[34,19,17],"product_tag":[],"class_list":{"0":"post-112","1":"product","2":"type-product","3":"status-publish","4":"has-post-thumbnail","6":"product_cat-sem-categoria","7":"product_cat-livros-digitais","8":"product_cat-gratuitos","10":"first","11":"instock","12":"shipping-taxable","13":"product-type-external"},"yoast_head":"<!-- This site is optimized with the Yoast SEO plugin v27.1.1 - https:\/\/yoast.com\/product\/yoast-seo-wordpress\/ -->\n<title>An\u00f4nimos, famosos e viajantes - Livraria da Pipa Comunica\u00e7\u00e3o<\/title>\n<meta name=\"description\" content=\"An\u00f4nimos, famosos e viajantes \u00e9 um fotolivro digital livre e gratuito sobre o cotidiano de artistas que se apresentam nos \u00f4nibus da cidade de Recife.\" \/>\n<meta name=\"robots\" content=\"index, follow, max-snippet:-1, max-image-preview:large, max-video-preview:-1\" \/>\n<link rel=\"canonical\" href=\"https:\/\/www.pipacomunica.com.br\/livrariadapipa\/produto\/anonimos-famosos-e-viajantes\/\" \/>\n<meta property=\"og:locale\" content=\"pt_BR\" \/>\n<meta property=\"og:type\" content=\"article\" \/>\n<meta property=\"og:title\" content=\"An\u00f4nimos, famosos e viajantes - Livro Digital\" \/>\n<meta property=\"og:description\" content=\"An\u00f4nimos, famosos e viajantes \u00e9 um fotolivro digital livre e gratuito sobre o cotidiano de artistas que se apresentam nos \u00f4nibus da cidade de Recife.\" \/>\n<meta property=\"og:url\" content=\"https:\/\/www.pipacomunica.com.br\/livrariadapipa\/produto\/anonimos-famosos-e-viajantes\/\" \/>\n<meta property=\"og:site_name\" content=\"Livraria da Pipa Comunica\u00e7\u00e3o\" \/>\n<meta property=\"article:publisher\" content=\"https:\/\/www.facebook.com\/pipacomunica\" \/>\n<meta property=\"article:modified_time\" content=\"2023-01-17T17:30:45+00:00\" \/>\n<meta property=\"og:image\" content=\"https:\/\/www.pipacomunica.com.br\/livrariadapipa\/wp-content\/uploads\/2015\/01\/thumb-anonimos-famosos-livro-digital.png\" \/>\n\t<meta property=\"og:image:width\" content=\"870\" \/>\n\t<meta property=\"og:image:height\" content=\"452\" \/>\n\t<meta property=\"og:image:type\" content=\"image\/png\" \/>\n<meta name=\"twitter:card\" content=\"summary_large_image\" \/>\n<meta name=\"twitter:title\" content=\"An\u00f4nimos, famosos e viajantes - Livro Digital\" \/>\n<meta name=\"twitter:description\" content=\"An\u00f4nimos, famosos e viajantes \u00e9 um fotolivro digital livre e gratuito sobre o cotidiano de artistas que se apresentam nos \u00f4nibus da cidade de Recife.\" \/>\n<meta name=\"twitter:image\" content=\"https:\/\/i0.wp.com\/www.pipacomunica.com.br\/livrariadapipa\/wp-content\/uploads\/2015\/01\/thumb-anonimos-famosos-livro-digital.png?fit=870%2C452&ssl=1\" \/>\n<meta name=\"twitter:site\" content=\"@PipaComunica\" \/>\n<meta name=\"twitter:label1\" content=\"Est. tempo de leitura\" \/>\n\t<meta name=\"twitter:data1\" content=\"2 minutos\" \/>\n<script type=\"application\/ld+json\" class=\"yoast-schema-graph\">{\"@context\":\"https:\/\/schema.org\",\"@graph\":[{\"@type\":\"WebPage\",\"@id\":\"https:\/\/www.pipacomunica.com.br\/livrariadapipa\/produto\/anonimos-famosos-e-viajantes\/\",\"url\":\"https:\/\/www.pipacomunica.com.br\/livrariadapipa\/produto\/anonimos-famosos-e-viajantes\/\",\"name\":\"An\u00f4nimos, famosos e viajantes - Livraria da Pipa Comunica\u00e7\u00e3o\",\"isPartOf\":{\"@id\":\"https:\/\/www.pipacomunica.com.br\/livrariadapipa\/#website\"},\"primaryImageOfPage\":{\"@id\":\"https:\/\/www.pipacomunica.com.br\/livrariadapipa\/produto\/anonimos-famosos-e-viajantes\/#primaryimage\"},\"image\":{\"@id\":\"https:\/\/www.pipacomunica.com.br\/livrariadapipa\/produto\/anonimos-famosos-e-viajantes\/#primaryimage\"},\"thumbnailUrl\":\"https:\/\/i0.wp.com\/www.pipacomunica.com.br\/livrariadapipa\/wp-content\/uploads\/2015\/01\/An%C3%B4nimos-Famosos-e-Viajantes.jpg?fit=461%2C595&ssl=1\",\"datePublished\":\"2015-01-23T00:42:16+00:00\",\"dateModified\":\"2023-01-17T17:30:45+00:00\",\"description\":\"An\u00f4nimos, famosos e viajantes \u00e9 um fotolivro digital livre e gratuito sobre o cotidiano de artistas que se apresentam nos \u00f4nibus da cidade de Recife.\",\"breadcrumb\":{\"@id\":\"https:\/\/www.pipacomunica.com.br\/livrariadapipa\/produto\/anonimos-famosos-e-viajantes\/#breadcrumb\"},\"inLanguage\":\"pt-BR\",\"potentialAction\":[{\"@type\":\"ReadAction\",\"target\":[\"https:\/\/www.pipacomunica.com.br\/livrariadapipa\/produto\/anonimos-famosos-e-viajantes\/\"]}]},{\"@type\":\"ImageObject\",\"inLanguage\":\"pt-BR\",\"@id\":\"https:\/\/www.pipacomunica.com.br\/livrariadapipa\/produto\/anonimos-famosos-e-viajantes\/#primaryimage\",\"url\":\"https:\/\/i0.wp.com\/www.pipacomunica.com.br\/livrariadapipa\/wp-content\/uploads\/2015\/01\/An%C3%B4nimos-Famosos-e-Viajantes.jpg?fit=461%2C595&ssl=1\",\"contentUrl\":\"https:\/\/i0.wp.com\/www.pipacomunica.com.br\/livrariadapipa\/wp-content\/uploads\/2015\/01\/An%C3%B4nimos-Famosos-e-Viajantes.jpg?fit=461%2C595&ssl=1\",\"width\":461,\"height\":595,\"caption\":\"An\u00f4nimos, famosos e viajantes\"},{\"@type\":\"BreadcrumbList\",\"@id\":\"https:\/\/www.pipacomunica.com.br\/livrariadapipa\/produto\/anonimos-famosos-e-viajantes\/#breadcrumb\",\"itemListElement\":[{\"@type\":\"ListItem\",\"position\":1,\"name\":\"In\u00edcio\",\"item\":\"https:\/\/www.pipacomunica.com.br\/livrariadapipa\/\"},{\"@type\":\"ListItem\",\"position\":2,\"name\":\"Cat\u00e1logo\",\"item\":\"https:\/\/www.pipacomunica.com.br\/livrariadapipa\/vitrine\/\"},{\"@type\":\"ListItem\",\"position\":3,\"name\":\"An\u00f4nimos, famosos e viajantes\"}]},{\"@type\":\"WebSite\",\"@id\":\"https:\/\/www.pipacomunica.com.br\/livrariadapipa\/#website\",\"url\":\"https:\/\/www.pipacomunica.com.br\/livrariadapipa\/\",\"name\":\"Livraria da Pipa Comunica\u00e7\u00e3o\",\"description\":\"Livros mais baratos que xerox\",\"publisher\":{\"@id\":\"https:\/\/www.pipacomunica.com.br\/livrariadapipa\/#organization\"},\"potentialAction\":[{\"@type\":\"SearchAction\",\"target\":{\"@type\":\"EntryPoint\",\"urlTemplate\":\"https:\/\/www.pipacomunica.com.br\/livrariadapipa\/?s={search_term_string}\"},\"query-input\":{\"@type\":\"PropertyValueSpecification\",\"valueRequired\":true,\"valueName\":\"search_term_string\"}}],\"inLanguage\":\"pt-BR\"},{\"@type\":\"Organization\",\"@id\":\"https:\/\/www.pipacomunica.com.br\/livrariadapipa\/#organization\",\"name\":\"Livraria da Pipa Comunica\u00e7\u00e3o\",\"url\":\"https:\/\/www.pipacomunica.com.br\/livrariadapipa\/\",\"logo\":{\"@type\":\"ImageObject\",\"inLanguage\":\"pt-BR\",\"@id\":\"https:\/\/www.pipacomunica.com.br\/livrariadapipa\/#\/schema\/logo\/image\/\",\"url\":\"https:\/\/i0.wp.com\/www.pipacomunica.com.br\/livrariadapipa\/wp-content\/uploads\/2018\/09\/marca-livraria-pipa-400px-negativo.png?fit=400%2C80&ssl=1\",\"contentUrl\":\"https:\/\/i0.wp.com\/www.pipacomunica.com.br\/livrariadapipa\/wp-content\/uploads\/2018\/09\/marca-livraria-pipa-400px-negativo.png?fit=400%2C80&ssl=1\",\"width\":400,\"height\":80,\"caption\":\"Livraria da Pipa Comunica\u00e7\u00e3o\"},\"image\":{\"@id\":\"https:\/\/www.pipacomunica.com.br\/livrariadapipa\/#\/schema\/logo\/image\/\"},\"sameAs\":[\"https:\/\/www.facebook.com\/pipacomunica\",\"https:\/\/x.com\/PipaComunica\",\"https:\/\/instagram.com\/pipacomunicacao\",\"http:\/\/www.linkedin.com\/companies\/pipa-comunica-o\",\"https:\/\/br.pinterest.com\/pipacomunicacao\/\",\"http:\/\/il.youtube.com\/user\/pipacomunicacao\"]}]}<\/script>\n<!-- \/ Yoast SEO plugin. -->","yoast_head_json":{"title":"An\u00f4nimos, famosos e viajantes - Livraria da Pipa Comunica\u00e7\u00e3o","description":"An\u00f4nimos, famosos e viajantes \u00e9 um fotolivro digital livre e gratuito sobre o cotidiano de artistas que se apresentam nos \u00f4nibus da cidade de Recife.","robots":{"index":"index","follow":"follow","max-snippet":"max-snippet:-1","max-image-preview":"max-image-preview:large","max-video-preview":"max-video-preview:-1"},"canonical":"https:\/\/www.pipacomunica.com.br\/livrariadapipa\/produto\/anonimos-famosos-e-viajantes\/","og_locale":"pt_BR","og_type":"article","og_title":"An\u00f4nimos, famosos e viajantes - Livro Digital","og_description":"An\u00f4nimos, famosos e viajantes \u00e9 um fotolivro digital livre e gratuito sobre o cotidiano de artistas que se apresentam nos \u00f4nibus da cidade de Recife.","og_url":"https:\/\/www.pipacomunica.com.br\/livrariadapipa\/produto\/anonimos-famosos-e-viajantes\/","og_site_name":"Livraria da Pipa Comunica\u00e7\u00e3o","article_publisher":"https:\/\/www.facebook.com\/pipacomunica","article_modified_time":"2023-01-17T17:30:45+00:00","og_image":[{"width":870,"height":452,"url":"https:\/\/www.pipacomunica.com.br\/livrariadapipa\/wp-content\/uploads\/2015\/01\/thumb-anonimos-famosos-livro-digital.png","type":"image\/png"}],"twitter_card":"summary_large_image","twitter_title":"An\u00f4nimos, famosos e viajantes - Livro Digital","twitter_description":"An\u00f4nimos, famosos e viajantes \u00e9 um fotolivro digital livre e gratuito sobre o cotidiano de artistas que se apresentam nos \u00f4nibus da cidade de Recife.","twitter_image":"https:\/\/i0.wp.com\/www.pipacomunica.com.br\/livrariadapipa\/wp-content\/uploads\/2015\/01\/thumb-anonimos-famosos-livro-digital.png?fit=870%2C452&ssl=1","twitter_site":"@PipaComunica","twitter_misc":{"Est. tempo de leitura":"2 minutos"},"schema":{"@context":"https:\/\/schema.org","@graph":[{"@type":"WebPage","@id":"https:\/\/www.pipacomunica.com.br\/livrariadapipa\/produto\/anonimos-famosos-e-viajantes\/","url":"https:\/\/www.pipacomunica.com.br\/livrariadapipa\/produto\/anonimos-famosos-e-viajantes\/","name":"An\u00f4nimos, famosos e viajantes - Livraria da Pipa Comunica\u00e7\u00e3o","isPartOf":{"@id":"https:\/\/www.pipacomunica.com.br\/livrariadapipa\/#website"},"primaryImageOfPage":{"@id":"https:\/\/www.pipacomunica.com.br\/livrariadapipa\/produto\/anonimos-famosos-e-viajantes\/#primaryimage"},"image":{"@id":"https:\/\/www.pipacomunica.com.br\/livrariadapipa\/produto\/anonimos-famosos-e-viajantes\/#primaryimage"},"thumbnailUrl":"https:\/\/i0.wp.com\/www.pipacomunica.com.br\/livrariadapipa\/wp-content\/uploads\/2015\/01\/An%C3%B4nimos-Famosos-e-Viajantes.jpg?fit=461%2C595&ssl=1","datePublished":"2015-01-23T00:42:16+00:00","dateModified":"2023-01-17T17:30:45+00:00","description":"An\u00f4nimos, famosos e viajantes \u00e9 um fotolivro digital livre e gratuito sobre o cotidiano de artistas que se apresentam nos \u00f4nibus da cidade de Recife.","breadcrumb":{"@id":"https:\/\/www.pipacomunica.com.br\/livrariadapipa\/produto\/anonimos-famosos-e-viajantes\/#breadcrumb"},"inLanguage":"pt-BR","potentialAction":[{"@type":"ReadAction","target":["https:\/\/www.pipacomunica.com.br\/livrariadapipa\/produto\/anonimos-famosos-e-viajantes\/"]}]},{"@type":"ImageObject","inLanguage":"pt-BR","@id":"https:\/\/www.pipacomunica.com.br\/livrariadapipa\/produto\/anonimos-famosos-e-viajantes\/#primaryimage","url":"https:\/\/i0.wp.com\/www.pipacomunica.com.br\/livrariadapipa\/wp-content\/uploads\/2015\/01\/An%C3%B4nimos-Famosos-e-Viajantes.jpg?fit=461%2C595&ssl=1","contentUrl":"https:\/\/i0.wp.com\/www.pipacomunica.com.br\/livrariadapipa\/wp-content\/uploads\/2015\/01\/An%C3%B4nimos-Famosos-e-Viajantes.jpg?fit=461%2C595&ssl=1","width":461,"height":595,"caption":"An\u00f4nimos, famosos e viajantes"},{"@type":"BreadcrumbList","@id":"https:\/\/www.pipacomunica.com.br\/livrariadapipa\/produto\/anonimos-famosos-e-viajantes\/#breadcrumb","itemListElement":[{"@type":"ListItem","position":1,"name":"In\u00edcio","item":"https:\/\/www.pipacomunica.com.br\/livrariadapipa\/"},{"@type":"ListItem","position":2,"name":"Cat\u00e1logo","item":"https:\/\/www.pipacomunica.com.br\/livrariadapipa\/vitrine\/"},{"@type":"ListItem","position":3,"name":"An\u00f4nimos, famosos e viajantes"}]},{"@type":"WebSite","@id":"https:\/\/www.pipacomunica.com.br\/livrariadapipa\/#website","url":"https:\/\/www.pipacomunica.com.br\/livrariadapipa\/","name":"Livraria da Pipa Comunica\u00e7\u00e3o","description":"Livros mais baratos que xerox","publisher":{"@id":"https:\/\/www.pipacomunica.com.br\/livrariadapipa\/#organization"},"potentialAction":[{"@type":"SearchAction","target":{"@type":"EntryPoint","urlTemplate":"https:\/\/www.pipacomunica.com.br\/livrariadapipa\/?s={search_term_string}"},"query-input":{"@type":"PropertyValueSpecification","valueRequired":true,"valueName":"search_term_string"}}],"inLanguage":"pt-BR"},{"@type":"Organization","@id":"https:\/\/www.pipacomunica.com.br\/livrariadapipa\/#organization","name":"Livraria da Pipa Comunica\u00e7\u00e3o","url":"https:\/\/www.pipacomunica.com.br\/livrariadapipa\/","logo":{"@type":"ImageObject","inLanguage":"pt-BR","@id":"https:\/\/www.pipacomunica.com.br\/livrariadapipa\/#\/schema\/logo\/image\/","url":"https:\/\/i0.wp.com\/www.pipacomunica.com.br\/livrariadapipa\/wp-content\/uploads\/2018\/09\/marca-livraria-pipa-400px-negativo.png?fit=400%2C80&ssl=1","contentUrl":"https:\/\/i0.wp.com\/www.pipacomunica.com.br\/livrariadapipa\/wp-content\/uploads\/2018\/09\/marca-livraria-pipa-400px-negativo.png?fit=400%2C80&ssl=1","width":400,"height":80,"caption":"Livraria da Pipa Comunica\u00e7\u00e3o"},"image":{"@id":"https:\/\/www.pipacomunica.com.br\/livrariadapipa\/#\/schema\/logo\/image\/"},"sameAs":["https:\/\/www.facebook.com\/pipacomunica","https:\/\/x.com\/PipaComunica","https:\/\/instagram.com\/pipacomunicacao","http:\/\/www.linkedin.com\/companies\/pipa-comunica-o","https:\/\/br.pinterest.com\/pipacomunicacao\/","http:\/\/il.youtube.com\/user\/pipacomunicacao"]}]}},"jetpack_publicize_connections":[],"jetpack_sharing_enabled":true,"_links":{"self":[{"href":"https:\/\/www.pipacomunica.com.br\/livrariadapipa\/wp-json\/wp\/v2\/product\/112","targetHints":{"allow":["GET"]}}],"collection":[{"href":"https:\/\/www.pipacomunica.com.br\/livrariadapipa\/wp-json\/wp\/v2\/product"}],"about":[{"href":"https:\/\/www.pipacomunica.com.br\/livrariadapipa\/wp-json\/wp\/v2\/types\/product"}],"replies":[{"embeddable":true,"href":"https:\/\/www.pipacomunica.com.br\/livrariadapipa\/wp-json\/wp\/v2\/comments?post=112"}],"version-history":[{"count":3,"href":"https:\/\/www.pipacomunica.com.br\/livrariadapipa\/wp-json\/wp\/v2\/product\/112\/revisions"}],"predecessor-version":[{"id":11534,"href":"https:\/\/www.pipacomunica.com.br\/livrariadapipa\/wp-json\/wp\/v2\/product\/112\/revisions\/11534"}],"wp:featuredmedia":[{"embeddable":true,"href":"https:\/\/www.pipacomunica.com.br\/livrariadapipa\/wp-json\/wp\/v2\/media\/403"}],"wp:attachment":[{"href":"https:\/\/www.pipacomunica.com.br\/livrariadapipa\/wp-json\/wp\/v2\/media?parent=112"}],"wp:term":[{"taxonomy":"product_brand","embeddable":true,"href":"https:\/\/www.pipacomunica.com.br\/livrariadapipa\/wp-json\/wp\/v2\/product_brand?post=112"},{"taxonomy":"product_cat","embeddable":true,"href":"https:\/\/www.pipacomunica.com.br\/livrariadapipa\/wp-json\/wp\/v2\/product_cat?post=112"},{"taxonomy":"product_tag","embeddable":true,"href":"https:\/\/www.pipacomunica.com.br\/livrariadapipa\/wp-json\/wp\/v2\/product_tag?post=112"}],"curies":[{"name":"wp","href":"https:\/\/api.w.org\/{rel}","templated":true}]}}