{"id":10406,"date":"2020-06-26T14:49:46","date_gmt":"2020-06-26T17:49:46","guid":{"rendered":"https:\/\/www.pipacomunica.com.br\/livrariadapipa\/?post_type=product&#038;p=10406"},"modified":"2023-01-17T14:25:24","modified_gmt":"2023-01-17T17:25:24","slug":"livro-didatico-contextos","status":"publish","type":"product","link":"https:\/\/www.pipacomunica.com.br\/livrariadapipa\/produto\/livro-didatico-contextos\/","title":{"rendered":"Livro did\u00e1tico: dos contextos aos usos em sala de aula"},"content":{"rendered":"<p><strong>Livro did\u00e1tico: dos contextos aos usos em sala de aula<\/strong><br \/>\n<em>eBook na Amazon<\/em><br \/>\nL\u00edlia Santos Abreu-Tardelli, Clecio Bunzen (org.)<\/p>\n<p>&#8220;Esta obra, intitulada \u201cLivros did\u00e1ticos: dos contextos aos usos propiciados em sala de aula\u201d, objetiva por em evid\u00eancia pesquisas acad\u00eamicas feitas nos \u00faltimos anos sobre livros e materiais did\u00e1ticos, objetos que hoje fazem parte da sala de aula das diferentes disciplinas escolares, ao lado do professor e dos alunos, seja como instrumento prescritivo n\u00e3o incorporado de fato pelo professor em seu trabalho, seja como auxiliar do trabalho docente no processo de ensino (&#8230;) Como pesquisadores, sabemos da necessidade de se colocar o livro did\u00e1tico como objeto de estudo constante, sem enxerg\u00e1-lo de forma ing\u00eanua, descontextualizada de seu momento de produ\u00e7\u00e3o, como apontado por Souza e Ferreira. Como avaliadores de livros did\u00e1ticos, n\u00e3o podemos deixar de criar um espa\u00e7o que permita a reflex\u00e3o sobre os relevantes resultados das pesquisas aqui apresentadas&#8221;.<\/p>\n<h4>V\u00eddeo de Lan\u00e7amento<\/h4>\n<div class=\"su-youtube su-u-responsive-media-yes\"><iframe width=\"600\" height=\"400\" src=\"https:\/\/www.youtube.com\/embed\/Br0vM4KMqrc?\" frameborder=\"0\" allowfullscreen allow=\"autoplay; encrypted-media; picture-in-picture\" title=\"\"><\/iframe><\/div>\n<h4>Sobre os organizadores<\/h4>\n<p><strong>L\u00edlia Santos Abreu-Tardelli <\/strong><br \/>\nDoutora e mestre em Lingu\u00edstica Aplicada e Estudos da Linguagem pela PUC-SP e licenciada em Letras pela UNICAMP. L\u00edder do grupo de pesquisa ALTER FIP (An\u00e1lise de Linguagem, Trabalho Educacional e suas Rela\u00e7\u00f5es-Forma\u00e7\u00e3o, Interven\u00e7\u00e3o e Pesquisa), certificado pela UNESP e pelo CNPQ. Membro do grupo de pesquisa ALTER-CNPq e do GT G\u00eaneros textuais\/discursivos da ANPOLL. Professora assistente doutora da UNESP de S\u00e3o Jos\u00e9 do Rio Preto, atuando na gradua\u00e7\u00e3o e no Programa de P\u00f3s-Gradua\u00e7\u00e3o em Estudos Lingu\u00edsticos na linha Ensino e Aprendizagem de L\u00ednguas desde 2013. Autora de artigos sobre ensino e aprendizagem de l\u00ednguas por meio de g\u00eaneros textuais e sobre o trabalho docente.<\/p>\n<p><strong>Clecio Bunzen<\/strong><br \/>\nPossui gradua\u00e7\u00e3o em Letras pela Universidade Federal de Pernambuco (2002) e mestrado (2005) e doutorado (2009) em Lingu\u00edstica Aplicada pela Universidade Estadual de Campinas. Atualmente, \u00e9 professor do Departamento de M\u00e9todos e T\u00e9cnicas de Ensino (DMTE) da Universidade Federal de Pernambuco, atuando nos cursos de Pedagogia e Letras\/Portugu\u00eas (Licenciatura), assim como no Mestrado Profissional PROFLETRAS (UFPE). Tem experi\u00eancia na \u00e1rea de Lingu\u00edstica e Lingu\u00edstica Aplicada, com \u00eanfase em Ensino Aprendizagem de L\u00edngua Materna, atuando principalmente nos seguintes temas: livro did\u00e1tico, letramento escolar, ensino da leitura e da escritura, conhecimentos lingu\u00edsticos e g\u00eaneros do discurso. Tem experi\u00eancias com forma\u00e7\u00e3o continuada de professores de Educa\u00e7\u00e3o de Jovens e Adultos, Ensino Fundamental I e II e M\u00e9dio.<\/p>\n<p><strong>Capa e Projeto Gr\u00e1fico:<\/strong> Karla Vidal<br \/>\n<strong>Diagrama\u00e7\u00e3o:<\/strong> Augusto Noronha e Karla Vidal<br \/>\n<strong>Revis\u00e3o:<\/strong> Os autores<br \/>\n<strong>Editores<\/strong>: Augusto Noronha e Karla Vidal<br \/>\n<strong>Edi\u00e7\u00e3o Pipa Comunica\u00e7\u00e3o:<\/strong> <a href=\"https:\/\/www.pipacomunica.com.br\"><strong>https:\/\/www.pipacomunica.com.br<\/strong><\/a><\/p>\n","protected":false},"excerpt":{"rendered":"<p><strong>Livro did\u00e1tico: dos contextos aos usos em sala de aula<\/strong><br \/>\n<em>eBook na Amazon<\/em><br \/>\nL\u00edlia Santos Abreu-Tardelli, Clecio Bunzen (org.)<\/p>\n<p>Esta obra, intitulada \u201cLivros did\u00e1ticos: dos contextos aos usos propiciados em sala de aula\u201d, objetiva por em evid\u00eancia pesquisas acad\u00eamicas feitas nos \u00faltimos anos sobre livros e materiais did\u00e1ticos, objetos que hoje fazem parte da sala de aula das diferentes disciplinas escolares, ao lado do professor e dos alunos, seja como instrumento prescritivo n\u00e3o incorporado de fato pelo professor em seu trabalho, seja como auxiliar do trabalho docente no processo de ensino. Tamb\u00e9m dispon\u00edvel para aquisi\u00e7\u00e3o na <a href=\"https:\/\/bit.ly\/pipa001AMZ\" target=\"_blank\" rel=\"noopener noreferrer\">Amazon<\/a> atrav\u00e9s do link: <a href=\"https:\/\/bit.ly\/pipa001AMZ\" target=\"_blank\" rel=\"noopener noreferrer\">https:\/\/bit.ly\/pipa001AMZ<\/a>.<\/p>\n<p><a href=\"https:\/\/www.pipacomunica.com.br\/Amostras\/Amostra-Livro-didatico-contextos.pdf\" target=\"_blank\" rel=\"noopener noreferrer\"><img decoding=\"async\" class=\"alignnone wp-image-1820 size-full\" src=\"https:\/\/www.pipacomunica.com.br\/livrariadapipa\/wp-content\/uploads\/2017\/12\/botao-folhear02.png\" alt=\"\" width=\"200\" height=\"65\" \/><\/a><\/p>\n<h4>Ficha T\u00e9cnica<\/h4>\n<p>1\u00aa ed.<br \/>\nInclui bibliografia<br \/>\nISBN 978-65-87033-05-1<br \/>\n1. Educa\u00e7\u00e3o. 2. Livros did\u00e1ticos \u2013 Avalia\u00e7\u00e3o. 3. Pr\u00e1tica de ensino. I. Abreu-Tardelli, L\u00edlia Santos. II. Bunzen, Clecio.<\/p>\n","protected":false},"featured_media":10409,"comment_status":"open","ping_status":"closed","template":"","meta":{"jetpack_post_was_ever_published":false,"jetpack_publicize_message":"","jetpack_publicize_feature_enabled":true,"jetpack_social_post_already_shared":true,"jetpack_social_options":{"image_generator_settings":{"template":"highway","default_image_id":0,"font":"","enabled":false},"version":2}},"product_brand":[],"product_cat":[34,19],"product_tag":[],"class_list":{"0":"post-10406","1":"product","2":"type-product","3":"status-publish","4":"has-post-thumbnail","6":"product_cat-sem-categoria","7":"product_cat-livros-digitais","9":"first","10":"instock","11":"sold-individually","12":"shipping-taxable","13":"product-type-external"},"yoast_head":"<!-- This site is optimized with the Yoast SEO plugin v27.1.1 - https:\/\/yoast.com\/product\/yoast-seo-wordpress\/ -->\n<title>Livro did\u00e1tico: dos contextos aos usos em sala de aula<\/title>\n<meta name=\"description\" content=\"Uma obra com objetivo de por em evid\u00eancia pesquisas acad\u00eamicas feitas nos \u00faltimos anos sobre livros e materiais did\u00e1ticos.\" \/>\n<meta name=\"robots\" content=\"index, follow, max-snippet:-1, max-image-preview:large, max-video-preview:-1\" \/>\n<link rel=\"canonical\" href=\"https:\/\/www.pipacomunica.com.br\/livrariadapipa\/produto\/livro-didatico-contextos\/\" \/>\n<meta property=\"og:locale\" content=\"pt_BR\" \/>\n<meta property=\"og:type\" content=\"article\" \/>\n<meta property=\"og:title\" content=\"Livro did\u00e1tico: dos contextos aos usos em sala de aula\" \/>\n<meta property=\"og:description\" content=\"Uma obra com objetivo de por em evid\u00eancia pesquisas acad\u00eamicas feitas nos \u00faltimos anos sobre livros e materiais did\u00e1ticos.\" \/>\n<meta property=\"og:url\" content=\"https:\/\/www.pipacomunica.com.br\/livrariadapipa\/produto\/livro-didatico-contextos\/\" \/>\n<meta property=\"og:site_name\" content=\"Livraria da Pipa Comunica\u00e7\u00e3o\" \/>\n<meta property=\"article:publisher\" content=\"https:\/\/www.facebook.com\/pipacomunica\" \/>\n<meta property=\"article:modified_time\" content=\"2023-01-17T17:25:24+00:00\" \/>\n<meta property=\"og:image\" content=\"https:\/\/www.pipacomunica.com.br\/livrariadapipa\/wp-content\/uploads\/2020\/06\/thumb-livro-didatico.png\" \/>\n\t<meta property=\"og:image:width\" content=\"870\" \/>\n\t<meta property=\"og:image:height\" content=\"452\" \/>\n\t<meta property=\"og:image:type\" content=\"image\/png\" \/>\n<meta name=\"twitter:card\" content=\"summary_large_image\" \/>\n<meta name=\"twitter:title\" content=\"Livro did\u00e1tico: dos contextos aos usos em sala de aula\" \/>\n<meta name=\"twitter:description\" content=\"Uma obra com objetivo de por em evid\u00eancia pesquisas acad\u00eamicas feitas nos \u00faltimos anos sobre livros e materiais did\u00e1ticos.\" \/>\n<meta name=\"twitter:image\" content=\"https:\/\/i0.wp.com\/www.pipacomunica.com.br\/livrariadapipa\/wp-content\/uploads\/2020\/06\/thumb-livro-didatico.png?fit=870%2C452&ssl=1\" \/>\n<meta name=\"twitter:site\" content=\"@PipaComunica\" \/>\n<meta name=\"twitter:label1\" content=\"Est. tempo de leitura\" \/>\n\t<meta name=\"twitter:data1\" content=\"2 minutos\" \/>\n<script type=\"application\/ld+json\" class=\"yoast-schema-graph\">{\"@context\":\"https:\/\/schema.org\",\"@graph\":[{\"@type\":\"WebPage\",\"@id\":\"https:\/\/www.pipacomunica.com.br\/livrariadapipa\/produto\/livro-didatico-contextos\/\",\"url\":\"https:\/\/www.pipacomunica.com.br\/livrariadapipa\/produto\/livro-didatico-contextos\/\",\"name\":\"Livro did\u00e1tico: dos contextos aos usos em sala de aula\",\"isPartOf\":{\"@id\":\"https:\/\/www.pipacomunica.com.br\/livrariadapipa\/#website\"},\"primaryImageOfPage\":{\"@id\":\"https:\/\/www.pipacomunica.com.br\/livrariadapipa\/produto\/livro-didatico-contextos\/#primaryimage\"},\"image\":{\"@id\":\"https:\/\/www.pipacomunica.com.br\/livrariadapipa\/produto\/livro-didatico-contextos\/#primaryimage\"},\"thumbnailUrl\":\"https:\/\/i0.wp.com\/www.pipacomunica.com.br\/livrariadapipa\/wp-content\/uploads\/2020\/06\/livro-didatico-contextos.gif?fit=461%2C595&ssl=1\",\"datePublished\":\"2020-06-26T17:49:46+00:00\",\"dateModified\":\"2023-01-17T17:25:24+00:00\",\"description\":\"Uma obra com objetivo de por em evid\u00eancia pesquisas acad\u00eamicas feitas nos \u00faltimos anos sobre livros e materiais did\u00e1ticos.\",\"breadcrumb\":{\"@id\":\"https:\/\/www.pipacomunica.com.br\/livrariadapipa\/produto\/livro-didatico-contextos\/#breadcrumb\"},\"inLanguage\":\"pt-BR\",\"potentialAction\":[{\"@type\":\"ReadAction\",\"target\":[\"https:\/\/www.pipacomunica.com.br\/livrariadapipa\/produto\/livro-didatico-contextos\/\"]}]},{\"@type\":\"ImageObject\",\"inLanguage\":\"pt-BR\",\"@id\":\"https:\/\/www.pipacomunica.com.br\/livrariadapipa\/produto\/livro-didatico-contextos\/#primaryimage\",\"url\":\"https:\/\/i0.wp.com\/www.pipacomunica.com.br\/livrariadapipa\/wp-content\/uploads\/2020\/06\/livro-didatico-contextos.gif?fit=461%2C595&ssl=1\",\"contentUrl\":\"https:\/\/i0.wp.com\/www.pipacomunica.com.br\/livrariadapipa\/wp-content\/uploads\/2020\/06\/livro-didatico-contextos.gif?fit=461%2C595&ssl=1\",\"width\":461,\"height\":595,\"caption\":\"Livro did\u00e1tico: dos contextos aos usos em sala de aula\"},{\"@type\":\"BreadcrumbList\",\"@id\":\"https:\/\/www.pipacomunica.com.br\/livrariadapipa\/produto\/livro-didatico-contextos\/#breadcrumb\",\"itemListElement\":[{\"@type\":\"ListItem\",\"position\":1,\"name\":\"In\u00edcio\",\"item\":\"https:\/\/www.pipacomunica.com.br\/livrariadapipa\/\"},{\"@type\":\"ListItem\",\"position\":2,\"name\":\"Cat\u00e1logo\",\"item\":\"https:\/\/www.pipacomunica.com.br\/livrariadapipa\/vitrine\/\"},{\"@type\":\"ListItem\",\"position\":3,\"name\":\"Livro did\u00e1tico: dos contextos aos usos em sala de aula\"}]},{\"@type\":\"WebSite\",\"@id\":\"https:\/\/www.pipacomunica.com.br\/livrariadapipa\/#website\",\"url\":\"https:\/\/www.pipacomunica.com.br\/livrariadapipa\/\",\"name\":\"Livraria da Pipa Comunica\u00e7\u00e3o\",\"description\":\"Livros mais baratos que xerox\",\"publisher\":{\"@id\":\"https:\/\/www.pipacomunica.com.br\/livrariadapipa\/#organization\"},\"potentialAction\":[{\"@type\":\"SearchAction\",\"target\":{\"@type\":\"EntryPoint\",\"urlTemplate\":\"https:\/\/www.pipacomunica.com.br\/livrariadapipa\/?s={search_term_string}\"},\"query-input\":{\"@type\":\"PropertyValueSpecification\",\"valueRequired\":true,\"valueName\":\"search_term_string\"}}],\"inLanguage\":\"pt-BR\"},{\"@type\":\"Organization\",\"@id\":\"https:\/\/www.pipacomunica.com.br\/livrariadapipa\/#organization\",\"name\":\"Livraria da Pipa Comunica\u00e7\u00e3o\",\"url\":\"https:\/\/www.pipacomunica.com.br\/livrariadapipa\/\",\"logo\":{\"@type\":\"ImageObject\",\"inLanguage\":\"pt-BR\",\"@id\":\"https:\/\/www.pipacomunica.com.br\/livrariadapipa\/#\/schema\/logo\/image\/\",\"url\":\"https:\/\/i0.wp.com\/www.pipacomunica.com.br\/livrariadapipa\/wp-content\/uploads\/2018\/09\/marca-livraria-pipa-400px-negativo.png?fit=400%2C80&ssl=1\",\"contentUrl\":\"https:\/\/i0.wp.com\/www.pipacomunica.com.br\/livrariadapipa\/wp-content\/uploads\/2018\/09\/marca-livraria-pipa-400px-negativo.png?fit=400%2C80&ssl=1\",\"width\":400,\"height\":80,\"caption\":\"Livraria da Pipa Comunica\u00e7\u00e3o\"},\"image\":{\"@id\":\"https:\/\/www.pipacomunica.com.br\/livrariadapipa\/#\/schema\/logo\/image\/\"},\"sameAs\":[\"https:\/\/www.facebook.com\/pipacomunica\",\"https:\/\/x.com\/PipaComunica\",\"https:\/\/instagram.com\/pipacomunicacao\",\"http:\/\/www.linkedin.com\/companies\/pipa-comunica-o\",\"https:\/\/br.pinterest.com\/pipacomunicacao\/\",\"http:\/\/il.youtube.com\/user\/pipacomunicacao\"]}]}<\/script>\n<!-- \/ Yoast SEO plugin. -->","yoast_head_json":{"title":"Livro did\u00e1tico: dos contextos aos usos em sala de aula","description":"Uma obra com objetivo de por em evid\u00eancia pesquisas acad\u00eamicas feitas nos \u00faltimos anos sobre livros e materiais did\u00e1ticos.","robots":{"index":"index","follow":"follow","max-snippet":"max-snippet:-1","max-image-preview":"max-image-preview:large","max-video-preview":"max-video-preview:-1"},"canonical":"https:\/\/www.pipacomunica.com.br\/livrariadapipa\/produto\/livro-didatico-contextos\/","og_locale":"pt_BR","og_type":"article","og_title":"Livro did\u00e1tico: dos contextos aos usos em sala de aula","og_description":"Uma obra com objetivo de por em evid\u00eancia pesquisas acad\u00eamicas feitas nos \u00faltimos anos sobre livros e materiais did\u00e1ticos.","og_url":"https:\/\/www.pipacomunica.com.br\/livrariadapipa\/produto\/livro-didatico-contextos\/","og_site_name":"Livraria da Pipa Comunica\u00e7\u00e3o","article_publisher":"https:\/\/www.facebook.com\/pipacomunica","article_modified_time":"2023-01-17T17:25:24+00:00","og_image":[{"width":870,"height":452,"url":"https:\/\/www.pipacomunica.com.br\/livrariadapipa\/wp-content\/uploads\/2020\/06\/thumb-livro-didatico.png","type":"image\/png"}],"twitter_card":"summary_large_image","twitter_title":"Livro did\u00e1tico: dos contextos aos usos em sala de aula","twitter_description":"Uma obra com objetivo de por em evid\u00eancia pesquisas acad\u00eamicas feitas nos \u00faltimos anos sobre livros e materiais did\u00e1ticos.","twitter_image":"https:\/\/i0.wp.com\/www.pipacomunica.com.br\/livrariadapipa\/wp-content\/uploads\/2020\/06\/thumb-livro-didatico.png?fit=870%2C452&ssl=1","twitter_site":"@PipaComunica","twitter_misc":{"Est. tempo de leitura":"2 minutos"},"schema":{"@context":"https:\/\/schema.org","@graph":[{"@type":"WebPage","@id":"https:\/\/www.pipacomunica.com.br\/livrariadapipa\/produto\/livro-didatico-contextos\/","url":"https:\/\/www.pipacomunica.com.br\/livrariadapipa\/produto\/livro-didatico-contextos\/","name":"Livro did\u00e1tico: dos contextos aos usos em sala de aula","isPartOf":{"@id":"https:\/\/www.pipacomunica.com.br\/livrariadapipa\/#website"},"primaryImageOfPage":{"@id":"https:\/\/www.pipacomunica.com.br\/livrariadapipa\/produto\/livro-didatico-contextos\/#primaryimage"},"image":{"@id":"https:\/\/www.pipacomunica.com.br\/livrariadapipa\/produto\/livro-didatico-contextos\/#primaryimage"},"thumbnailUrl":"https:\/\/i0.wp.com\/www.pipacomunica.com.br\/livrariadapipa\/wp-content\/uploads\/2020\/06\/livro-didatico-contextos.gif?fit=461%2C595&ssl=1","datePublished":"2020-06-26T17:49:46+00:00","dateModified":"2023-01-17T17:25:24+00:00","description":"Uma obra com objetivo de por em evid\u00eancia pesquisas acad\u00eamicas feitas nos \u00faltimos anos sobre livros e materiais did\u00e1ticos.","breadcrumb":{"@id":"https:\/\/www.pipacomunica.com.br\/livrariadapipa\/produto\/livro-didatico-contextos\/#breadcrumb"},"inLanguage":"pt-BR","potentialAction":[{"@type":"ReadAction","target":["https:\/\/www.pipacomunica.com.br\/livrariadapipa\/produto\/livro-didatico-contextos\/"]}]},{"@type":"ImageObject","inLanguage":"pt-BR","@id":"https:\/\/www.pipacomunica.com.br\/livrariadapipa\/produto\/livro-didatico-contextos\/#primaryimage","url":"https:\/\/i0.wp.com\/www.pipacomunica.com.br\/livrariadapipa\/wp-content\/uploads\/2020\/06\/livro-didatico-contextos.gif?fit=461%2C595&ssl=1","contentUrl":"https:\/\/i0.wp.com\/www.pipacomunica.com.br\/livrariadapipa\/wp-content\/uploads\/2020\/06\/livro-didatico-contextos.gif?fit=461%2C595&ssl=1","width":461,"height":595,"caption":"Livro did\u00e1tico: dos contextos aos usos em sala de aula"},{"@type":"BreadcrumbList","@id":"https:\/\/www.pipacomunica.com.br\/livrariadapipa\/produto\/livro-didatico-contextos\/#breadcrumb","itemListElement":[{"@type":"ListItem","position":1,"name":"In\u00edcio","item":"https:\/\/www.pipacomunica.com.br\/livrariadapipa\/"},{"@type":"ListItem","position":2,"name":"Cat\u00e1logo","item":"https:\/\/www.pipacomunica.com.br\/livrariadapipa\/vitrine\/"},{"@type":"ListItem","position":3,"name":"Livro did\u00e1tico: dos contextos aos usos em sala de aula"}]},{"@type":"WebSite","@id":"https:\/\/www.pipacomunica.com.br\/livrariadapipa\/#website","url":"https:\/\/www.pipacomunica.com.br\/livrariadapipa\/","name":"Livraria da Pipa Comunica\u00e7\u00e3o","description":"Livros mais baratos que xerox","publisher":{"@id":"https:\/\/www.pipacomunica.com.br\/livrariadapipa\/#organization"},"potentialAction":[{"@type":"SearchAction","target":{"@type":"EntryPoint","urlTemplate":"https:\/\/www.pipacomunica.com.br\/livrariadapipa\/?s={search_term_string}"},"query-input":{"@type":"PropertyValueSpecification","valueRequired":true,"valueName":"search_term_string"}}],"inLanguage":"pt-BR"},{"@type":"Organization","@id":"https:\/\/www.pipacomunica.com.br\/livrariadapipa\/#organization","name":"Livraria da Pipa Comunica\u00e7\u00e3o","url":"https:\/\/www.pipacomunica.com.br\/livrariadapipa\/","logo":{"@type":"ImageObject","inLanguage":"pt-BR","@id":"https:\/\/www.pipacomunica.com.br\/livrariadapipa\/#\/schema\/logo\/image\/","url":"https:\/\/i0.wp.com\/www.pipacomunica.com.br\/livrariadapipa\/wp-content\/uploads\/2018\/09\/marca-livraria-pipa-400px-negativo.png?fit=400%2C80&ssl=1","contentUrl":"https:\/\/i0.wp.com\/www.pipacomunica.com.br\/livrariadapipa\/wp-content\/uploads\/2018\/09\/marca-livraria-pipa-400px-negativo.png?fit=400%2C80&ssl=1","width":400,"height":80,"caption":"Livraria da Pipa Comunica\u00e7\u00e3o"},"image":{"@id":"https:\/\/www.pipacomunica.com.br\/livrariadapipa\/#\/schema\/logo\/image\/"},"sameAs":["https:\/\/www.facebook.com\/pipacomunica","https:\/\/x.com\/PipaComunica","https:\/\/instagram.com\/pipacomunicacao","http:\/\/www.linkedin.com\/companies\/pipa-comunica-o","https:\/\/br.pinterest.com\/pipacomunicacao\/","http:\/\/il.youtube.com\/user\/pipacomunicacao"]}]}},"jetpack_publicize_connections":[],"jetpack_sharing_enabled":true,"_links":{"self":[{"href":"https:\/\/www.pipacomunica.com.br\/livrariadapipa\/wp-json\/wp\/v2\/product\/10406","targetHints":{"allow":["GET"]}}],"collection":[{"href":"https:\/\/www.pipacomunica.com.br\/livrariadapipa\/wp-json\/wp\/v2\/product"}],"about":[{"href":"https:\/\/www.pipacomunica.com.br\/livrariadapipa\/wp-json\/wp\/v2\/types\/product"}],"replies":[{"embeddable":true,"href":"https:\/\/www.pipacomunica.com.br\/livrariadapipa\/wp-json\/wp\/v2\/comments?post=10406"}],"version-history":[{"count":4,"href":"https:\/\/www.pipacomunica.com.br\/livrariadapipa\/wp-json\/wp\/v2\/product\/10406\/revisions"}],"predecessor-version":[{"id":11476,"href":"https:\/\/www.pipacomunica.com.br\/livrariadapipa\/wp-json\/wp\/v2\/product\/10406\/revisions\/11476"}],"wp:featuredmedia":[{"embeddable":true,"href":"https:\/\/www.pipacomunica.com.br\/livrariadapipa\/wp-json\/wp\/v2\/media\/10409"}],"wp:attachment":[{"href":"https:\/\/www.pipacomunica.com.br\/livrariadapipa\/wp-json\/wp\/v2\/media?parent=10406"}],"wp:term":[{"taxonomy":"product_brand","embeddable":true,"href":"https:\/\/www.pipacomunica.com.br\/livrariadapipa\/wp-json\/wp\/v2\/product_brand?post=10406"},{"taxonomy":"product_cat","embeddable":true,"href":"https:\/\/www.pipacomunica.com.br\/livrariadapipa\/wp-json\/wp\/v2\/product_cat?post=10406"},{"taxonomy":"product_tag","embeddable":true,"href":"https:\/\/www.pipacomunica.com.br\/livrariadapipa\/wp-json\/wp\/v2\/product_tag?post=10406"}],"curies":[{"name":"wp","href":"https:\/\/api.w.org\/{rel}","templated":true}]}}